CRAN Package Check Results for Package spCP

Last updated on 2021-12-05 21:48:55 CET.

Flavor Version Tinstall Tcheck Ttotal Status Flags
r-devel-linux-x86_64-debian-clang 1.2 233.56 258.08 491.64 OK
r-devel-linux-x86_64-debian-gcc 1.2 172.16 190.44 362.60 OK
r-devel-linux-x86_64-fedora-clang 1.2 700.65 NOTE
r-devel-linux-x86_64-fedora-gcc 1.2 643.95 OK
r-devel-windows-x86_64-new-UL 1.2 299.00 365.00 664.00 OK
r-devel-windows-x86_64-new-TK 1.2 OK
r-devel-windows-x86_64-old 1.2 315.00 345.00 660.00 OK
r-patched-linux-x86_64 1.2 204.27 242.73 447.00 OK
r-release-linux-x86_64 1.2 216.45 245.05 461.50 OK
r-release-macos-arm64 1.2 NOTE
r-release-macos-x86_64 1.2 NOTE
r-release-windows-ix86+x86_64 1.2 622.00 501.00 1123.00 OK
r-oldrel-macos-x86_64 1.2 NOTE
r-oldrel-windows-ix86+x86_64 1.2 621.00 487.00 1108.00 OK

Check Details

Version: 1.2
Check: installed package size
Result: NOTE
     installed size is 8.1Mb
     sub-directories of 1Mb or more:
     libs 7.4Mb
Flavors: r-devel-linux-x86_64-fedora-clang, r-release-macos-arm64, r-release-macos-x86_64, r-oldrel-macos-x86_64