CRAN Package Check Results for Package spData

Last updated on 2020-07-09 07:49:44 CEST.

Flavor Version Tinstall Tcheck Ttotal Status Flags
r-devel-linux-x86_64-debian-clang 0.3.8 11.55 90.16 101.71 NOTE
r-devel-linux-x86_64-debian-gcc 0.3.8 8.81 69.85 78.66 NOTE
r-devel-linux-x86_64-fedora-clang 0.3.8 129.52 NOTE
r-devel-linux-x86_64-fedora-gcc 0.3.8 122.57 NOTE
r-devel-windows-ix86+x86_64 0.3.8 19.00 105.00 124.00 NOTE
r-patched-linux-x86_64 0.3.8 10.04 88.93 98.97 NOTE
r-patched-solaris-x86 0.3.8 170.90 NOTE
r-release-linux-x86_64 0.3.8 10.11 88.43 98.54 NOTE
r-release-osx-x86_64 0.3.8 NOTE
r-release-windows-ix86+x86_64 0.3.8 20.00 103.00 123.00 NOTE
r-oldrel-osx-x86_64 0.3.8 NOTE
r-oldrel-windows-ix86+x86_64 0.3.8 25.00 133.00 158.00 NOTE

Check Details

Version: 0.3.8
Check: package dependencies
Result: NOTE
    Package suggested but not available for checking: 'spDataLarge'
Flavors: r-devel-linux-x86_64-debian-clang, r-devel-linux-x86_64-debian-gcc, r-devel-linux-x86_64-fedora-clang, r-devel-linux-x86_64-fedora-gcc, r-devel-windows-ix86+x86_64, r-patched-linux-x86_64, r-patched-solaris-x86, r-release-linux-x86_64, r-release-osx-x86_64, r-release-windows-ix86+x86_64, r-oldrel-osx-x86_64, r-oldrel-windows-ix86+x86_64

Version: 0.3.8
Check: installed package size
Result: NOTE
     installed size is 6.5Mb
     sub-directories of 1Mb or more:
     data 2.6Mb
     shapes 3.2Mb
Flavors: r-devel-linux-x86_64-fedora-clang, r-devel-windows-ix86+x86_64, r-patched-solaris-x86, r-release-osx-x86_64, r-release-windows-ix86+x86_64, r-oldrel-osx-x86_64, r-oldrel-windows-ix86+x86_64

Version: 0.3.8
Check: data for non-ASCII characters
Result: NOTE
     Note: found 56 marked UTF-8 strings
Flavors: r-devel-linux-x86_64-fedora-clang, r-devel-linux-x86_64-fedora-gcc, r-patched-solaris-x86, r-release-osx-x86_64, r-oldrel-osx-x86_64