CRAN Package Check Results for Package spTimer

Last updated on 2015-03-05 12:48:13.

Flavor Version Tinstall Tcheck Ttotal Status Flags
r-devel-linux-x86_64-debian-clang 2.0-0 5.66 31.66 37.32 NOTE
r-devel-linux-x86_64-debian-gcc 2.0-0 8.29 32.92 41.22 NOTE
r-devel-linux-x86_64-fedora-clang 2.0-0 73.47 NOTE
r-devel-linux-x86_64-fedora-gcc 2.0-0 68.83 NOTE
r-devel-osx-x86_64-clang 2.0-0 64.17 NOTE
r-devel-windows-ix86+x86_64 2.0-0 32.00 56.00 88.00 OK
r-patched-linux-x86_64 2.0-0 8.77 34.74 43.51 OK
r-patched-solaris-sparc 2.0-0 518.10 OK
r-patched-solaris-x86 2.0-0 118.70 OK
r-release-linux-ix86 2.0-0 10.09 48.92 59.01 OK
r-release-linux-x86_64 2.0-0 9.08 34.48 43.57 OK
r-release-osx-x86_64-mavericks 2.0-0 OK
r-release-osx-x86_64-snowleopard 2.0-0 OK
r-release-windows-ix86+x86_64 2.0-0 34.00 62.00 96.00 OK
r-oldrel-windows-ix86+x86_64 2.0-0 35.00 59.00 94.00 OK

Check Details

Version: 2.0-0
Check: S3 generic/method consistency
Result: NOTE
    Found the following apparent S3 methods exported but not registered:
     as.mcmc.spT confint.spT fitted.spT formula.spT
    See section ‘Registering S3 methods’ in the ‘Writing R Extensions’
    manual.
Flavors: r-devel-linux-x86_64-debian-clang, r-devel-linux-x86_64-debian-gcc, r-devel-linux-x86_64-fedora-clang, r-devel-linux-x86_64-fedora-gcc, r-devel-osx-x86_64-clang