CRAN Package Check Results for Package spTimer

Last updated on 2014-07-24 14:48:50.

Flavor Version Tinstall Tcheck Ttotal Status Flags
r-devel-linux-x86_64-debian-clang 1.0-2 7.78 58.84 66.62 OK
r-devel-linux-x86_64-debian-gcc 1.0-2 11.19 57.26 68.45 OK
r-devel-linux-x86_64-fedora-clang 1.0-2 148.52 OK
r-devel-linux-x86_64-fedora-gcc 1.0-2 143.07 OK
r-devel-osx-x86_64-clang 1.0-2 107.44 OK
r-devel-windows-ix86+x86_64 1.0-2 38.00 105.00 143.00 OK
r-patched-linux-x86_64 1.0-2 11.55 59.56 71.12 OK
r-patched-solaris-sparc 1.0-2 785.70 OK
r-patched-solaris-x86 1.0-2 187.60 OK
r-release-linux-ix86 1.0-2 13.44 72.61 86.05 OK
r-release-linux-x86_64 1.0-2 11.54 58.84 70.37 OK
r-release-osx-x86_64-mavericks 1.0-2 ERROR
r-release-osx-x86_64-snowleopard 1.0-2 OK
r-release-windows-ix86+x86_64 1.0-2 40.00 111.00 151.00 OK
r-oldrel-windows-ix86+x86_64 1.0-2 42.00 110.00 152.00 OK

Check Details

Version: 1.0-2
Check: package dependencies
Result: ERROR
    Package required but not available: ‘spacetime’
    
    See the information on DESCRIPTION files in the chapter ‘Creating R
    packages’ of the ‘Writing R Extensions’ manual.
Flavor: r-release-osx-x86_64-mavericks