CRAN Package Check Results for Package spTimer

Last updated on 2018-04-22 00:47:14 CEST.

Flavor Version Tinstall Tcheck Ttotal Status Flags
r-devel-linux-x86_64-debian-clang 3.0-1 21.51 71.66 93.17 NOTE
r-devel-linux-x86_64-debian-gcc 3.0-1 18.26 55.44 73.70 NOTE
r-devel-linux-x86_64-fedora-clang 3.0-1 117.24 NOTE
r-devel-linux-x86_64-fedora-gcc 3.0-1 110.42 NOTE
r-devel-windows-ix86+x86_64 3.0-1 55.00 130.00 185.00 OK
r-devel-osx-x86_64 3.0-1 OK
r-patched-linux-x86_64 3.0-1 21.31 70.90 92.21 NOTE
r-patched-solaris-x86 3.0-1 171.10 OK
r-release-linux-x86_64 3.0-1 15.06 80.15 95.21 OK
r-release-windows-ix86+x86_64 3.0-1 36.00 138.00 174.00 OK
r-release-osx-x86_64 3.0-1 OK
r-oldrel-windows-ix86+x86_64 2.0-1 39.00 85.00 124.00 OK

Check Details

Version: 3.0-1
Check: DESCRIPTION meta-information
Result: NOTE
    Dependence on R version ‘3.4.1’ not with patchlevel 0
Flavors: r-devel-linux-x86_64-debian-clang, r-devel-linux-x86_64-debian-gcc, r-devel-linux-x86_64-fedora-clang, r-devel-linux-x86_64-fedora-gcc, r-patched-linux-x86_64