CRAN Package Check Results for Package spTimer

Last updated on 2015-05-28 11:48:43.

Flavor Version Tinstall Tcheck Ttotal Status Flags
r-devel-linux-x86_64-debian-clang 2.0-0 6.16 31.30 37.46 NOTE
r-devel-linux-x86_64-debian-gcc 2.0-0 8.40 30.66 39.06 NOTE
r-devel-linux-x86_64-fedora-clang 2.0-0 72.76 NOTE
r-devel-linux-x86_64-fedora-gcc 2.0-0 71.18 NOTE
r-devel-osx-x86_64-clang 2.0-0 61.47 NOTE
r-devel-windows-ix86+x86_64 2.0-0 34.00 54.00 88.00 OK
r-patched-linux-x86_64 2.0-0 8.34 30.55 38.88 NOTE
r-patched-solaris-sparc 2.0-0 465.20 NOTE
r-patched-solaris-x86 2.0-0 107.10 NOTE
r-release-linux-x86_64 2.0-0 8.29 30.94 39.22 NOTE
r-release-osx-x86_64-mavericks 2.0-0 OK
r-release-osx-x86_64-snowleopard 2.0-0 OK
r-release-windows-ix86+x86_64 2.0-0 37.00 52.00 89.00 OK
r-oldrel-windows-ix86+x86_64 2.0-0 34.00 59.00 93.00 OK

Check Details

Version: 2.0-0
Check: S3 generic/method consistency
Result: NOTE
    Found the following apparent S3 methods exported but not registered:
     as.mcmc.spT confint.spT fitted.spT formula.spT
    See section ‘Registering S3 methods’ in the ‘Writing R Extensions’
    manual.
Flavors: r-devel-linux-x86_64-debian-clang, r-devel-linux-x86_64-debian-gcc, r-devel-linux-x86_64-fedora-clang, r-devel-linux-x86_64-fedora-gcc, r-devel-osx-x86_64-clang, r-patched-linux-x86_64, r-patched-solaris-sparc, r-patched-solaris-x86, r-release-linux-x86_64