CRAN Package Check Results for Package spTimer

Last updated on 2014-09-02 02:48:06.

Flavor Version Tinstall Tcheck Ttotal Status Flags
r-devel-linux-x86_64-debian-clang 1.0-2 7.48 57.57 65.05 NOTE
r-devel-linux-x86_64-debian-gcc 1.0-2 11.84 55.51 67.35 NOTE
r-devel-linux-x86_64-fedora-clang 1.0-2 141.21 NOTE
r-devel-linux-x86_64-fedora-gcc 1.0-2 136.08 NOTE
r-devel-osx-x86_64-clang 1.0-2 103.14 NOTE
r-devel-windows-ix86+x86_64 1.0-2 43.00 107.00 150.00 NOTE
r-patched-linux-x86_64 1.0-2 11.78 60.54 72.32 OK
r-patched-solaris-sparc 1.0-2 847.90 OK
r-patched-solaris-x86 1.0-2 190.00 OK
r-release-linux-ix86 1.0-2 13.44 72.47 85.92 OK
r-release-linux-x86_64 1.0-2 11.64 59.61 71.25 OK
r-release-osx-x86_64-mavericks 1.0-2 ERROR
r-release-osx-x86_64-snowleopard 1.0-2 OK
r-release-windows-ix86+x86_64 1.0-2 41.00 111.00 152.00 OK
r-oldrel-windows-ix86+x86_64 1.0-2 42.00 107.00 149.00 OK

Check Details

Version: 1.0-2
Check: compiled code
Result: NOTE
    File ‘/home/hornik/tmp/R.check/r-devel-clang/Work/build/Packages/spTimer/libs/spTimer.so’:
     Found ‘srand’, possibly from ‘srand’ (C)
     Object: ‘equation_xb_ar.o’
    
    Compiled code should not call entry points which might terminate R nor
    write to stdout/stderr instead of to the console, nor the C RNG.
    
    See ‘Writing portable packages’ in the ‘Writing R Extensions’ manual.
Flavor: r-devel-linux-x86_64-debian-clang

Version: 1.0-2
Check: compiled code
Result: NOTE
    File ‘/home/hornik/tmp/R.check/r-devel-gcc/Work/build/Packages/spTimer/libs/spTimer.so’:
     Found ‘srand’, possibly from ‘srand’ (C)
     Object: ‘equation_xb_ar.o’
    
    Compiled code should not call entry points which might terminate R nor
    write to stdout/stderr instead of to the console, nor the C RNG.
    
    See ‘Writing portable packages’ in the ‘Writing R Extensions’ manual.
Flavor: r-devel-linux-x86_64-debian-gcc

Version: 1.0-2
Check: compiled code
Result: NOTE
    File ‘/data/gannet/ripley/R/packages/tests-clang/spTimer.Rcheck/spTimer/libs/spTimer.so’:
     Found ‘srand’, possibly from ‘srand’ (C)
     Object: ‘equation_xb_ar.o’
    
    Compiled code should not call entry points which might terminate R nor
    write to stdout/stderr instead of to the console, nor the C RNG.
    
    See ‘Writing portable packages’ in the ‘Writing R Extensions’ manual.
Flavor: r-devel-linux-x86_64-fedora-clang

Version: 1.0-2
Check: compiled code
Result: NOTE
    File ‘/data/gannet/ripley/R/packages/tests-devel/spTimer.Rcheck/spTimer/libs/spTimer.so’:
     Found ‘srand’, possibly from ‘srand’ (C)
     Object: ‘equation_xb_ar.o’
    
    Compiled code should not call entry points which might terminate R nor
    write to stdout/stderr instead of to the console, nor the C RNG.
    
    See ‘Writing portable packages’ in the ‘Writing R Extensions’ manual.
Flavor: r-devel-linux-x86_64-fedora-gcc

Version: 1.0-2
Check: compiled code
Result: NOTE
    File ‘/Users/ripley/R/packages/tests-devel/spTimer.Rcheck/spTimer/libs/spTimer.so’:
     Found ‘_srand’, possibly from ‘srand’ (C)
     Object: ‘equation_xb_ar.o’
    
    Compiled code should not call entry points which might terminate R nor
    write to stdout/stderr instead of to the console, nor the C RNG.
    
    See ‘Writing portable packages’ in the ‘Writing R Extensions’ manual.
Flavor: r-devel-osx-x86_64-clang

Version: 1.0-2
Check: compiled code
Result: NOTE
    File 'd:/Rcompile/CRANpkg/lib/3.2/spTimer/libs/i386/spTimer.dll':
     Found 'srand', possibly from 'srand' (C)
     Object: 'equation_xb_ar.o'
    File 'd:/Rcompile/CRANpkg/lib/3.2/spTimer/libs/x64/spTimer.dll':
     Found 'srand', possibly from 'srand' (C)
     Object: 'equation_xb_ar.o'
    
    Compiled code should not call entry points which might terminate R nor
    write to stdout/stderr instead of to the console, nor the C RNG.
    
    See 'Writing portable packages' in the 'Writing R Extensions' manual.
Flavor: r-devel-windows-ix86+x86_64

Version: 1.0-2
Check: package dependencies
Result: ERROR
    Package required but not available: ‘spacetime’
    
    See the information on DESCRIPTION files in the chapter ‘Creating R
    packages’ of the ‘Writing R Extensions’ manual.
Flavor: r-release-osx-x86_64-mavericks