CRAN Package Check Results for Package spTimer

Last updated on 2017-03-31 01:49:30.

Flavor Version Tinstall Tcheck Ttotal Status Flags
r-devel-linux-x86_64-debian-clang 2.0-1 9.49 38.69 48.18 NOTE
r-devel-linux-x86_64-debian-gcc 2.0-1 9.65 37.33 46.98 NOTE
r-devel-linux-x86_64-fedora-clang 2.0-1 86.05 NOTE --no-stop-on-test-error
r-devel-linux-x86_64-fedora-gcc 2.0-1 78.20 NOTE --no-stop-on-test-error
r-devel-macos-x86_64-clang 2.0-1 63.35 NOTE --no-stop-on-test-error
r-devel-windows-ix86+x86_64 2.0-1 39.00 85.00 124.00 OK
r-patched-linux-x86_64 2.0-1 8.90 37.07 45.97 NOTE
r-patched-solaris-sparc 2.0-1 497.90 OK
r-patched-solaris-x86 2.0-1 111.60 OK
r-release-linux-x86_64 2.0-1 8.49 34.89 43.39 OK
r-release-osx-x86_64-mavericks 2.0-1 OK
r-release-windows-ix86+x86_64 2.0-1 53.00 152.00 205.00 OK
r-oldrel-windows-ix86+x86_64 2.0-1 50.00 87.00 137.00 OK

Check Details

Version: 2.0-1
Check: compiled code
Result: NOTE
    File ‘spTimer/libs/spTimer.so’:
     Found no calls to: ‘R_registerRoutines’, ‘R_useDynamicSymbols’
    
    It is good practice to register native routines and to disable symbol
    search.
    
    See ‘Writing portable packages’ in the ‘Writing R Extensions’ manual.
Flavors: r-devel-linux-x86_64-debian-clang, r-devel-linux-x86_64-debian-gcc, r-patched-linux-x86_64

Version: 2.0-1
Flags: --no-stop-on-test-error
Check: compiled code
Result: NOTE
    File ‘spTimer/libs/spTimer.so’:
     Found no calls to: ‘R_registerRoutines’, ‘R_useDynamicSymbols’
    
    It is good practice to register native routines and to disable symbol
    search.
    
    See ‘Writing portable packages’ in the ‘Writing R Extensions’ manual.
Flavors: r-devel-linux-x86_64-fedora-clang, r-devel-linux-x86_64-fedora-gcc, r-devel-macos-x86_64-clang