CRAN Package Check Results for Package spTimer

Last updated on 2018-02-23 18:47:56 CET.

Flavor Version Tinstall Tcheck Ttotal Status Flags
r-devel-linux-x86_64-debian-clang 3.0-1 23.27 71.61 94.88 NOTE
r-devel-linux-x86_64-debian-gcc 3.0-1 18.04 55.34 73.38 NOTE
r-devel-linux-x86_64-fedora-clang 3.0-1 125.69 NOTE
r-devel-linux-x86_64-fedora-gcc 3.0-1 112.23 NOTE
r-devel-windows-ix86+x86_64 3.0-1 45.00 124.00 169.00 OK
r-patched-linux-x86_64 3.0-1 14.49 81.60 96.09 OK
r-patched-solaris-x86 3.0-1 153.40 OK
r-release-linux-x86_64 3.0-1 13.55 81.92 95.47 OK
r-release-windows-ix86+x86_64 3.0-1 47.00 132.00 179.00 OK
r-release-osx-x86_64 3.0-1 OK
r-oldrel-windows-ix86+x86_64 2.0-1 39.00 85.00 124.00 OK
r-oldrel-osx-x86_64 3.0-1 ERROR

Check Details

Version: 3.0-1
Check: DESCRIPTION meta-information
Result: NOTE
    Dependence on R version ‘3.4.1’ not with patchlevel 0
Flavors: r-devel-linux-x86_64-debian-clang, r-devel-linux-x86_64-debian-gcc, r-devel-linux-x86_64-fedora-clang, r-devel-linux-x86_64-fedora-gcc

Version: 3.0-1
Check: whether package can be installed
Result: ERROR
    Installation failed.
Flavor: r-oldrel-osx-x86_64