CRAN Package Check Results for Package spTimer

Last updated on 2017-09-22 05:48:31.

Flavor Version Tinstall Tcheck Ttotal Status Flags
r-devel-linux-x86_64-debian-clang 2.0-1 8.45 35.37 43.81 NOTE
r-devel-linux-x86_64-debian-gcc 2.0-1 9.97 35.08 45.05 NOTE
r-devel-linux-x86_64-fedora-clang 2.0-1 79.27 NOTE
r-devel-linux-x86_64-fedora-gcc 2.0-1 76.86 NOTE
r-devel-windows-ix86+x86_64 2.0-1 34.00 66.00 100.00 OK
r-patched-linux-x86_64 2.0-1 9.57 35.63 45.21 NOTE
r-patched-solaris-x86 2.0-1 113.60 OK
r-release-linux-x86_64 2.0-1 9.51 35.71 45.22 NOTE
r-release-windows-ix86+x86_64 2.0-1 38.00 71.00 109.00 OK
r-release-osx-x86_64 2.0-1 OK
r-oldrel-windows-ix86+x86_64 2.0-1 34.00 57.00 91.00 OK
r-oldrel-osx-x86_64 2.0-1 OK

Check Details

Version: 2.0-1
Check: compiled code
Result: NOTE
    File ‘spTimer/libs/spTimer.so’:
     Found no calls to: ‘R_registerRoutines’, ‘R_useDynamicSymbols’
    
    It is good practice to register native routines and to disable symbol
    search.
    
    See ‘Writing portable packages’ in the ‘Writing R Extensions’ manual.
Flavors: r-devel-linux-x86_64-debian-clang, r-devel-linux-x86_64-debian-gcc, r-devel-linux-x86_64-fedora-clang, r-devel-linux-x86_64-fedora-gcc, r-patched-linux-x86_64, r-release-linux-x86_64