CRAN Package Check Results for Package spTimer

Last updated on 2014-08-22 08:49:21.

Flavor Version Tinstall Tcheck Ttotal Status Flags
r-devel-linux-x86_64-debian-clang 1.0-2 7.81 57.04 64.85 OK
r-devel-linux-x86_64-debian-gcc 1.0-2 11.25 57.69 68.94 OK
r-devel-linux-x86_64-fedora-clang 1.0-2 141.48 OK
r-devel-linux-x86_64-fedora-gcc 1.0-2 138.08 OK
r-devel-osx-x86_64-clang 1.0-2 105.69 OK
r-devel-windows-ix86+x86_64 1.0-2 40.00 99.00 139.00 OK
r-patched-linux-x86_64 1.0-2 12.05 58.08 70.14 OK
r-patched-solaris-sparc 1.0-2 847.90 OK
r-patched-solaris-x86 1.0-2 190.00 OK
r-release-linux-ix86 1.0-2 13.38 72.17 85.55 OK
r-release-linux-x86_64 1.0-2 11.61 59.84 71.45 OK
r-release-osx-x86_64-mavericks 1.0-2 ERROR
r-release-osx-x86_64-snowleopard 1.0-2 OK
r-release-windows-ix86+x86_64 1.0-2 41.00 112.00 153.00 OK
r-oldrel-windows-ix86+x86_64 1.0-2 41.00 113.00 154.00 OK

Check Details

Version: 1.0-2
Check: package dependencies
Result: ERROR
    Package required but not available: ‘spacetime’
    
    See the information on DESCRIPTION files in the chapter ‘Creating R
    packages’ of the ‘Writing R Extensions’ manual.
Flavor: r-release-osx-x86_64-mavericks