CRAN Package Check Results for Package spTimer

Last updated on 2017-02-22 23:54:24.

Flavor Version Tinstall Tcheck Ttotal Status Flags
r-devel-linux-x86_64-debian-clang 2.0-1 11.04 37.07 48.11 NOTE
r-devel-linux-x86_64-debian-gcc 2.0-1 9.51 37.18 46.69 NOTE
r-devel-linux-x86_64-fedora-clang 2.0-1 77.36 NOTE --no-stop-on-test-error
r-devel-linux-x86_64-fedora-gcc 2.0-1 84.43 NOTE --no-stop-on-test-error
r-devel-macos-x86_64-clang 2.0-1 63.81 NOTE --no-stop-on-test-error
r-devel-windows-ix86+x86_64 2.0-1 45.00 130.00 175.00 OK
r-patched-linux-x86_64 2.0-1 8.74 34.21 42.95 OK
r-patched-solaris-sparc 2.0-1 455.20 OK
r-patched-solaris-x86 2.0-1 113.40 OK
r-release-linux-x86_64 2.0-1 8.53 35.50 44.03 OK
r-release-osx-x86_64-mavericks 2.0-1 OK
r-release-windows-ix86+x86_64 2.0-1 51.00 127.00 178.00 OK
r-oldrel-windows-ix86+x86_64 2.0-1 55.00 98.00 153.00 OK

Check Details

Version: 2.0-1
Check: compiled code
Result: NOTE
    File ‘spTimer/libs/spTimer.so’:
     Found no calls to: ‘R_registerRoutines’, ‘R_useDynamicSymbols’
    
    It is good practice to register native routines and to disable symbol
    search.
    
    See ‘Writing portable packages’ in the ‘Writing R Extensions’ manual.
Flavors: r-devel-linux-x86_64-debian-clang, r-devel-linux-x86_64-debian-gcc

Version: 2.0-1
Flags: --no-stop-on-test-error
Check: compiled code
Result: NOTE
    File ‘spTimer/libs/spTimer.so’:
     Found no calls to: ‘R_registerRoutines’, ‘R_useDynamicSymbols’
    
    It is good practice to register native routines and to disable symbol
    search.
    
    See ‘Writing portable packages’ in the ‘Writing R Extensions’ manual.
Flavors: r-devel-linux-x86_64-fedora-clang, r-devel-linux-x86_64-fedora-gcc, r-devel-macos-x86_64-clang