CRAN Package Check Results for Package spTimer

Last updated on 2017-11-23 00:47:53 CET.

Flavor Version Tinstall Tcheck Ttotal Status Flags
r-devel-linux-x86_64-debian-clang 3.0-1 7.89 83.48 91.37 OK
r-devel-linux-x86_64-debian-gcc 3.0-1 11.44 105.95 117.39 OK
r-devel-linux-x86_64-fedora-clang 3.0-1 100.01 OK
r-devel-linux-x86_64-fedora-gcc 3.0-1 149.03 OK
r-devel-windows-ix86+x86_64 3.0-1 38.00 102.00 140.00 OK
r-patched-linux-x86_64 3.0-1 9.16 50.94 60.10 OK
r-patched-solaris-x86 3.0-1 177.30 OK
r-release-linux-x86_64 3.0-1 9.17 50.24 59.42 OK
r-release-windows-ix86+x86_64 3.0-1 41.00 149.00 190.00 OK
r-release-osx-x86_64 3.0-1 OK
r-oldrel-windows-ix86+x86_64 2.0-1 39.00 85.00 124.00 OK
r-oldrel-osx-x86_64 3.0-1 ERROR

Check Details

Version: 3.0-1
Check: whether package can be installed
Result: ERROR
    Installation failed.
Flavor: r-oldrel-osx-x86_64