CRAN Package Check Results for Package spTimer

Last updated on 2017-07-25 07:47:12.

Flavor Version Tinstall Tcheck Ttotal Status Flags
r-devel-linux-x86_64-debian-clang 2.0-1 9.70 43.51 53.22 NOTE
r-devel-linux-x86_64-debian-gcc 2.0-1 9.99 42.66 52.65 NOTE
r-devel-linux-x86_64-fedora-clang 2.0-1 77.32 NOTE
r-devel-linux-x86_64-fedora-gcc 2.0-1 85.44 NOTE
r-devel-windows-ix86+x86_64 2.0-1 45.00 71.00 116.00 OK
r-patched-linux-x86_64 2.0-1 9.71 42.51 52.22 NOTE
r-patched-solaris-x86 2.0-1 113.90 OK
r-release-linux-x86_64 2.0-1 9.82 42.24 52.06 NOTE
r-release-windows-ix86+x86_64 2.0-1 38.00 136.00 174.00 OK
r-release-osx-x86_64 2.0-1 OK
r-oldrel-windows-ix86+x86_64 2.0-1 36.00 68.00 104.00 OK
r-oldrel-osx-x86_64 2.0-1 OK

Check Details

Version: 2.0-1
Check: compiled code
Result: NOTE
    File ‘spTimer/libs/spTimer.so’:
     Found no calls to: ‘R_registerRoutines’, ‘R_useDynamicSymbols’
    
    It is good practice to register native routines and to disable symbol
    search.
    
    See ‘Writing portable packages’ in the ‘Writing R Extensions’ manual.
Flavors: r-devel-linux-x86_64-debian-clang, r-devel-linux-x86_64-debian-gcc, r-devel-linux-x86_64-fedora-clang, r-devel-linux-x86_64-fedora-gcc, r-patched-linux-x86_64, r-release-linux-x86_64