CRAN Package Check Results for Package spTimer

Last updated on 2015-06-30 04:46:55.

Flavor Version Tinstall Tcheck Ttotal Status Flags
r-devel-linux-x86_64-debian-clang 2.0-0 6.00 31.22 37.22 NOTE
r-devel-linux-x86_64-debian-gcc 2.0-0 8.31 30.94 39.25 NOTE
r-devel-linux-x86_64-fedora-clang 2.0-0 71.93 NOTE
r-devel-linux-x86_64-fedora-gcc 2.0-0 69.59 NOTE
r-devel-osx-x86_64-clang 2.0-0 54.82 NOTE
r-devel-windows-ix86+x86_64 2.0-0 52.00 53.00 105.00 NOTE
r-patched-linux-x86_64 2.0-0 8.30 31.47 39.77 NOTE
r-patched-solaris-sparc 2.0-0 465.20 NOTE
r-patched-solaris-x86 2.0-0 108.60 NOTE
r-release-linux-x86_64 2.0-0 8.25 32.35 40.60 NOTE
r-release-osx-x86_64-mavericks 2.0-0 OK
r-release-windows-ix86+x86_64 2.0-0 41.00 52.00 93.00 OK
r-oldrel-windows-ix86+x86_64 2.0-0 33.00 90.00 123.00 OK

Check Details

Version: 2.0-0
Check: S3 generic/method consistency
Result: NOTE
    Found the following apparent S3 methods exported but not registered:
     as.mcmc.spT confint.spT fitted.spT formula.spT
    See section ‘Registering S3 methods’ in the ‘Writing R Extensions’
    manual.
Flavors: r-devel-linux-x86_64-debian-clang, r-devel-linux-x86_64-debian-gcc, r-devel-linux-x86_64-fedora-clang, r-devel-linux-x86_64-fedora-gcc, r-devel-osx-x86_64-clang, r-patched-linux-x86_64, r-patched-solaris-sparc, r-patched-solaris-x86, r-release-linux-x86_64

Version: 2.0-0
Check: R code for possible problems
Result: NOTE
    Formula.coords: no visible global function definition for ‘terms’
    Formula.coords: no visible global function definition for ‘model.frame’
    Formula.coords: no visible global function definition for
     ‘is.empty.model’
    Formula.coords: no visible global function definition for
     ‘model.matrix’
    Formula.coords: no visible binding for global variable ‘contrasts’
    Formula.matrix: no visible global function definition for
     ‘terms.formula’
    Formula.matrix: no visible global function definition for ‘model.frame’
    Formula.matrix: no visible binding for global variable ‘na.pass’
    Formula.matrix: no visible global function definition for
     ‘is.empty.model’
    Formula.matrix: no visible global function definition for
     ‘model.matrix’
    Formula.matrix: no visible binding for global variable ‘contrasts’
    Formula.matrix: no visible global function definition for
     ‘model.response’
    MCMC.plot.obj: no visible global function definition for ‘par’
    MCMC.plot.obj: no visible global function definition for ‘density’
    MCMC.plot.obj: no visible global function definition for ‘acf’
    MCMC.plot.obj: no visible global function definition for ‘pacf’
    as.forecast.object: no visible global function definition for ‘ts’
    as.forecast.object: no visible binding for global variable ‘quantile’
    confint.spT : FUN: no visible global function definition for ‘quantile’
    initials.checking.ar: no visible global function definition for ‘lm’
    initials.checking.ar: no visible global function definition for
     ‘model.matrix’
    initials.checking.gp: no visible global function definition for ‘lm’
    initials.checking.gp: no visible global function definition for
     ‘model.matrix’
    initials.checking.gpp: no visible global function definition for ‘lm’
    model.frame.spT: no visible global function definition for
     ‘model.frame’
    model.frame.spT: no visible binding for global variable ‘na.pass’
    plot.spT: no visible global function definition for ‘abline’
    plot.spT: no visible global function definition for ‘title’
    plot.spT: no visible global function definition for ‘par’
    plot.spT: no visible global function definition for ‘qqnorm’
    plot.spT: no visible global function definition for ‘qqline’
    spAR.Gibbs: no visible global function definition for ‘dist’
    spAR.Gibbs: no visible binding for global variable ‘median’
    spAR.Gibbs: no visible global function definition for ‘median’
    spAR.MCMC.Pred: no visible global function definition for ‘dist’
    spAR.MCMC.Pred: no visible binding for global variable ‘median’
    spAR.MCMC.Pred: no visible global function definition for ‘as.formula’
    spAR.MCMC.Pred: no visible global function definition for ‘read.table’
    spAR.forecast: no visible global function definition for ‘as.formula’
    spAR.forecast: no visible binding for global variable ‘median’
    spAR.prediction: no visible global function definition for ‘dist’
    spAR.prediction: no visible global function definition for ‘as.formula’
    spGP.Gibbs: no visible global function definition for ‘dist’
    spGP.Gibbs: no visible binding for global variable ‘median’
    spGP.Gibbs: no visible global function definition for ‘median’
    spGP.MCMC.Pred: no visible global function definition for ‘dist’
    spGP.MCMC.Pred: no visible binding for global variable ‘median’
    spGP.MCMC.Pred: no visible global function definition for ‘as.formula’
    spGP.MCMC.Pred: no visible global function definition for ‘read.table’
    spGP.forecast: no visible global function definition for ‘as.formula’
    spGP.forecast: no visible global function definition for ‘dist’
    spGP.forecast: no visible binding for global variable ‘median’
    spGP.prediction: no visible global function definition for ‘dist’
    spGP.prediction: no visible global function definition for ‘as.formula’
    spGPP.Gibbs: no visible global function definition for ‘dist’
    spGPP.Gibbs: no visible binding for global variable ‘median’
    spGPP.Gibbs: no visible global function definition for ‘median’
    spGPP.MCMC.Pred: no visible global function definition for ‘dist’
    spGPP.MCMC.Pred: no visible binding for global variable ‘median’
    spGPP.MCMC.Pred: no visible global function definition for ‘as.formula’
    spGPP.MCMC.Pred: no visible global function definition for ‘read.table’
    spGPP.forecast: no visible global function definition for ‘as.formula’
    spGPP.forecast: no visible global function definition for ‘dist’
    spGPP.prediction: no visible global function definition for ‘dist’
    spGPP.prediction: no visible global function definition for
     ‘as.formula’
    spT.MCMC.plot: no visible global function definition for ‘dev.new’
    spT.MCMC.plot: no visible global function definition for ‘par’
    spT.ObsGridLoc: no visible global function definition for ‘dist’
    spT.ObsGridLoc: no visible global function definition for ‘points’
    spT.ObsGridLoc: no visible global function definition for ‘legend’
    spT.Summary.Stat: no visible binding for global variable ‘median’
    spT.Summary.Stat: no visible binding for global variable ‘sd’
    spT.check.locations: no visible global function definition for ‘dist’
    spT.check.sites.inside: no visible global function definition for
     ‘dist’
    spT.hit.false: no visible global function definition for ‘na.omit’
    spT.pCOVER: no visible binding for global variable ‘quantile’
    spT.pCOVER: no visible global function definition for ‘na.exclude’
    spT.segment.plot: no visible global function definition for ‘na.omit’
    spT.segment.plot: no visible global function definition for ‘segments’
    terms.spT: no visible global function definition for ‘terms’
Flavors: r-devel-linux-x86_64-debian-clang, r-devel-linux-x86_64-debian-gcc, r-devel-windows-ix86+x86_64