CRAN Package Check Results for Package spTimer

Last updated on 2015-01-30 03:49:15.

Flavor Version Tinstall Tcheck Ttotal Status Flags
r-devel-linux-x86_64-debian-clang 2.0-0 5.79 31.57 37.36 NOTE
r-devel-linux-x86_64-debian-gcc 2.0-0 8.42 31.08 39.50 NOTE
r-devel-linux-x86_64-fedora-clang 2.0-0 78.21 NOTE
r-devel-linux-x86_64-fedora-gcc 2.0-0 76.97 NOTE
r-devel-osx-x86_64-clang 2.0-0 67.10 NOTE
r-devel-windows-ix86+x86_64 2.0-0 41.00 53.00 94.00 OK
r-patched-linux-x86_64 2.0-0 8.79 34.76 43.55 OK
r-patched-solaris-sparc 2.0-0 450.80 OK
r-patched-solaris-x86 2.0-0 117.70 OK
r-release-linux-ix86 2.0-0 9.28 42.88 52.16 OK
r-release-linux-x86_64 2.0-0 8.54 36.11 44.65 OK
r-release-osx-x86_64-mavericks 2.0-0 OK
r-release-osx-x86_64-snowleopard 2.0-0 OK
r-release-windows-ix86+x86_64 2.0-0 34.00 62.00 96.00 OK
r-oldrel-windows-ix86+x86_64 2.0-0 34.00 59.00 93.00 OK

Check Details

Version: 2.0-0
Check: S3 generic/method consistency
Result: NOTE
    Found the following apparent S3 methods exported but not registered:
     confint.spT fitted.spT formula.spT as.mcmc.spT
    See section ‘Registering S3 methods’ in the ‘Writing R Extensions’
    manual.
Flavors: r-devel-linux-x86_64-debian-clang, r-devel-linux-x86_64-debian-gcc, r-devel-linux-x86_64-fedora-clang, r-devel-linux-x86_64-fedora-gcc, r-devel-osx-x86_64-clang