CRAN Package Check Results for Package spTimer

Last updated on 2018-06-23 00:46:47 CEST.

Flavor Version Tinstall Tcheck Ttotal Status Flags
r-devel-linux-x86_64-debian-clang 3.0-1 20.33 79.28 99.61 NOTE
r-devel-linux-x86_64-debian-gcc 3.0-1 16.88 60.69 77.57 NOTE
r-devel-linux-x86_64-fedora-clang 3.0-1 121.88 NOTE
r-devel-linux-x86_64-fedora-gcc 3.0-1 114.35 NOTE
r-devel-windows-ix86+x86_64 3.0-1 42.00 102.00 144.00 OK
r-patched-linux-x86_64 3.0-1 19.71 72.50 92.21 NOTE
r-patched-solaris-x86 3.0-1 193.90 OK
r-release-linux-x86_64 3.0-1 20.55 71.24 91.79 NOTE
r-release-windows-ix86+x86_64 3.0-1 41.00 99.00 140.00 OK
r-release-osx-x86_64 3.0-1 OK
r-oldrel-windows-ix86+x86_64 3.0-1 44.00 140.00 184.00 OK
r-oldrel-osx-x86_64 3.0-1 OK

Check Details

Version: 3.0-1
Check: DESCRIPTION meta-information
Result: NOTE
    Dependence on R version ‘3.4.1’ not with patchlevel 0
Flavors: r-devel-linux-x86_64-debian-clang, r-devel-linux-x86_64-debian-gcc, r-devel-linux-x86_64-fedora-clang, r-devel-linux-x86_64-fedora-gcc, r-patched-linux-x86_64, r-release-linux-x86_64