CRAN Package Check Results for Package spTimer

Last updated on 2015-04-02 06:46:56.

Flavor Version Tinstall Tcheck Ttotal Status Flags
r-devel-linux-x86_64-debian-clang 2.0-0 6.70 31.00 37.70 NOTE
r-devel-linux-x86_64-debian-gcc 2.0-0 8.21 31.90 40.11 NOTE
r-devel-linux-x86_64-fedora-clang 2.0-0 71.04 NOTE
r-devel-linux-x86_64-fedora-gcc 2.0-0 69.95 NOTE
r-devel-osx-x86_64-clang 2.0-0 66.58 NOTE
r-prerel-windows-ix86+x86_64 2.0-0 47.00 52.00 99.00 OK
r-prerel-linux-x86_64 2.0-0 8.25 30.96 39.21 NOTE
r-prerel-solaris-sparc 2.0-0 458.30 OK
r-prerel-solaris-x86 2.0-0 106.50 OK
r-release-linux-x86_64 2.0-0 8.63 35.52 44.16 OK
r-release-osx-x86_64-mavericks 2.0-0 OK
r-release-osx-x86_64-snowleopard 2.0-0 OK
r-release-windows-ix86+x86_64 2.0-0 34.00 61.00 95.00 OK
r-oldrel-windows-ix86+x86_64 2.0-0 33.00 60.00 93.00 OK

Check Details

Version: 2.0-0
Check: S3 generic/method consistency
Result: NOTE
    Found the following apparent S3 methods exported but not registered:
     as.mcmc.spT confint.spT fitted.spT formula.spT
    See section ‘Registering S3 methods’ in the ‘Writing R Extensions’
    manual.
Flavors: r-devel-linux-x86_64-debian-clang, r-devel-linux-x86_64-debian-gcc, r-devel-linux-x86_64-fedora-clang, r-devel-linux-x86_64-fedora-gcc, r-devel-osx-x86_64-clang, r-prerel-linux-x86_64