CRAN Package Check Results for Package spa

Last updated on 2015-04-20 02:48:47.

Flavor Version Tinstall Tcheck Ttotal Status Flags
r-devel-linux-x86_64-debian-clang 2.0 1.32 17.39 18.71 NOTE
r-devel-linux-x86_64-debian-gcc 2.0 1.05 17.06 18.11 NOTE
r-devel-linux-x86_64-fedora-clang 2.0 36.14 NOTE
r-devel-linux-x86_64-fedora-gcc 2.0 33.32 NOTE
r-devel-osx-x86_64-clang 2.0 35.27 NOTE
r-devel-windows-ix86+x86_64 2.0 5.00 29.00 34.00 NOTE
r-patched-linux-x86_64 2.0 1.13 17.26 18.39 NOTE
r-patched-solaris-sparc 2.0 241.70 NOTE
r-patched-solaris-x86 2.0 52.30 NOTE
r-release-linux-x86_64 2.0 1.06 15.66 16.72 NOTE
r-release-osx-x86_64-mavericks 2.0 NOTE
r-release-osx-x86_64-snowleopard 2.0 NOTE
r-release-windows-ix86+x86_64 2.0 2.00 29.00 31.00 NOTE
r-oldrel-windows-ix86+x86_64 2.0 3.00 31.00 34.00 OK

Check Details

Version: 2.0
Check: DESCRIPTION meta-information
Result: NOTE
    Malformed Description field: should contain one or more complete sentences.
Flavors: r-devel-linux-x86_64-debian-clang, r-devel-linux-x86_64-debian-gcc, r-devel-linux-x86_64-fedora-clang, r-devel-linux-x86_64-fedora-gcc, r-devel-osx-x86_64-clang, r-devel-windows-ix86+x86_64, r-patched-linux-x86_64, r-patched-solaris-sparc, r-patched-solaris-x86, r-release-linux-x86_64, r-release-osx-x86_64-mavericks, r-release-osx-x86_64-snowleopard, r-release-windows-ix86+x86_64

Version: 2.0
Check: Rd line widths
Result: NOTE
    Rd file 'predict.spa.Rd':
     \examples lines wider than 100 characters:
     title(switch(attr(dat,"type"),moon="Two Moon Simulated Data",supervised="Supervised Border Simulated set"))
    
    These lines will be truncated in the PDF manual.
Flavors: r-devel-linux-x86_64-debian-clang, r-devel-linux-x86_64-debian-gcc, r-devel-linux-x86_64-fedora-clang, r-devel-linux-x86_64-fedora-gcc, r-patched-linux-x86_64, r-release-linux-x86_64