CRAN Package Check Results for Package spa

Last updated on 2014-04-24 03:47:55.

Flavor Version Tinstall Tcheck Ttotal Status Flags
r-devel-linux-x86_64-debian-clang 2.0 1.15 18.60 19.75 OK
r-devel-linux-x86_64-debian-gcc 2.0 1.24 18.60 19.84 OK
r-devel-linux-x86_64-fedora-clang 2.0 38.09 NOTE
r-devel-linux-x86_64-fedora-gcc 2.0 37.48 NOTE
r-devel-osx-x86_64-clang 2.0 36.12 OK
r-devel-osx-x86_64-gcc 2.0 OK
r-devel-windows-ix86+x86_64 2.0 3.00 30.00 33.00 OK
r-patched-linux-x86_64 2.0 1.33 18.57 19.90 OK
r-patched-solaris-sparc 2.0 222.10 OK
r-patched-solaris-x86 2.0 54.00 OK
r-release-linux-ix86 2.0 2.00 36.00 38.00 OK
r-release-linux-x86_64 2.0 1.25 18.65 19.90 OK
r-release-osx-x86_64-mavericks 2.0 WARN
r-release-osx-x86_64-snowleopard 2.0 OK
r-release-windows-ix86+x86_64 2.0 3.00 30.00 33.00 OK
r-oldrel-windows-ix86+x86_64 2.0 4.00 27.00 31.00 OK

Check Details

Version: 2.0
Check: Rd line widths
Result: NOTE
    Rd file 'predict.spa.Rd':
     \examples lines wider than 100 characters:
     title(switch(attr(dat,"type"),moon="Two Moon Simulated Data",supervised="Supervised Border Simulated set"))
    
    These lines will be truncated in the PDF manual.
Flavors: r-devel-linux-x86_64-fedora-clang, r-devel-linux-x86_64-fedora-gcc

Version: 2.0
Check: PDF version of manual
Result: WARNING
    LaTeX errors when creating PDF version.
    This typically indicates Rd problems.
    LaTeX errors found:
    ! LaTeX Error: File `upquote.sty' not found.
    
    Type X to quit or <RETURN> to proceed,
    or enter new name. (Default extension: sty)
    
    d803163/Rd2.tex:8: ==> Fatal error occurred, no output PDF file produced!
Flavor: r-release-osx-x86_64-mavericks