CRAN Package Check Results for Package spa

Last updated on 2014-11-26 05:47:58.

Flavor Version Tinstall Tcheck Ttotal Status Flags
r-devel-linux-x86_64-debian-clang 2.0 1.23 18.51 19.74 NOTE
r-devel-linux-x86_64-debian-gcc 2.0 1.13 18.06 19.19 NOTE
r-devel-linux-x86_64-fedora-clang 2.0 40.40 NOTE
r-devel-linux-x86_64-fedora-gcc 2.0 39.37 NOTE
r-devel-osx-x86_64-clang 2.0 38.87 OK
r-devel-windows-ix86+x86_64 2.0 3.00 28.00 31.00 OK
r-patched-linux-x86_64 2.0 1.71 18.90 20.60 NOTE
r-patched-solaris-sparc 2.0 233.00 OK
r-patched-solaris-x86 2.0 57.10 OK
r-release-linux-ix86 2.0 1.60 27.82 29.42 OK
r-release-linux-x86_64 2.0 1.15 18.34 19.49 NOTE
r-release-osx-x86_64-mavericks 2.0 OK
r-release-osx-x86_64-snowleopard 2.0 OK
r-release-windows-ix86+x86_64 2.0 3.00 31.00 34.00 OK
r-oldrel-windows-ix86+x86_64 2.0 3.00 30.00 33.00 OK

Check Details

Version: 2.0
Check: Rd line widths
Result: NOTE
    Rd file 'predict.spa.Rd':
     \examples lines wider than 100 characters:
     title(switch(attr(dat,"type"),moon="Two Moon Simulated Data",supervised="Supervised Border Simulated set"))
    
    These lines will be truncated in the PDF manual.
Flavors: r-devel-linux-x86_64-debian-clang, r-devel-linux-x86_64-debian-gcc, r-devel-linux-x86_64-fedora-clang, r-devel-linux-x86_64-fedora-gcc, r-patched-linux-x86_64, r-release-linux-x86_64