CRAN Package Check Results for Package spa

Last updated on 2014-08-22 13:47:04.

Flavor Version Tinstall Tcheck Ttotal Status Flags
r-devel-linux-x86_64-debian-clang 2.0 1.08 17.36 18.44 OK
r-devel-linux-x86_64-debian-gcc 2.0 1.06 17.07 18.13 OK
r-devel-linux-x86_64-fedora-clang 2.0 36.98 NOTE
r-devel-linux-x86_64-fedora-gcc 2.0 34.52 NOTE
r-devel-osx-x86_64-clang 2.0 33.41 OK
r-devel-windows-ix86+x86_64 2.0 3.00 30.00 33.00 OK
r-patched-linux-x86_64 2.0 1.35 17.41 18.76 OK
r-patched-solaris-sparc 2.0 233.00 OK
r-patched-solaris-x86 2.0 53.50 OK
r-release-linux-ix86 2.0 1.62 27.84 29.46 OK
r-release-linux-x86_64 2.0 1.14 18.12 19.27 OK
r-release-osx-x86_64-mavericks 2.0 OK
r-release-osx-x86_64-snowleopard 2.0 OK
r-release-windows-ix86+x86_64 2.0 4.00 30.00 34.00 OK
r-oldrel-windows-ix86+x86_64 2.0 3.00 30.00 33.00 OK

Check Details

Version: 2.0
Check: Rd line widths
Result: NOTE
    Rd file 'predict.spa.Rd':
     \examples lines wider than 100 characters:
     title(switch(attr(dat,"type"),moon="Two Moon Simulated Data",supervised="Supervised Border Simulated set"))
    
    These lines will be truncated in the PDF manual.
Flavors: r-devel-linux-x86_64-fedora-clang, r-devel-linux-x86_64-fedora-gcc