CRAN Package Check Results for Package spa

Last updated on 2014-09-16 08:49:56.

Flavor Version Tinstall Tcheck Ttotal Status Flags
r-devel-linux-x86_64-debian-clang 2.0 1.18 17.33 18.51 NOTE
r-devel-linux-x86_64-debian-gcc 2.0 1.06 17.74 18.80 NOTE
r-devel-linux-x86_64-fedora-clang 2.0 37.12 NOTE
r-devel-linux-x86_64-fedora-gcc 2.0 33.68 NOTE
r-devel-osx-x86_64-clang 2.0 34.57 OK
r-devel-windows-ix86+x86_64 2.0 4.00 31.00 35.00 OK
r-patched-linux-x86_64 2.0 1.11 17.92 19.02 OK
r-patched-solaris-sparc 2.0 233.00 OK
r-patched-solaris-x86 2.0 52.90 OK
r-release-linux-ix86 2.0 1.61 27.66 29.27 OK
r-release-linux-x86_64 2.0 1.12 18.47 19.58 NOTE
r-release-osx-x86_64-mavericks 2.0 OK
r-release-osx-x86_64-snowleopard 2.0 OK
r-release-windows-ix86+x86_64 2.0 4.00 29.00 33.00 OK
r-oldrel-windows-ix86+x86_64 2.0 4.00 30.00 34.00 OK

Check Details

Version: 2.0
Check: Rd line widths
Result: NOTE
    Rd file 'predict.spa.Rd':
     \examples lines wider than 100 characters:
     title(switch(attr(dat,"type"),moon="Two Moon Simulated Data",supervised="Supervised Border Simulated set"))
    
    These lines will be truncated in the PDF manual.
Flavors: r-devel-linux-x86_64-debian-clang, r-devel-linux-x86_64-debian-gcc, r-devel-linux-x86_64-fedora-clang, r-devel-linux-x86_64-fedora-gcc, r-release-linux-x86_64