CRAN Package Check Results for Package spa

Last updated on 2015-03-26 23:47:56.

Flavor Version Tinstall Tcheck Ttotal Status Flags
r-devel-linux-x86_64-debian-clang 2.0 1.19 17.67 18.86 NOTE
r-devel-linux-x86_64-debian-gcc 2.0 1.05 16.78 17.84 NOTE
r-devel-linux-x86_64-fedora-clang 2.0 35.14 NOTE
r-devel-linux-x86_64-fedora-gcc 2.0 35.28 NOTE
r-devel-osx-x86_64-clang 2.0 39.79 NOTE
r-prerel-windows-ix86+x86_64 2.0 3.00 28.00 31.00 NOTE
r-prerel-linux-x86_64 2.0 1.05 17.01 18.06 NOTE
r-prerel-solaris-sparc 2.0 241.70 NOTE
r-prerel-solaris-x86 2.0 53.40 NOTE
r-release-linux-x86_64 2.0 1.16 19.02 20.18 NOTE
r-release-osx-x86_64-mavericks 2.0 OK
r-release-osx-x86_64-snowleopard 2.0 OK
r-release-windows-ix86+x86_64 2.0 4.00 34.00 38.00 OK
r-oldrel-windows-ix86+x86_64 2.0 4.00 33.00 37.00 OK

Check Details

Version: 2.0
Check: DESCRIPTION meta-information
Result: NOTE
    Malformed Description field: should contain one or more complete sentences.
Flavors: r-devel-linux-x86_64-debian-clang, r-devel-linux-x86_64-debian-gcc, r-devel-linux-x86_64-fedora-clang, r-devel-linux-x86_64-fedora-gcc, r-devel-osx-x86_64-clang, r-prerel-windows-ix86+x86_64, r-prerel-linux-x86_64, r-prerel-solaris-sparc, r-prerel-solaris-x86

Version: 2.0
Check: Rd line widths
Result: NOTE
    Rd file 'predict.spa.Rd':
     \examples lines wider than 100 characters:
     title(switch(attr(dat,"type"),moon="Two Moon Simulated Data",supervised="Supervised Border Simulated set"))
    
    These lines will be truncated in the PDF manual.
Flavors: r-devel-linux-x86_64-debian-clang, r-devel-linux-x86_64-debian-gcc, r-devel-linux-x86_64-fedora-clang, r-devel-linux-x86_64-fedora-gcc, r-prerel-linux-x86_64, r-release-linux-x86_64