CRAN Package Check Results for Package spa

Last updated on 2015-05-27 19:47:22.

Flavor Version Tinstall Tcheck Ttotal Status Flags
r-devel-linux-x86_64-debian-clang 2.0 1.06 17.48 18.54 NOTE
r-devel-linux-x86_64-debian-gcc 2.0 1.15 16.87 18.02 NOTE
r-devel-linux-x86_64-fedora-clang 2.0 34.96 NOTE
r-devel-linux-x86_64-fedora-gcc 2.0 34.09 NOTE
r-devel-osx-x86_64-clang 2.0 36.73 NOTE
r-devel-windows-ix86+x86_64 2.0 3.00 27.00 30.00 NOTE
r-patched-linux-x86_64 2.0 1.05 16.60 17.64 NOTE
r-patched-solaris-sparc 2.0 237.50 NOTE
r-patched-solaris-x86 2.0 54.20 NOTE
r-release-linux-x86_64 2.0 1.05 17.04 18.09 NOTE
r-release-osx-x86_64-mavericks 2.0 NOTE
r-release-osx-x86_64-snowleopard 2.0 NOTE
r-release-windows-ix86+x86_64 2.0 4.00 28.00 32.00 NOTE
r-oldrel-windows-ix86+x86_64 2.0 4.00 50.00 54.00 OK

Check Details

Version: 2.0
Check: DESCRIPTION meta-information
Result: NOTE
    Malformed Description field: should contain one or more complete sentences.
Flavors: r-devel-linux-x86_64-debian-clang, r-devel-linux-x86_64-debian-gcc, r-devel-linux-x86_64-fedora-clang, r-devel-linux-x86_64-fedora-gcc, r-devel-osx-x86_64-clang, r-devel-windows-ix86+x86_64, r-patched-linux-x86_64, r-patched-solaris-sparc, r-patched-solaris-x86, r-release-linux-x86_64, r-release-osx-x86_64-mavericks, r-release-osx-x86_64-snowleopard, r-release-windows-ix86+x86_64

Version: 2.0
Check: Rd line widths
Result: NOTE
    Rd file 'predict.spa.Rd':
     \examples lines wider than 100 characters:
     title(switch(attr(dat,"type"),moon="Two Moon Simulated Data",supervised="Supervised Border Simulated set"))
    
    These lines will be truncated in the PDF manual.
Flavors: r-devel-linux-x86_64-debian-clang, r-devel-linux-x86_64-debian-gcc, r-devel-linux-x86_64-fedora-clang, r-devel-linux-x86_64-fedora-gcc, r-patched-linux-x86_64, r-release-linux-x86_64