CRAN Package Check Results for Package spa

Last updated on 2015-08-01 19:48:34.

Flavor Version Tinstall Tcheck Ttotal Status Flags
r-devel-linux-x86_64-debian-clang 2.0 1.16 17.52 18.68 NOTE
r-devel-linux-x86_64-debian-gcc 2.0 1.12 17.37 18.49 NOTE
r-devel-linux-x86_64-fedora-clang 2.0 35.01 NOTE
r-devel-linux-x86_64-fedora-gcc 2.0 32.69 NOTE
r-devel-osx-x86_64-clang 2.0 33.71 NOTE
r-devel-windows-ix86+x86_64 2.0 5.00 31.00 36.00 NOTE
r-patched-linux-x86_64 2.0 1.23 18.02 19.25 NOTE
r-patched-solaris-sparc 2.0 228.60 NOTE
r-patched-solaris-x86 2.0 54.50 NOTE
r-release-linux-x86_64 2.0 1.18 17.49 18.67 NOTE
r-release-osx-x86_64-mavericks 2.0 NOTE
r-release-windows-ix86+x86_64 2.0 5.00 42.00 47.00 NOTE
r-oldrel-windows-ix86+x86_64 2.0 6.00 33.00 39.00 OK

Check Details

Version: 2.0
Check: DESCRIPTION meta-information
Result: NOTE
    Malformed Description field: should contain one or more complete sentences.
Flavors: r-devel-linux-x86_64-debian-clang, r-devel-linux-x86_64-debian-gcc, r-devel-linux-x86_64-fedora-clang, r-devel-linux-x86_64-fedora-gcc, r-devel-osx-x86_64-clang, r-devel-windows-ix86+x86_64, r-patched-linux-x86_64, r-patched-solaris-sparc, r-patched-solaris-x86, r-release-linux-x86_64, r-release-osx-x86_64-mavericks, r-release-windows-ix86+x86_64

Version: 2.0
Check: R code for possible problems
Result: NOTE
    plot.spa: no visible global function definition for ‘plot’
    plot.spa: no visible global function definition for ‘lines’
    plot.spa: no visible global function definition for ‘points’
    plot.spa: no visible global function definition for ‘gray’
    plot.spa: no visible global function definition for ‘box’
    predict.spa: no visible global function definition for ‘fitted’
    predict.spa: no visible global function definition for ‘coef’
    spa.gcv: no visible global function definition for ‘density’
    spa.gcv: no visible global function definition for ‘quantile’
    spa.sim: no visible global function definition for ‘runif’
    spa.sim: no visible global function definition for ‘rnorm’
    spa.sim: no visible global function definition for ‘rbinom’
    update.spa: no visible global function definition for ‘quantile’
    Undefined global functions or variables:
     box coef density fitted gray lines plot points quantile rbinom rnorm
     runif
    Consider adding
     importFrom("grDevices", "gray")
     importFrom("graphics", "box", "lines", "plot", "points")
     importFrom("stats", "coef", "density", "fitted", "quantile", "rbinom",
     "rnorm", "runif")
    to your NAMESPACE.
Flavors: r-devel-linux-x86_64-debian-clang, r-devel-linux-x86_64-debian-gcc, r-devel-linux-x86_64-fedora-clang, r-devel-linux-x86_64-fedora-gcc, r-devel-windows-ix86+x86_64

Version: 2.0
Check: Rd line widths
Result: NOTE
    Rd file 'predict.spa.Rd':
     \examples lines wider than 100 characters:
     title(switch(attr(dat,"type"),moon="Two Moon Simulated Data",supervised="Supervised Border Simulated set"))
    
    These lines will be truncated in the PDF manual.
Flavors: r-devel-linux-x86_64-debian-clang, r-devel-linux-x86_64-debian-gcc, r-devel-linux-x86_64-fedora-clang, r-devel-linux-x86_64-fedora-gcc, r-patched-linux-x86_64, r-release-linux-x86_64