CRAN Package Check Results for Package spa

Last updated on 2014-10-01 07:47:50.

Flavor Version Tinstall Tcheck Ttotal Status Flags
r-devel-linux-x86_64-debian-clang 2.0 1.16 19.61 20.78 NOTE
r-devel-linux-x86_64-debian-gcc 2.0 1.14 17.74 18.88 NOTE
r-devel-linux-x86_64-fedora-clang 2.0 37.84 NOTE
r-devel-linux-x86_64-fedora-gcc 2.0 36.11 NOTE
r-devel-osx-x86_64-clang 2.0 33.43 OK
r-devel-windows-ix86+x86_64 2.0 3.00 28.00 31.00 OK
r-patched-linux-x86_64 2.0 1.41 18.77 20.18 NOTE
r-patched-solaris-sparc 2.0 233.00 OK
r-patched-solaris-x86 2.0 55.50 OK
r-release-linux-ix86 2.0 1.60 26.62 28.23 OK
r-release-linux-x86_64 2.0 1.18 18.80 19.98 NOTE
r-release-osx-x86_64-mavericks 2.0 OK
r-release-osx-x86_64-snowleopard 2.0 OK
r-release-windows-ix86+x86_64 2.0 4.00 29.00 33.00 OK
r-oldrel-windows-ix86+x86_64 2.0 4.00 32.00 36.00 OK

Check Details

Version: 2.0
Check: Rd line widths
Result: NOTE
    Rd file 'predict.spa.Rd':
     \examples lines wider than 100 characters:
     title(switch(attr(dat,"type"),moon="Two Moon Simulated Data",supervised="Supervised Border Simulated set"))
    
    These lines will be truncated in the PDF manual.
Flavors: r-devel-linux-x86_64-debian-clang, r-devel-linux-x86_64-debian-gcc, r-devel-linux-x86_64-fedora-clang, r-devel-linux-x86_64-fedora-gcc, r-patched-linux-x86_64, r-release-linux-x86_64