CRAN Package Check Results for Package spa

Last updated on 2014-12-20 23:47:28.

Flavor Version Tinstall Tcheck Ttotal Status Flags
r-devel-linux-x86_64-debian-clang 2.0 1.15 18.46 19.61 NOTE
r-devel-linux-x86_64-debian-gcc 2.0 1.12 18.94 20.06 NOTE
r-devel-linux-x86_64-fedora-clang 2.0 40.98 NOTE
r-devel-linux-x86_64-fedora-gcc 2.0 39.22 NOTE
r-devel-osx-x86_64-clang 2.0 39.82 OK
r-devel-windows-ix86+x86_64 2.0 4.00 32.00 36.00 OK
r-patched-linux-x86_64 2.0 1.60 19.20 20.80 NOTE
r-patched-solaris-sparc 2.0 233.00 OK
r-patched-solaris-x86 2.0 55.70 OK
r-release-linux-ix86 2.0 1.59 27.38 28.97 OK
r-release-linux-x86_64 2.0 1.17 18.81 19.98 NOTE
r-release-osx-x86_64-mavericks 2.0 OK
r-release-osx-x86_64-snowleopard 2.0 OK
r-release-windows-ix86+x86_64 2.0 4.00 30.00 34.00 OK
r-oldrel-windows-ix86+x86_64 2.0 4.00 34.00 38.00 OK

Check Details

Version: 2.0
Check: Rd line widths
Result: NOTE
    Rd file 'predict.spa.Rd':
     \examples lines wider than 100 characters:
     title(switch(attr(dat,"type"),moon="Two Moon Simulated Data",supervised="Supervised Border Simulated set"))
    
    These lines will be truncated in the PDF manual.
Flavors: r-devel-linux-x86_64-debian-clang, r-devel-linux-x86_64-debian-gcc, r-devel-linux-x86_64-fedora-clang, r-devel-linux-x86_64-fedora-gcc, r-patched-linux-x86_64, r-release-linux-x86_64