CRAN Package Check Results for Package spa

Last updated on 2014-07-22 11:51:26.

Flavor Version Tinstall Tcheck Ttotal Status Flags
r-devel-linux-x86_64-debian-clang 2.0 1.16 17.40 18.56 OK
r-devel-linux-x86_64-debian-gcc 2.0 1.15 17.23 18.38 OK
r-devel-linux-x86_64-fedora-clang 2.0 39.39 NOTE
r-devel-linux-x86_64-fedora-gcc 2.0 36.54 NOTE
r-devel-osx-x86_64-clang 2.0 35.26 OK
r-devel-windows-ix86+x86_64 2.0 4.00 29.00 33.00 OK
r-patched-linux-x86_64 2.0 1.15 17.77 18.92 OK
r-patched-solaris-sparc 2.0 222.10 OK
r-patched-solaris-x86 2.0 53.30 OK
r-release-linux-ix86 2.0 1.58 27.68 29.26 OK
r-release-linux-x86_64 2.0 1.22 17.68 18.90 OK
r-release-osx-x86_64-mavericks 2.0 OK
r-release-osx-x86_64-snowleopard 2.0 OK
r-release-windows-ix86+x86_64 2.0 4.00 30.00 34.00 OK
r-oldrel-windows-ix86+x86_64 2.0 3.00 32.00 35.00 OK

Check Details

Version: 2.0
Check: Rd line widths
Result: NOTE
    Rd file 'predict.spa.Rd':
     \examples lines wider than 100 characters:
     title(switch(attr(dat,"type"),moon="Two Moon Simulated Data",supervised="Supervised Border Simulated set"))
    
    These lines will be truncated in the PDF manual.
Flavors: r-devel-linux-x86_64-fedora-clang, r-devel-linux-x86_64-fedora-gcc