CRAN Package Check Results for Package spaMM

Last updated on 2019-06-19 18:52:56 CEST.

Flavor Version Tinstall Tcheck Ttotal Status Flags
r-devel-linux-x86_64-debian-clang 2.7.1 123.62 189.26 312.88 NOTE
r-devel-linux-x86_64-debian-gcc 2.7.1 129.62 145.79 275.41 NOTE
r-devel-linux-x86_64-fedora-clang 2.7.1 427.41 NOTE
r-devel-linux-x86_64-fedora-gcc 2.7.1 421.00 NOTE
r-devel-windows-ix86+x86_64 2.7.1 264.00 300.00 564.00 NOTE
r-patched-linux-x86_64 2.7.1 146.06 187.02 333.08 OK
r-patched-solaris-x86 2.7.1 470.80 OK
r-release-linux-x86_64 2.7.1 146.39 189.43 335.82 OK
r-release-windows-ix86+x86_64 2.7.1 262.00 310.00 572.00 OK
r-release-osx-x86_64 2.7.1 NOTE
r-oldrel-windows-ix86+x86_64 2.7.1 177.00 271.00 448.00 OK
r-oldrel-osx-x86_64 2.7.1 NOTE

Check Details

Version: 2.7.1
Check: use of PKG_*FLAGS in Makefiles
Result: NOTE
     PKG_CFLAGS set in 'src/Makevars.win' without any corresponding files
Flavors: r-devel-linux-x86_64-debian-clang, r-devel-linux-x86_64-debian-gcc, r-devel-linux-x86_64-fedora-clang, r-devel-linux-x86_64-fedora-gcc, r-devel-windows-ix86+x86_64

Version: 2.7.1
Check: installed package size
Result: NOTE
     installed size is 31.8Mb
     sub-directories of 1Mb or more:
     R 1.4Mb
     libs 29.4Mb
Flavors: r-devel-linux-x86_64-fedora-clang, r-release-osx-x86_64, r-oldrel-osx-x86_64