CRAN Package Check Results for Package spaMM

Last updated on 2019-03-21 22:51:21 CET.

Flavor Version Tinstall Tcheck Ttotal Status Flags
r-devel-linux-x86_64-debian-clang 2.6.1 122.38 176.37 298.75 WARN
r-devel-linux-x86_64-debian-gcc 2.6.1 119.26 135.81 255.07 OK
r-devel-linux-x86_64-fedora-clang 2.6.1 424.92 NOTE
r-devel-linux-x86_64-fedora-gcc 2.6.1 471.24 OK
r-devel-windows-ix86+x86_64 2.6.1 279.00 253.00 532.00 OK
r-patched-linux-x86_64 2.6.1 136.88 163.59 300.47 OK
r-patched-solaris-x86 2.6.1 416.80 OK
r-release-linux-x86_64 2.6.1 130.76 163.95 294.71 OK
r-release-windows-ix86+x86_64 2.6.1 250.00 190.00 440.00 OK
r-release-osx-x86_64 2.6.1 NOTE
r-oldrel-windows-ix86+x86_64 2.6.1 249.00 265.00 514.00 OK
r-oldrel-osx-x86_64 2.6.1 NOTE

Check Details

Version: 2.6.1
Check: whether package can be installed
Result: WARN
    Found the following significant warnings:
     Warning: unable to re-encode 'HLfit_Internals.R' line 83
     Warning: unable to re-encode 'HLframes.R' line 370
Flavor: r-devel-linux-x86_64-debian-clang

Version: 2.6.1
Check: for unstated dependencies in examples
Result: WARN
    Warning in parse(file = files, n = -1L) :
     invalid input found on input connection 'spaMM-Ex.R'
Flavor: r-devel-linux-x86_64-debian-clang

Version: 2.6.1
Check: installed package size
Result: NOTE
     installed size is 31.6Mb
     sub-directories of 1Mb or more:
     R 1.2Mb
     libs 29.4Mb
Flavors: r-devel-linux-x86_64-fedora-clang, r-release-osx-x86_64, r-oldrel-osx-x86_64