CRAN Package Check Results for Package spaMM

Last updated on 2016-09-24 23:48:26.

Flavor Version Tinstall Tcheck Ttotal Status Flags
r-devel-linux-x86_64-debian-clang 1.10.0 49.39 81.00 130.40 NOTE
r-devel-linux-x86_64-debian-gcc 1.10.0 50.19 82.48 132.68 NOTE
r-devel-linux-x86_64-fedora-clang 1.10.0 259.33 NOTE
r-devel-linux-x86_64-fedora-gcc 1.10.0 253.13 NOTE
r-devel-macos-x86_64-clang 1.10.0 189.17 OK
r-devel-windows-ix86+x86_64 1.10.0 153.00 138.00 291.00 OK
r-patched-linux-x86_64 1.10.0 44.77 84.58 129.35 NOTE
r-patched-solaris-sparc 1.10.0 1172.70 OK
r-patched-solaris-x86 1.10.0 271.00 OK
r-release-linux-x86_64 1.10.0 43.97 83.78 127.75 NOTE
r-release-osx-x86_64-mavericks 1.10.0 NOTE
r-release-windows-ix86+x86_64 1.10.0 118.00 145.00 263.00 OK
r-oldrel-windows-ix86+x86_64 1.10.0 157.00 169.00 326.00 OK

Check Details

Version: 1.10.0
Check: installed package size
Result: NOTE
     installed size is 25.4Mb
     sub-directories of 1Mb or more:
     libs 24.3Mb
Flavors: r-devel-linux-x86_64-debian-clang, r-devel-linux-x86_64-debian-gcc, r-devel-linux-x86_64-fedora-clang, r-devel-linux-x86_64-fedora-gcc, r-patched-linux-x86_64, r-release-linux-x86_64, r-release-osx-x86_64-mavericks