CRAN Package Check Results for Package spaMM

Last updated on 2016-05-29 21:46:54.

Flavor Version Tinstall Tcheck Ttotal Status Flags
r-devel-linux-x86_64-debian-gcc 1.9.0 55.06 78.17 133.23 NOTE
r-devel-linux-x86_64-fedora-clang 1.9.0 129.76 NOTE
r-devel-linux-x86_64-fedora-gcc 1.9.0 134.58 NOTE
r-devel-osx-x86_64-clang 1.9.0 124.85 OK
r-devel-windows-ix86+x86_64 1.9.0 117.00 144.00 261.00 OK
r-patched-linux-x86_64 1.9.0 45.63 78.24 123.87 NOTE
r-patched-solaris-sparc 1.9.0 1155.70 OK
r-patched-solaris-x86 1.9.0 221.60 OK
r-release-linux-x86_64 1.9.0 44.01 76.89 120.90 NOTE
r-release-osx-x86_64-mavericks 1.9.0 NOTE
r-release-windows-ix86+x86_64 1.9.0 161.00 160.00 321.00 OK
r-oldrel-windows-ix86+x86_64 1.9.0 117.00 170.00 287.00 OK

Memtest notes: clang-UBSAN gcc6-UBSAN gcc-UBSAN

Check Details

Version: 1.9.0
Check: installed package size
Result: NOTE
     installed size is 24.6Mb
     sub-directories of 1Mb or more:
     libs 23.6Mb
Flavors: r-devel-linux-x86_64-debian-gcc, r-devel-linux-x86_64-fedora-clang, r-devel-linux-x86_64-fedora-gcc, r-patched-linux-x86_64, r-release-linux-x86_64, r-release-osx-x86_64-mavericks