CRAN Package Check Results for Package spaMM

Last updated on 2015-01-30 09:54:33.

Flavor Version Tinstall Tcheck Ttotal Status Flags
r-devel-linux-x86_64-debian-clang 1.4.1 22.47 81.26 103.73 NOTE
r-devel-linux-x86_64-debian-gcc 1.4.1 26.48 81.00 107.48 NOTE
r-devel-linux-x86_64-fedora-clang 1.4.1 245.71 NOTE
r-devel-linux-x86_64-fedora-gcc 1.4.1 234.89 NOTE
r-devel-osx-x86_64-clang 1.4.1 183.08 NOTE
r-devel-windows-ix86+x86_64 1.4.1 89.00 171.00 260.00 NOTE
r-patched-linux-x86_64 1.4.1 27.32 91.28 118.60 NOTE
r-patched-solaris-sparc 1.4.1 1420.70 NOTE
r-patched-solaris-x86 1.4.1 315.90 NOTE
r-release-linux-ix86 1.4.1 30.19 102.25 132.44 NOTE
r-release-linux-x86_64 1.4.1 27.09 94.14 121.23 NOTE
r-release-osx-x86_64-mavericks 1.4.1 NOTE
r-release-osx-x86_64-snowleopard 1.4.1 NOTE
r-release-windows-ix86+x86_64 1.4.1 73.00 186.00 259.00 OK
r-oldrel-windows-ix86+x86_64 1.4.1 63.00 194.00 257.00 OK

Check Details

Version: 1.4.1
Check: installed package size
Result: NOTE
     installed size is 19.2Mb
     sub-directories of 1Mb or more:
     libs 18.6Mb
Flavors: r-devel-linux-x86_64-debian-clang, r-devel-linux-x86_64-debian-gcc, r-devel-linux-x86_64-fedora-clang, r-devel-linux-x86_64-fedora-gcc, r-patched-linux-x86_64, r-patched-solaris-sparc, r-patched-solaris-x86, r-release-linux-ix86, r-release-linux-x86_64, r-release-osx-x86_64-mavericks, r-release-osx-x86_64-snowleopard

Version: 1.4.1
Check: dependencies in R code
Result: NOTE
    'library' or 'require' call to ‘maps’ in package code.
     Please use :: or requireNamespace() instead.
     See section 'Suggested packages' in the 'Writing R Extensions' manual.
Flavors: r-devel-linux-x86_64-debian-clang, r-devel-linux-x86_64-debian-gcc, r-devel-linux-x86_64-fedora-clang, r-devel-linux-x86_64-fedora-gcc, r-devel-osx-x86_64-clang, r-devel-windows-ix86+x86_64

Version: 1.4.1
Check: S3 generic/method consistency
Result: NOTE
    Found the following apparent S3 methods exported but not registered:
     as.matrix.blockDiag chol.blockDiag print.arglist print.predictor
     t.blockDiag t.identityMatrix coef.corMatern simulate.HLfit vcov.HLfit
    See section ‘Registering S3 methods’ in the ‘Writing R Extensions’
    manual.
Flavors: r-devel-linux-x86_64-debian-clang, r-devel-linux-x86_64-debian-gcc, r-devel-linux-x86_64-fedora-clang, r-devel-linux-x86_64-fedora-gcc, r-devel-osx-x86_64-clang