CRAN Package Check Results for Package spaMM

Last updated on 2017-05-25 23:53:12.

Flavor Version Tinstall Tcheck Ttotal Status Flags
r-devel-linux-x86_64-debian-clang 2.0.0 73.61 96.26 169.87 OK
r-devel-linux-x86_64-debian-gcc 2.0.0 75.98 91.99 167.97 OK
r-devel-linux-x86_64-fedora-clang 2.0.0 337.82 NOTE --no-stop-on-test-error
r-devel-linux-x86_64-fedora-gcc 2.0.0 325.98 NOTE --no-stop-on-test-error
r-devel-windows-ix86+x86_64 2.0.0 165.00 184.00 349.00 OK
r-patched-linux-x86_64 2.0.0 66.03 92.55 158.58 OK
r-patched-solaris-sparc 2.0.0 1406.30 OK
r-patched-solaris-x86 2.0.0 312.10 OK --no-stop-on-test-error
r-release-linux-x86_64 2.0.0 65.81 94.59 160.40 OK
r-release-windows-ix86+x86_64 2.0.0 210.00 168.00 378.00 OK
r-release-osx-x86_64 2.0.0 NOTE
r-oldrel-windows-ix86+x86_64 2.0.0 203.00 152.00 355.00 OK
r-oldrel-osx-x86_64 2.0.0 NOTE

Check Details

Version: 2.0.0
Flags: --no-stop-on-test-error
Check: installed package size
Result: NOTE
     installed size is 34.6Mb
     sub-directories of 1Mb or more:
     libs 33.5Mb
Flavors: r-devel-linux-x86_64-fedora-clang, r-devel-linux-x86_64-fedora-gcc

Version: 2.0.0
Check: package dependencies
Result: NOTE
    Package suggested but not available for checking: ‘rcdd’
Flavor: r-release-osx-x86_64

Version: 2.0.0
Check: installed package size
Result: NOTE
     installed size is 29.0Mb
     sub-directories of 1Mb or more:
     libs 27.9Mb
Flavors: r-release-osx-x86_64, r-oldrel-osx-x86_64