CRAN Package Check Results for Package spaMM

Last updated on 2015-04-28 06:46:49.

Flavor Version Tinstall Tcheck Ttotal Status Flags
r-devel-linux-x86_64-debian-clang 1.5.1 27.29 73.42 100.71 NOTE
r-devel-linux-x86_64-debian-gcc 1.5.1 30.90 72.17 103.07 NOTE
r-devel-linux-x86_64-fedora-clang 1.5.1 213.01 NOTE
r-devel-linux-x86_64-fedora-gcc 1.5.1 196.65 NOTE
r-devel-osx-x86_64-clang 1.5.1 154.31 OK
r-devel-windows-ix86+x86_64 1.5.1 85.00 156.00 241.00 OK
r-patched-linux-x86_64 1.5.1 31.59 71.85 103.44 NOTE
r-patched-solaris-sparc 1.5.1 1243.20 NOTE
r-patched-solaris-x86 1.5.1 270.50 NOTE
r-release-linux-x86_64 1.5.1 32.24 72.90 105.14 NOTE
r-release-osx-x86_64-mavericks 1.5.1 NOTE
r-release-osx-x86_64-snowleopard 1.5.1 ERROR
r-release-windows-ix86+x86_64 1.5.1 113.00 201.00 314.00 OK
r-oldrel-windows-ix86+x86_64 1.5.1 74.00 161.00 235.00 OK

Check Details

Version: 1.5.1
Check: installed package size
Result: NOTE
     installed size is 22.4Mb
     sub-directories of 1Mb or more:
     libs 21.8Mb
Flavors: r-devel-linux-x86_64-debian-clang, r-devel-linux-x86_64-debian-gcc, r-devel-linux-x86_64-fedora-clang, r-devel-linux-x86_64-fedora-gcc, r-patched-solaris-sparc, r-patched-solaris-x86, r-release-linux-x86_64, r-release-osx-x86_64-mavericks

Version: 1.5.1
Check: package dependencies
Result: NOTE
    Package suggested but not available for checking: ‘lme4’
Flavor: r-release-osx-x86_64-mavericks

Version: 1.5.1
Check: package dependencies
Result: ERROR
    Package required but not available: ‘proxy’
    
    See section ‘The DESCRIPTION file’ in the ‘Writing R Extensions’
    manual.
Flavor: r-release-osx-x86_64-snowleopard