CRAN Package Check Results for Package spaMM

Last updated on 2017-04-24 08:48:20.

Flavor Version Tinstall Tcheck Ttotal Status Flags
r-devel-linux-x86_64-debian-clang 2.0.0 60.59 97.61 158.20 OK
r-devel-linux-x86_64-debian-gcc 2.0.0 62.11 95.03 157.13 OK
r-devel-linux-x86_64-fedora-clang 2.0.0 345.94 NOTE --no-stop-on-test-error
r-devel-linux-x86_64-fedora-gcc 2.0.0 306.05 NOTE --no-stop-on-test-error
r-devel-windows-ix86+x86_64 2.0.0 177.00 239.00 416.00 OK
r-patched-linux-x86_64 2.0.0 55.44 99.52 154.96 OK
r-patched-solaris-sparc 2.0.0 1406.30 OK
r-patched-solaris-x86 2.0.0 316.30 OK
r-release-linux-x86_64 2.0.0 54.62 96.35 150.97 OK
r-release-windows-ix86+x86_64 2.0.0 134.00 185.00 319.00 OK
r-release-osx-x86_64 2.0.0 NOTE
r-oldrel-windows-ix86+x86_64 2.0.0 139.00 145.00 284.00 OK
r-oldrel-osx-x86_64 2.0.0 NOTE

Check Details

Version: 2.0.0
Flags: --no-stop-on-test-error
Check: installed package size
Result: NOTE
     installed size is 31.4Mb
     sub-directories of 1Mb or more:
     libs 30.3Mb
Flavors: r-devel-linux-x86_64-fedora-clang, r-devel-linux-x86_64-fedora-gcc

Version: 2.0.0
Check: package dependencies
Result: NOTE
    Package suggested but not available for checking: ‘rcdd’
Flavor: r-release-osx-x86_64

Version: 2.0.0
Check: installed package size
Result: NOTE
     installed size is 29.0Mb
     sub-directories of 1Mb or more:
     libs 27.9Mb
Flavors: r-release-osx-x86_64, r-oldrel-osx-x86_64