CRAN Package Check Results for Package spaMM

Last updated on 2017-01-20 03:47:46.

Flavor Version Tinstall Tcheck Ttotal Status Flags
r-devel-linux-x86_64-debian-clang 1.10.0 49.35 92.07 141.42 OK
r-devel-linux-x86_64-debian-gcc 1.10.0 51.53 89.75 141.28 OK
r-devel-linux-x86_64-fedora-clang 1.10.0 284.24 NOTE --no-stop-on-test-error
r-devel-linux-x86_64-fedora-gcc 1.10.0 269.94 NOTE --no-stop-on-test-error
r-devel-macos-x86_64-clang 1.10.0 203.15 OK --no-stop-on-test-error
r-devel-windows-ix86+x86_64 1.10.0 156.00 156.00 312.00 OK
r-patched-linux-x86_64 1.10.0 44.74 80.37 125.11 OK
r-patched-solaris-sparc 1.10.0 1287.50 OK
r-patched-solaris-x86 1.10.0 263.20 OK
r-release-linux-x86_64 1.10.0 44.62 82.71 127.33 OK
r-release-osx-x86_64-mavericks 1.10.0 NOTE
r-release-windows-ix86+x86_64 1.10.0 123.00 138.00 261.00 OK
r-oldrel-windows-ix86+x86_64 1.10.0 117.00 153.00 270.00 OK

Check Details

Version: 1.10.0
Flags: --no-stop-on-test-error
Check: installed package size
Result: NOTE
     installed size is 25.3Mb
     sub-directories of 1Mb or more:
     libs 24.2Mb
Flavors: r-devel-linux-x86_64-fedora-clang, r-devel-linux-x86_64-fedora-gcc

Version: 1.10.0
Check: installed package size
Result: NOTE
     installed size is 25.3Mb
     sub-directories of 1Mb or more:
     libs 24.3Mb
Flavor: r-release-osx-x86_64-mavericks