CRAN Package Check Results for Package spaMM

Last updated on 2016-08-31 02:48:10.

Flavor Version Tinstall Tcheck Ttotal Status Flags
r-devel-linux-x86_64-debian-clang 1.9.16 49.09 79.65 128.74 NOTE
r-devel-linux-x86_64-debian-gcc 1.9.16 50.04 79.24 129.28 NOTE
r-devel-linux-x86_64-fedora-clang 1.9.16 260.65 NOTE
r-devel-linux-x86_64-fedora-gcc 1.9.16 241.77 NOTE
r-devel-osx-x86_64-clang 1.9.16 190.70 OK
r-devel-windows-ix86+x86_64 1.9.16 167.00 194.00 361.00 OK
r-patched-linux-x86_64 1.9.16 43.53 79.78 123.31 NOTE
r-patched-solaris-sparc 1.9.16 1286.10 OK
r-patched-solaris-x86 1.9.16 263.40 OK
r-release-linux-x86_64 1.9.16 43.34 77.50 120.85 NOTE
r-release-osx-x86_64-mavericks 1.9.16 NOTE
r-release-windows-ix86+x86_64 1.9.16 164.00 195.00 359.00 OK
r-oldrel-windows-ix86+x86_64 1.9.16 149.00 198.00 347.00 OK

Check Details

Version: 1.9.16
Check: installed package size
Result: NOTE
     installed size is 24.2Mb
     sub-directories of 1Mb or more:
     libs 23.2Mb
Flavors: r-devel-linux-x86_64-debian-clang, r-devel-linux-x86_64-debian-gcc, r-devel-linux-x86_64-fedora-clang, r-devel-linux-x86_64-fedora-gcc, r-patched-linux-x86_64, r-release-linux-x86_64, r-release-osx-x86_64-mavericks