CRAN Package Check Results for Package spaMM

Last updated on 2018-02-17 21:49:43 CET.

Flavor Version Tinstall Tcheck Ttotal Status Flags
r-devel-linux-x86_64-debian-clang 2.3.0 117.17 140.73 257.90 OK
r-devel-linux-x86_64-debian-gcc 2.3.0 107.80 107.76 215.56 OK
r-devel-linux-x86_64-fedora-clang 2.3.0 362.51 NOTE
r-devel-linux-x86_64-fedora-gcc 2.3.0 350.64 NOTE
r-devel-windows-ix86+x86_64 2.3.0 176.00 173.00 349.00 OK
r-patched-linux-x86_64 2.3.0 104.54 169.46 274.00 OK
r-patched-solaris-x86 2.3.0 343.40 OK
r-release-linux-x86_64 2.3.0 109.41 164.34 273.75 OK
r-release-windows-ix86+x86_64 2.3.0 221.00 251.00 472.00 OK
r-release-osx-x86_64 2.3.0 NOTE
r-oldrel-windows-ix86+x86_64 2.3.0 159.00 218.00 377.00 OK
r-oldrel-osx-x86_64 2.2.0 NOTE

Check Details

Version: 2.3.0
Check: installed package size
Result: NOTE
     installed size is 36.2Mb
     sub-directories of 1Mb or more:
     libs 34.4Mb
Flavors: r-devel-linux-x86_64-fedora-clang, r-devel-linux-x86_64-fedora-gcc, r-release-osx-x86_64

Version: 2.2.0
Check: installed package size
Result: NOTE
     installed size is 34.1Mb
     sub-directories of 1Mb or more:
     libs 33.0Mb
Flavor: r-oldrel-osx-x86_64