CRAN Package Check Results for Package spaMM

Last updated on 2017-02-20 22:59:24.

Flavor Version Tinstall Tcheck Ttotal Status Flags
r-devel-linux-x86_64-debian-clang 1.10.0 50.67 92.79 143.47 NOTE
r-devel-linux-x86_64-debian-gcc 1.10.0 51.08 91.27 142.35 NOTE
r-devel-linux-x86_64-fedora-clang 1.10.0 293.49 NOTE --no-stop-on-test-error
r-devel-linux-x86_64-fedora-gcc 1.10.0 287.28 NOTE --no-stop-on-test-error
r-devel-macos-x86_64-clang 1.10.0 206.39 NOTE --no-stop-on-test-error
r-devel-windows-ix86+x86_64 1.10.0 175.00 186.00 361.00 OK
r-patched-linux-x86_64 1.10.0 45.41 86.21 131.62 OK
r-patched-solaris-sparc 1.10.0 1287.50 OK
r-patched-solaris-x86 1.10.0 249.50 OK
r-release-linux-x86_64 1.10.0 45.24 85.91 131.15 OK
r-release-osx-x86_64-mavericks 1.10.0 NOTE
r-release-windows-ix86+x86_64 1.10.0 155.00 224.00 379.00 OK
r-oldrel-windows-ix86+x86_64 1.10.0 120.00 152.00 272.00 OK

Check Details

Version: 1.10.0
Check: compiled code
Result: NOTE
    File ‘spaMM/libs/spaMM.so’:
     Found no calls to: ‘R_registerRoutines’, ‘R_useDynamicSymbols’
    
    It is good practice to register native routines and to disable symbol
    search.
    
    See ‘Writing portable packages’ in the ‘Writing R Extensions’ manual.
Flavors: r-devel-linux-x86_64-debian-clang, r-devel-linux-x86_64-debian-gcc

Version: 1.10.0
Flags: --no-stop-on-test-error
Check: installed package size
Result: NOTE
     installed size is 25.3Mb
     sub-directories of 1Mb or more:
     libs 24.2Mb
Flavors: r-devel-linux-x86_64-fedora-clang, r-devel-linux-x86_64-fedora-gcc

Version: 1.10.0
Flags: --no-stop-on-test-error
Check: compiled code
Result: NOTE
    File ‘spaMM/libs/spaMM.so’:
     Found no calls to: ‘R_registerRoutines’, ‘R_useDynamicSymbols’
    
    It is good practice to register native routines and to disable symbol
    search.
    
    See ‘Writing portable packages’ in the ‘Writing R Extensions’ manual.
Flavors: r-devel-linux-x86_64-fedora-clang, r-devel-linux-x86_64-fedora-gcc, r-devel-macos-x86_64-clang

Version: 1.10.0
Check: installed package size
Result: NOTE
     installed size is 25.3Mb
     sub-directories of 1Mb or more:
     libs 24.3Mb
Flavor: r-release-osx-x86_64-mavericks