CRAN Package Check Results for Package spaMM

Last updated on 2017-09-22 05:48:31.

Flavor Version Tinstall Tcheck Ttotal Status Flags
r-devel-linux-x86_64-debian-clang 2.1.6 70.53 92.70 163.23 OK
r-devel-linux-x86_64-debian-gcc 2.1.6 76.78 95.47 172.25 OK
r-devel-linux-x86_64-fedora-clang 2.1.6 349.24 NOTE
r-devel-linux-x86_64-fedora-gcc 2.1.6 354.19 NOTE
r-devel-windows-ix86+x86_64 2.1.6 155.00 180.00 335.00 OK
r-patched-linux-x86_64 2.1.6 75.89 99.47 175.36 OK
r-patched-solaris-x86 2.1.6 347.80 OK
r-release-linux-x86_64 2.1.6 75.48 93.51 168.99 OK
r-release-windows-ix86+x86_64 2.1.6 169.00 191.00 360.00 OK
r-release-osx-x86_64 2.1.6 NOTE
r-oldrel-windows-ix86+x86_64 2.1.6 158.00 153.00 311.00 OK
r-oldrel-osx-x86_64 2.1.6 NOTE

Check Details

Version: 2.1.6
Check: installed package size
Result: NOTE
     installed size is 35.0Mb
     sub-directories of 1Mb or more:
     libs 33.9Mb
Flavors: r-devel-linux-x86_64-fedora-clang, r-devel-linux-x86_64-fedora-gcc, r-release-osx-x86_64, r-oldrel-osx-x86_64