CRAN Package Check Results for Package spaMM

Last updated on 2017-11-25 04:49:45 CET.

Flavor Version Tinstall Tcheck Ttotal Status Flags
r-devel-linux-x86_64-debian-clang 2.2.0 92.73 206.19 298.92 OK
r-devel-linux-x86_64-debian-gcc 2.2.0 84.13 181.29 265.41 OK
r-devel-linux-x86_64-fedora-clang 2.2.0 307.95 NOTE
r-devel-linux-x86_64-fedora-gcc 2.2.0 312.02 NOTE
r-devel-windows-ix86+x86_64 2.2.0 152.00 184.00 336.00 OK
r-patched-linux-x86_64 2.2.0 97.98 232.95 330.92 OK
r-patched-solaris-x86 2.2.0 333.20 OK
r-release-linux-x86_64 2.2.0 99.91 226.90 326.81 OK
r-release-windows-ix86+x86_64 2.2.0 169.00 170.00 339.00 OK
r-release-osx-x86_64 2.2.0 NOTE
r-oldrel-windows-ix86+x86_64 2.2.0 159.00 168.00 327.00 OK
r-oldrel-osx-x86_64 2.2.0 NOTE

Check Details

Version: 2.2.0
Check: installed package size
Result: NOTE
     installed size is 34.7Mb
     sub-directories of 1Mb or more:
     libs 33.6Mb
Flavors: r-devel-linux-x86_64-fedora-clang, r-devel-linux-x86_64-fedora-gcc, r-release-osx-x86_64, r-oldrel-osx-x86_64