CRAN Package Check Results for Package spaMM

Last updated on 2016-02-06 18:50:46.

Flavor Version Tinstall Tcheck Ttotal Status Flags
r-devel-linux-x86_64-debian-gcc 1.7.2 32.60 82.71 115.31 NOTE
r-devel-linux-x86_64-fedora-clang 1.7.2 224.25 NOTE
r-devel-linux-x86_64-fedora-gcc 1.7.2 215.22 NOTE
r-devel-osx-x86_64-clang 1.7.2 222.20 OK
r-devel-windows-ix86+x86_64 1.7.2 106.00 201.00 307.00 OK
r-patched-linux-x86_64 1.7.2 32.46 84.30 116.77 NOTE
r-patched-solaris-sparc 1.7.2 1140.40 OK
r-patched-solaris-x86 1.7.2 252.10 OK
r-release-linux-x86_64 1.7.2 31.60 83.74 115.34 NOTE
r-release-osx-x86_64-mavericks 1.7.2 NOTE
r-release-windows-ix86+x86_64 1.7.2 82.00 165.00 247.00 OK
r-oldrel-windows-ix86+x86_64 1.7.2 114.00 194.00 308.00 OK

Check Details

Version: 1.7.2
Check: installed package size
Result: NOTE
     installed size is 22.0Mb
     sub-directories of 1Mb or more:
     libs 21.1Mb
Flavors: r-devel-linux-x86_64-debian-gcc, r-devel-linux-x86_64-fedora-clang, r-devel-linux-x86_64-fedora-gcc, r-patched-linux-x86_64, r-release-linux-x86_64, r-release-osx-x86_64-mavericks