CRAN Package Check Results for Package spaMM

Last updated on 2016-04-30 06:47:43.

Flavor Version Tinstall Tcheck Ttotal Status Flags
r-devel-linux-x86_64-debian-gcc 1.8.0 36.79 77.42 114.21 NOTE
r-devel-linux-x86_64-fedora-clang 1.8.0 230.41 NOTE
r-devel-linux-x86_64-fedora-gcc 1.8.0 209.66 NOTE
r-devel-osx-x86_64-clang 1.8.0 233.99 OK
r-devel-windows-ix86+x86_64 1.8.0 110.00 149.00 259.00 ERROR
r-patched-linux-x86_64 1.8.0 37.48 76.53 114.01 NOTE
r-patched-solaris-sparc 1.8.0 1123.60 OK
r-patched-solaris-x86 1.8.0 244.70 OK
r-release-linux-x86_64 1.8.0 37.39 80.69 118.08 NOTE
r-release-osx-x86_64-mavericks 1.8.0 NOTE
r-release-windows-ix86+x86_64 1.8.0 99.00 157.00 256.00 OK
r-oldrel-windows-ix86+x86_64 1.8.0 138.00 262.00 400.00 OK

Check Details

Version: 1.8.0
Check: installed package size
Result: NOTE
     installed size is 22.6Mb
     sub-directories of 1Mb or more:
     libs 21.7Mb
Flavors: r-devel-linux-x86_64-debian-gcc, r-devel-linux-x86_64-fedora-clang, r-devel-linux-x86_64-fedora-gcc, r-patched-linux-x86_64, r-release-linux-x86_64, r-release-osx-x86_64-mavericks

Version: 1.8.0
Check: running examples for arch ‘i386’
Result: ERROR
    Running examples in 'spaMM-Ex.R' failed
    The error most likely occurred in:
    
    > ### Name: spaMM_glm.fit
    > ### Title: Fitting generalized linear models without initial-value or
    > ### divergence headaches
    > ### Aliases: spaMM_glm.fit spaMM_glm
    > ### Keywords: models regression
    >
    > ### ** Examples
    >
    > # glm() failures checked in R-devel version (2016-03-21 r70361)
    > x <- c(8.752,20.27,24.71,32.88,27.27,19.09)
    > y <- c(5254,35.92,84.14,641.8,1.21,47.2)
    > ## Not run:
    > ##D # fails:
    > ##D glm(y~ x,data=data.frame(x,y),family=Gamma(log))
    > ## End(Not run)
    > spaMM_glm(y~ x,data=data.frame(x,y),family=Gamma(log))
Flavor: r-devel-windows-ix86+x86_64