Last updated on 2022-07-06 17:49:16 CEST.
Flavor | Version | Tinstall | Tcheck | Ttotal | Status | Flags |
---|---|---|---|---|---|---|
r-devel-linux-x86_64-debian-clang | 3.12.0 | 214.09 | 329.49 | 543.58 | OK | |
r-devel-linux-x86_64-debian-gcc | 3.12.0 | 173.44 | 247.94 | 421.38 | OK | |
r-devel-linux-x86_64-fedora-clang | 3.12.0 | 695.12 | NOTE | |||
r-devel-linux-x86_64-fedora-gcc | 3.12.0 | 694.71 | OK | |||
r-devel-windows-x86_64 | 3.12.0 | 250.00 | 342.00 | 592.00 | NOTE | |
r-patched-linux-x86_64 | 3.12.0 | 157.23 | 328.56 | 485.79 | OK | |
r-release-linux-x86_64 | 3.12.0 | 147.80 | 320.13 | 467.93 | OK | |
r-release-macos-arm64 | 3.12.0 | 151.00 | NOTE | |||
r-release-macos-x86_64 | 3.12.0 | 202.00 | NOTE | |||
r-release-windows-x86_64 | 3.12.0 | 172.00 | 368.00 | 540.00 | OK | |
r-oldrel-macos-arm64 | 3.12.0 | 119.00 | NOTE | |||
r-oldrel-macos-x86_64 | 3.12.0 | 203.00 | NOTE | |||
r-oldrel-windows-ix86+x86_64 | 3.12.0 | 420.00 | 453.00 | 873.00 | NOTE |
Version: 3.12.0
Check: installed package size
Result: NOTE
installed size is 35.1Mb
sub-directories of 1Mb or more:
R 2.2Mb
libs 31.7Mb
Flavors: r-devel-linux-x86_64-fedora-clang, r-devel-windows-x86_64, r-release-macos-arm64, r-release-macos-x86_64, r-oldrel-macos-arm64, r-oldrel-macos-x86_64, r-oldrel-windows-ix86+x86_64