CRAN Package Check Results for Package spaMM

Last updated on 2020-01-28 10:51:07 CET.

Flavor Version Tinstall Tcheck Ttotal Status Flags
r-devel-linux-x86_64-debian-clang 3.0.0 154.92 201.19 356.11 OK
r-devel-linux-x86_64-debian-gcc 3.0.0 132.94 158.89 291.83 WARN
r-devel-linux-x86_64-fedora-clang 3.0.0 457.24 WARN
r-devel-linux-x86_64-fedora-gcc 3.0.0 471.58 OK
r-devel-windows-ix86+x86_64 3.0.0 230.00 319.00 549.00 OK
r-devel-windows-ix86+x86_64-gcc8 3.0.0 334.00 387.00 721.00 NOTE
r-patched-linux-x86_64 3.0.0 OK
r-patched-solaris-x86 3.0.0 418.20 OK
r-release-linux-x86_64 3.0.0 143.52 186.80 330.32 OK
r-release-windows-ix86+x86_64 3.0.0 224.00 229.00 453.00 OK
r-release-osx-x86_64 3.0.0 NOTE
r-oldrel-windows-ix86+x86_64 3.0.0 274.00 250.00 524.00 OK
r-oldrel-osx-x86_64 3.0.0 NOTE

Check Details

Version: 3.0.0
Check: data for non-ASCII characters
Result: WARN
     Error loading dataset 'oceanmask':
     Error in .requirePackage(package) : unable to find required package 'sp'
    
     Error loading dataset 'worldcountries':
     Error in .requirePackage(package) : unable to find required package 'sp'
    
     The dataset(s) may use package(s) not declared in Depends/Imports.
Flavors: r-devel-linux-x86_64-debian-gcc, r-devel-linux-x86_64-fedora-clang

Version: 3.0.0
Check: installed package size
Result: NOTE
     installed size is 34.5Mb
     sub-directories of 1Mb or more:
     R 1.4Mb
     libs 32.1Mb
Flavors: r-devel-linux-x86_64-fedora-clang, r-devel-windows-ix86+x86_64-gcc8, r-release-osx-x86_64, r-oldrel-osx-x86_64