CRAN Package Check Results for Package spaMM

Last updated on 2016-06-28 23:50:56.

Flavor Version Tinstall Tcheck Ttotal Status Flags
r-devel-linux-x86_64-debian-gcc 1.9.0 57.73 82.53 140.26 NOTE
r-devel-linux-x86_64-fedora-clang 1.9.0 250.50 NOTE
r-devel-linux-x86_64-fedora-gcc 1.9.0 231.68 NOTE
r-devel-osx-x86_64-clang 1.9.0 184.34 OK
r-devel-windows-ix86+x86_64 1.9.0 120.00 134.00 254.00 OK
r-patched-linux-x86_64 1.9.0 45.83 81.06 126.89 NOTE
r-patched-solaris-sparc 1.9.0 1274.50 NOTE
r-patched-solaris-x86 1.9.0 255.90 NOTE
r-release-linux-x86_64 1.9.0 43.11 80.62 123.74 NOTE
r-release-osx-x86_64-mavericks 1.9.0 NOTE
r-release-windows-ix86+x86_64 1.9.0 164.00 132.00 296.00 OK
r-oldrel-windows-ix86+x86_64 1.9.0 155.00 157.00 312.00 OK

Memtest notes: clang-UBSAN gcc6-UBSAN gcc-UBSAN

Check Details

Version: 1.9.0
Check: installed package size
Result: NOTE
     installed size is 24.6Mb
     sub-directories of 1Mb or more:
     libs 23.6Mb
Flavors: r-devel-linux-x86_64-debian-gcc, r-devel-linux-x86_64-fedora-clang, r-devel-linux-x86_64-fedora-gcc, r-patched-linux-x86_64, r-patched-solaris-sparc, r-patched-solaris-x86, r-release-linux-x86_64, r-release-osx-x86_64-mavericks