CRAN Package Check Results for Package spaMM

Last updated on 2014-08-20 08:47:54.

Flavor Version Tinstall Tcheck Ttotal Status Flags
r-devel-linux-x86_64-debian-clang 1.2.0 21.32 97.36 118.69 NOTE
r-devel-linux-x86_64-debian-gcc 1.2.0 26.84 92.33 119.17 NOTE
r-devel-linux-x86_64-fedora-clang 1.2.0 263.00 NOTE
r-devel-linux-x86_64-fedora-gcc 1.2.0 259.90 NOTE
r-devel-osx-x86_64-clang 1.2.0 184.64 NOTE
r-devel-windows-ix86+x86_64 1.2.0 70.00 195.00 265.00 OK
r-patched-linux-x86_64 1.2.0 27.04 94.60 121.63 NOTE
r-patched-solaris-sparc 1.2.0 1775.80 NOTE
r-patched-solaris-x86 1.2.0 346.40 NOTE
r-release-linux-ix86 1.2.0 31.10 118.77 149.88 NOTE
r-release-linux-x86_64 1.2.0 27.04 94.55 121.58 NOTE
r-release-osx-x86_64-mavericks 1.2.0 NOTE
r-release-osx-x86_64-snowleopard 1.2.0 NOTE
r-release-windows-ix86+x86_64 1.2.0 73.00 207.00 280.00 OK
r-oldrel-windows-ix86+x86_64 1.2.0 69.00 206.00 275.00 OK

Check Details

Version: 1.2.0
Check: installed package size
Result: NOTE
     installed size is 17.8Mb
     sub-directories of 1Mb or more:
     libs 17.2Mb
Flavors: r-devel-linux-x86_64-debian-clang, r-devel-linux-x86_64-debian-gcc, r-devel-linux-x86_64-fedora-clang, r-devel-linux-x86_64-fedora-gcc, r-patched-linux-x86_64, r-patched-solaris-sparc, r-patched-solaris-x86, r-release-linux-ix86, r-release-linux-x86_64, r-release-osx-x86_64-mavericks, r-release-osx-x86_64-snowleopard

Version: 1.2.0
Check: R code for possible problems
Result: NOTE
    Initialize.corMatern: no visible global function definition for
     ‘getGroupsFormula’
    Initialize.corMatern: no visible global function definition for
     ‘getGroups’
    Initialize.corMatern: no visible global function definition for ‘Dim’
    Initialize.corMatern: no visible global function definition for
     ‘getCovariate’
    Initialize.corMatern: no visible global function definition for
     ‘corFactor’
    Variogram.corMatern: no visible global function definition for
     ‘getCovariate’
    as.blockDiag.bar: no visible global function definition for ‘getGroups’
    as.blockDiag.formula: no visible global function definition for
     ‘getGroups’
    coef<-.corMatern: no visible global function definition for
     ‘getCovariate’
    corFactor.corMatern: no visible global function definition for ‘Dim’
    corFactor.corMatern: no visible global function definition for
     ‘getCovariate’
    corMatrix.corMatern: no visible global function definition for
     ‘getCovariate’
    corMatrix.corMatern: no visible global function definition for ‘Dim’
    filled.mapMM: no visible global function definition for ‘map’
    getCovariate.corMatern: no visible global function definition for
     ‘getCovariateFormula’
    getCovariate.corMatern: no visible global function definition for
     ‘getGroupsFormula’
    getCovariate.corMatern: no visible global function definition for
     ‘getGroups’
    logDet.corMatern: no visible global function definition for
     ‘getCovariate’
    logDet.corMatern: no visible global function definition for ‘corMatrix’
    mapMM: no visible global function definition for ‘map’
    recalc.corMatern: no visible global function definition for ‘Dim’
    recalc.corMatern: no visible global function definition for
     ‘getCovariate’
Flavors: r-devel-linux-x86_64-fedora-clang, r-devel-linux-x86_64-fedora-gcc, r-devel-osx-x86_64-clang