CRAN Package Check Results for Package spaMM

Last updated on 2020-09-23 15:28:16 CEST.

Flavor Version Tinstall Tcheck Ttotal Status Flags
r-devel-linux-x86_64-debian-clang 3.4.1 184.35 248.09 432.44 OK
r-devel-linux-x86_64-debian-gcc 3.4.1 154.43 196.45 350.88 OK
r-devel-linux-x86_64-fedora-clang 3.4.1 568.99 NOTE
r-devel-linux-x86_64-fedora-gcc 3.4.1 554.53 OK
r-devel-windows-ix86+x86_64 3.4.1 347.00 353.00 700.00 NOTE
r-patched-linux-x86_64 3.4.1 165.13 233.13 398.26 OK
r-patched-solaris-x86 3.4.1 504.30 OK
r-release-linux-x86_64 3.4.1 171.84 238.47 410.31 OK
r-release-macos-x86_64 3.4.1 NOTE
r-release-windows-ix86+x86_64 3.4.1 297.00 382.00 679.00 NOTE
r-oldrel-macos-x86_64 3.4.1 NOTE
r-oldrel-windows-ix86+x86_64 3.4.1 219.00 326.00 545.00 OK

Check Details

Version: 3.4.1
Check: installed package size
Result: NOTE
     installed size is 37.7Mb
     sub-directories of 1Mb or more:
     R 1.7Mb
     libs 35.1Mb
Flavors: r-devel-linux-x86_64-fedora-clang, r-devel-windows-ix86+x86_64, r-release-macos-x86_64, r-release-windows-ix86+x86_64, r-oldrel-macos-x86_64