CRAN Package Check Results for Package spaMM

Last updated on 2016-07-27 03:50:04.

Flavor Version Tinstall Tcheck Ttotal Status Flags
r-devel-linux-x86_64-debian-clang 1.9.16 62.62 93.21 155.82 NOTE
r-devel-linux-x86_64-debian-gcc 1.9.16 61.66 88.31 149.97 NOTE
r-devel-linux-x86_64-fedora-clang 1.9.16 277.12 NOTE
r-devel-linux-x86_64-fedora-gcc 1.9.16 231.38 NOTE
r-devel-osx-x86_64-clang 1.9.16 188.57 OK
r-devel-windows-ix86+x86_64 1.9.16 157.00 187.00 344.00 OK
r-patched-linux-x86_64 1.9.16 49.57 91.10 140.67 NOTE
r-patched-solaris-sparc 1.9.16 1286.10 OK
r-patched-solaris-x86 1.9.16 229.30 OK
r-release-linux-x86_64 1.9.16 51.41 88.29 139.70 NOTE
r-release-osx-x86_64-mavericks 1.9.16 NOTE
r-release-windows-ix86+x86_64 1.9.16 156.00 189.00 345.00 OK
r-oldrel-windows-ix86+x86_64 1.9.16 153.00 204.00 357.00 OK

Check Details

Version: 1.9.16
Check: installed package size
Result: NOTE
     installed size is 24.3Mb
     sub-directories of 1Mb or more:
     libs 23.3Mb
Flavors: r-devel-linux-x86_64-debian-clang, r-devel-linux-x86_64-debian-gcc, r-devel-linux-x86_64-fedora-clang, r-devel-linux-x86_64-fedora-gcc, r-patched-linux-x86_64, r-release-linux-x86_64, r-release-osx-x86_64-mavericks