CRAN Package Check Results for Package spaMM

Last updated on 2014-10-25 23:46:53.

Flavor Version Tinstall Tcheck Ttotal Status Flags
r-devel-linux-x86_64-debian-clang 1.3.0 23.24 81.48 104.72 NOTE
r-devel-linux-x86_64-debian-gcc 1.3.0 27.06 80.06 107.12 NOTE
r-devel-linux-x86_64-fedora-clang 1.3.0 235.38 NOTE
r-devel-linux-x86_64-fedora-gcc 1.3.0 229.89 NOTE
r-devel-osx-x86_64-clang 1.3.0 171.05 OK
r-devel-windows-ix86+x86_64 1.3.0 71.00 167.00 238.00 OK
r-patched-linux-x86_64 1.3.0 27.57 90.66 118.23 NOTE
r-patched-solaris-sparc 1.3.0 1258.30 NOTE
r-patched-solaris-x86 1.3.0 304.70 NOTE
r-release-linux-ix86 1.3.0 31.45 105.77 137.22 NOTE
r-release-linux-x86_64 1.3.0 27.31 87.84 115.16 NOTE
r-release-osx-x86_64-mavericks 1.3.0 NOTE
r-release-osx-x86_64-snowleopard 1.3.0 NOTE
r-release-windows-ix86+x86_64 1.3.0 84.00 181.00 265.00 OK
r-oldrel-windows-ix86+x86_64 1.3.0 66.00 175.00 241.00 OK

Check Details

Version: 1.3.0
Check: installed package size
Result: NOTE
     installed size is 19.1Mb
     sub-directories of 1Mb or more:
     libs 18.5Mb
Flavors: r-devel-linux-x86_64-debian-clang, r-devel-linux-x86_64-debian-gcc, r-devel-linux-x86_64-fedora-clang, r-devel-linux-x86_64-fedora-gcc, r-patched-linux-x86_64, r-patched-solaris-sparc, r-patched-solaris-x86, r-release-linux-ix86, r-release-linux-x86_64, r-release-osx-x86_64-mavericks, r-release-osx-x86_64-snowleopard