CRAN Package Check Results for Package spaMM

Last updated on 2018-06-25 16:50:15 CEST.

Flavor Version Tinstall Tcheck Ttotal Status Flags
r-devel-linux-x86_64-debian-clang 2.4.35 124.17 131.19 255.36 OK
r-devel-linux-x86_64-debian-gcc 2.4.35 111.62 122.53 234.15 OK
r-devel-linux-x86_64-fedora-clang 2.4.35 381.60 NOTE
r-devel-linux-x86_64-fedora-gcc 2.4.35 368.66 OK
r-devel-windows-ix86+x86_64 2.4.35 254.00 197.00 451.00 OK
r-patched-linux-x86_64 2.4.35 131.43 147.47 278.90 OK
r-patched-solaris-x86 2.4.35 363.30 OK
r-release-linux-x86_64 2.4.35 132.42 145.50 277.92 OK
r-release-windows-ix86+x86_64 2.4.35 251.00 172.00 423.00 OK
r-release-osx-x86_64 2.4.35 NOTE
r-oldrel-windows-ix86+x86_64 2.4.35 175.00 165.00 340.00 OK
r-oldrel-osx-x86_64 2.4.8 NOTE

Check Details

Version: 2.4.35
Check: installed package size
Result: NOTE
     installed size is 36.4Mb
     sub-directories of 1Mb or more:
     R 1.0Mb
     libs 34.4Mb
Flavors: r-devel-linux-x86_64-fedora-clang, r-release-osx-x86_64

Version: 2.4.8
Check: installed package size
Result: NOTE
     installed size is 32.4Mb
     sub-directories of 1Mb or more:
     libs 30.6Mb
Flavor: r-oldrel-osx-x86_64