CRAN Package Check Results for Package spaMM

Last updated on 2015-05-26 04:47:11.

Flavor Version Tinstall Tcheck Ttotal Status Flags
r-devel-linux-x86_64-debian-clang 1.5.1 26.84 77.06 103.90 NOTE
r-devel-linux-x86_64-debian-gcc 1.5.1 31.95 71.09 103.04 NOTE
r-devel-linux-x86_64-fedora-clang 1.5.1 208.31 NOTE
r-devel-linux-x86_64-fedora-gcc 1.5.1 188.61 NOTE
r-devel-osx-x86_64-clang 1.5.1 157.01 OK
r-devel-windows-ix86+x86_64 1.5.1 84.00 149.00 233.00 OK
r-patched-linux-x86_64 1.5.1 32.24 71.15 103.39 NOTE
r-patched-solaris-sparc 1.5.1 1249.50 NOTE
r-patched-solaris-x86 1.5.1 272.60 NOTE
r-release-linux-x86_64 1.5.1 31.44 70.89 102.33 NOTE
r-release-osx-x86_64-mavericks 1.5.1 NOTE
r-release-osx-x86_64-snowleopard 1.5.1 ERROR
r-release-windows-ix86+x86_64 1.5.1 81.00 164.00 245.00 OK
r-oldrel-windows-ix86+x86_64 1.5.1 75.00 160.00 235.00 OK

Check Details

Version: 1.5.1
Check: installed package size
Result: NOTE
     installed size is 22.5Mb
     sub-directories of 1Mb or more:
     libs 21.8Mb
Flavors: r-devel-linux-x86_64-debian-clang, r-devel-linux-x86_64-debian-gcc, r-devel-linux-x86_64-fedora-clang, r-devel-linux-x86_64-fedora-gcc, r-patched-linux-x86_64, r-patched-solaris-sparc, r-patched-solaris-x86, r-release-linux-x86_64, r-release-osx-x86_64-mavericks

Version: 1.5.1
Check: package dependencies
Result: NOTE
    Package suggested but not available for checking: ‘lme4’
Flavor: r-release-osx-x86_64-mavericks

Version: 1.5.1
Check: package dependencies
Result: ERROR
    Package required but not available: ‘proxy’
    
    See section ‘The DESCRIPTION file’ in the ‘Writing R Extensions’
    manual.
Flavor: r-release-osx-x86_64-snowleopard