CRAN Package Check Results for Package spaMM

Last updated on 2014-12-20 19:48:32.

Flavor Version Tinstall Tcheck Ttotal Status Flags
r-devel-linux-x86_64-debian-clang 1.4.1 23.44 90.42 113.86 NOTE
r-devel-linux-x86_64-debian-gcc 1.4.1 27.44 84.29 111.74 NOTE
r-devel-linux-x86_64-fedora-clang 1.4.1 252.89 NOTE
r-devel-linux-x86_64-fedora-gcc 1.4.1 227.83 NOTE
r-devel-osx-x86_64-clang 1.4.1 186.73 OK
r-devel-windows-ix86+x86_64 1.4.1 70.00 168.00 238.00 OK
r-patched-linux-x86_64 1.4.1 27.00 94.02 121.02 NOTE
r-patched-solaris-sparc 1.4.1 1341.80 NOTE
r-patched-solaris-x86 1.4.1 312.60 NOTE
r-release-linux-ix86 1.4.1 30.12 101.60 131.73 NOTE
r-release-linux-x86_64 1.4.1 27.60 94.80 122.39 NOTE
r-release-osx-x86_64-mavericks 1.4.1 NOTE
r-release-osx-x86_64-snowleopard 1.4.1 NOTE
r-release-windows-ix86+x86_64 1.4.1 82.00 178.00 260.00 OK
r-oldrel-windows-ix86+x86_64 1.4.1 72.00 197.00 269.00 OK

Check Details

Version: 1.4.1
Check: installed package size
Result: NOTE
     installed size is 19.2Mb
     sub-directories of 1Mb or more:
     libs 18.5Mb
Flavors: r-devel-linux-x86_64-debian-clang, r-devel-linux-x86_64-debian-gcc, r-devel-linux-x86_64-fedora-clang, r-devel-linux-x86_64-fedora-gcc, r-patched-linux-x86_64, r-patched-solaris-sparc, r-patched-solaris-x86, r-release-linux-ix86, r-release-linux-x86_64, r-release-osx-x86_64-mavericks, r-release-osx-x86_64-snowleopard