CRAN Package Check Results for Package spaMM

Last updated on 2018-04-24 19:54:42 CEST.

Flavor Version Tinstall Tcheck Ttotal Status Flags
r-devel-linux-x86_64-debian-clang 2.4.8 120.39 140.19 260.58 OK
r-devel-linux-x86_64-debian-gcc 2.4.8 119.61 110.15 229.76 OK
r-devel-linux-x86_64-fedora-clang 2.4.8 371.92 NOTE
r-devel-linux-x86_64-fedora-gcc 2.4.8 359.71 NOTE
r-devel-windows-ix86+x86_64 2.4.8 245.00 172.00 417.00 OK
r-patched-linux-x86_64 2.4.8 128.51 142.18 270.69 OK
r-patched-solaris-x86 2.4.8 368.40 OK
r-release-linux-x86_64 2.4.8 132.61 139.55 272.16 OK
r-release-windows-ix86+x86_64 2.4.8 245.00 172.00 417.00 OK
r-release-osx-x86_64 2.4.8 NOTE
r-oldrel-windows-ix86+x86_64 2.4.8 185.00 228.00 413.00 OK
r-oldrel-osx-x86_64 2.4.8 NOTE

Check Details

Version: 2.4.8
Check: installed package size
Result: NOTE
     installed size is 36.3Mb
     sub-directories of 1Mb or more:
     libs 34.4Mb
Flavors: r-devel-linux-x86_64-fedora-clang, r-devel-linux-x86_64-fedora-gcc, r-release-osx-x86_64, r-oldrel-osx-x86_64