CRAN Package Check Results for Package spaMM

Last updated on 2017-07-25 03:49:51.

Flavor Version Tinstall Tcheck Ttotal Status Flags
r-devel-linux-x86_64-debian-clang 2.1.6 73.02 106.19 179.21 OK
r-devel-linux-x86_64-debian-gcc 2.1.6 74.19 103.25 177.43 OK
r-devel-linux-x86_64-fedora-clang 2.1.6 342.51 NOTE
r-devel-linux-x86_64-fedora-gcc 2.1.6 364.76 NOTE
r-devel-windows-ix86+x86_64 2.1.6 171.00 194.00 365.00 OK
r-patched-linux-x86_64 2.1.6 75.48 104.68 180.15 OK
r-patched-solaris-x86 2.1.6 352.70 OK
r-release-linux-x86_64 2.1.6 75.06 102.41 177.46 OK
r-release-windows-ix86+x86_64 2.1.6 158.00 246.00 404.00 OK
r-release-osx-x86_64 2.1.0 NOTE
r-oldrel-windows-ix86+x86_64 2.1.6 162.00 169.00 331.00 OK
r-oldrel-osx-x86_64 2.1.6 NOTE

Check Details

Version: 2.1.6
Check: installed package size
Result: NOTE
     installed size is 34.6Mb
     sub-directories of 1Mb or more:
     libs 33.5Mb
Flavors: r-devel-linux-x86_64-fedora-clang, r-devel-linux-x86_64-fedora-gcc, r-oldrel-osx-x86_64

Version: 2.1.0
Check: package dependencies
Result: NOTE
    Package suggested but not available for checking: ‘rcdd’
Flavor: r-release-osx-x86_64

Version: 2.1.0
Check: installed package size
Result: NOTE
     installed size is 31.5Mb
     sub-directories of 1Mb or more:
     libs 30.5Mb
Flavor: r-release-osx-x86_64