CRAN Package Check Results for Package spaMM

Last updated on 2015-03-05 19:48:06.

Flavor Version Tinstall Tcheck Ttotal Status Flags
r-devel-linux-x86_64-debian-clang 1.5.1 25.68 73.56 99.24 NOTE
r-devel-linux-x86_64-debian-gcc 1.5.1 31.22 70.84 102.06 NOTE
r-devel-linux-x86_64-fedora-clang 1.5.1 205.81 NOTE
r-devel-linux-x86_64-fedora-gcc 1.5.1 199.03 NOTE
r-devel-osx-x86_64-clang 1.5.1 160.11 OK
r-devel-windows-ix86+x86_64 1.5.1 80.00 139.00 219.00 OK
r-patched-linux-x86_64 1.5.1 33.08 85.68 118.76 NOTE
r-patched-solaris-sparc 1.5.1 1456.90 NOTE
r-patched-solaris-x86 1.5.1 320.30 NOTE
r-release-linux-ix86 1.5.1 35.92 98.54 134.46 NOTE
r-release-linux-x86_64 1.5.1 32.36 86.06 118.42 NOTE
r-release-osx-x86_64-mavericks 1.5.1 NOTE
r-release-osx-x86_64-snowleopard 1.5.1 NOTE
r-release-windows-ix86+x86_64 1.5.1 78.00 182.00 260.00 OK
r-oldrel-windows-ix86+x86_64 1.5.1 79.00 180.00 259.00 OK

Check Details

Version: 1.5.1
Check: installed package size
Result: NOTE
     installed size is 22.7Mb
     sub-directories of 1Mb or more:
     libs 22.1Mb
Flavors: r-devel-linux-x86_64-debian-clang, r-devel-linux-x86_64-debian-gcc, r-devel-linux-x86_64-fedora-clang, r-devel-linux-x86_64-fedora-gcc, r-patched-linux-x86_64, r-patched-solaris-sparc, r-patched-solaris-x86, r-release-linux-ix86, r-release-linux-x86_64, r-release-osx-x86_64-mavericks, r-release-osx-x86_64-snowleopard