CRAN Package Check Results for Package spaMM

Last updated on 2014-11-26 17:51:43.

Flavor Version Tinstall Tcheck Ttotal Status Flags
r-devel-linux-x86_64-debian-clang 1.4.1 23.00 88.58 111.58 NOTE
r-devel-linux-x86_64-debian-gcc 1.4.1 26.65 86.46 113.11 NOTE
r-devel-linux-x86_64-fedora-clang 1.4.1 247.94 NOTE
r-devel-linux-x86_64-fedora-gcc 1.4.1 246.64 NOTE
r-devel-osx-x86_64-clang 1.4.1 185.80 OK
r-devel-windows-ix86+x86_64 1.4.1 71.00 173.00 244.00 OK
r-patched-linux-x86_64 1.4.1 27.08 92.12 119.20 NOTE
r-patched-solaris-sparc 1.4.1 1341.80 NOTE
r-patched-solaris-x86 1.4.1 315.60 NOTE
r-release-linux-ix86 1.4.1 30.06 101.93 131.99 NOTE
r-release-linux-x86_64 1.4.1 28.26 90.79 119.05 NOTE
r-release-osx-x86_64-mavericks 1.4.1 NOTE
r-release-osx-x86_64-snowleopard 1.4.1 NOTE
r-release-windows-ix86+x86_64 1.4.1 68.00 191.00 259.00 OK
r-oldrel-windows-ix86+x86_64 1.4.1 67.00 186.00 253.00 OK

Check Details

Version: 1.4.1
Check: installed package size
Result: NOTE
     installed size is 19.2Mb
     sub-directories of 1Mb or more:
     libs 18.5Mb
Flavors: r-devel-linux-x86_64-debian-clang, r-devel-linux-x86_64-debian-gcc, r-devel-linux-x86_64-fedora-clang, r-devel-linux-x86_64-fedora-gcc, r-patched-linux-x86_64, r-patched-solaris-sparc, r-patched-solaris-x86, r-release-linux-ix86, r-release-linux-x86_64, r-release-osx-x86_64-mavericks, r-release-osx-x86_64-snowleopard