CRAN Package Check Results for Package spaMM

Last updated on 2014-07-24 17:49:09.

Flavor Version Tinstall Tcheck Ttotal Status Flags
r-devel-linux-x86_64-debian-clang 1.2.0 22.52 95.84 118.37 NOTE
r-devel-linux-x86_64-debian-gcc 1.2.0 27.40 90.65 118.05 NOTE
r-devel-linux-x86_64-fedora-clang 1.2.0 256.43 NOTE
r-devel-linux-x86_64-fedora-gcc 1.2.0 252.52 NOTE
r-devel-osx-x86_64-clang 1.2.0 187.48 OK
r-devel-windows-ix86+x86_64 1.2.0 67.00 188.00 255.00 OK
r-patched-linux-x86_64 1.2.0 27.00 97.96 124.96 NOTE
r-patched-solaris-sparc 1.2.0 1592.00 NOTE
r-patched-solaris-x86 1.2.0 345.30 NOTE
r-release-linux-ix86 1.2.0 31.22 127.88 159.09 NOTE
r-release-linux-x86_64 1.2.0 27.39 95.55 122.94 NOTE
r-release-osx-x86_64-mavericks 1.2.0 NOTE
r-release-osx-x86_64-snowleopard 1.2.0 NOTE
r-release-windows-ix86+x86_64 1.2.0 68.00 211.00 279.00 OK
r-oldrel-windows-ix86+x86_64 1.2.0 71.00 207.00 278.00 OK

Check Details

Version: 1.2.0
Check: installed package size
Result: NOTE
     installed size is 17.8Mb
     sub-directories of 1Mb or more:
     libs 17.2Mb
Flavors: r-devel-linux-x86_64-debian-clang, r-devel-linux-x86_64-debian-gcc, r-devel-linux-x86_64-fedora-clang, r-devel-linux-x86_64-fedora-gcc, r-patched-linux-x86_64, r-patched-solaris-sparc, r-patched-solaris-x86, r-release-linux-ix86, r-release-linux-x86_64, r-release-osx-x86_64-mavericks, r-release-osx-x86_64-snowleopard