CRAN Package Check Results for Package spaMM

Last updated on 2019-01-19 09:57:26 CET.

Flavor Version Tinstall Tcheck Ttotal Status Flags
r-devel-linux-x86_64-debian-clang 2.6.1 116.96 174.22 291.18 OK
r-devel-linux-x86_64-debian-gcc 2.6.1 127.82 132.76 260.58 OK
r-devel-linux-x86_64-fedora-clang 2.6.1 402.39 NOTE
r-devel-linux-x86_64-fedora-gcc 2.6.1 378.27 OK
r-devel-windows-ix86+x86_64 2.6.1 269.00 291.00 560.00 OK
r-patched-linux-x86_64 2.6.1 140.33 164.81 305.14 OK
r-patched-solaris-x86 2.6.1 446.10 OK
r-release-linux-x86_64 2.6.1 152.70 161.10 313.80 OK
r-release-windows-ix86+x86_64 2.6.1 248.00 248.00 496.00 OK
r-release-osx-x86_64 2.6.1 NOTE
r-oldrel-windows-ix86+x86_64 2.6.1 253.00 184.00 437.00 OK
r-oldrel-osx-x86_64 2.5.11 NOTE

Check Details

Version: 2.6.1
Check: installed package size
Result: NOTE
     installed size is 35.8Mb
     sub-directories of 1Mb or more:
     R 1.2Mb
     libs 33.6Mb
Flavors: r-devel-linux-x86_64-fedora-clang, r-release-osx-x86_64

Version: 2.5.11
Check: installed package size
Result: NOTE
     installed size is 29.0Mb
     sub-directories of 1Mb or more:
     R 1.1Mb
     libs 27.0Mb
Flavor: r-oldrel-osx-x86_64