CRAN Package Check Results for Package spaMM

Last updated on 2017-03-27 17:47:53.

Flavor Version Tinstall Tcheck Ttotal Status Flags
r-devel-linux-x86_64-debian-clang 1.10.0 52.16 100.69 152.84 NOTE
r-devel-linux-x86_64-debian-gcc 1.10.0 51.87 90.62 142.49 NOTE
r-devel-linux-x86_64-fedora-clang 1.10.0 324.70 NOTE --no-stop-on-test-error
r-devel-linux-x86_64-fedora-gcc 1.10.0 285.44 NOTE --no-stop-on-test-error
r-devel-macos-x86_64-clang 1.10.0 206.22 NOTE --no-stop-on-test-error
r-devel-windows-ix86+x86_64 1.10.0 120.00 238.00 358.00 OK
r-patched-linux-x86_64 1.10.0 46.48 90.64 137.12 NOTE
r-patched-solaris-sparc 1.10.0 1383.10 OK
r-patched-solaris-x86 1.10.0 312.80 OK
r-release-linux-x86_64 1.10.0 45.70 84.10 129.80 OK
r-release-osx-x86_64-mavericks 1.10.0 NOTE
r-release-windows-ix86+x86_64 1.10.0 161.00 165.00 326.00 OK
r-oldrel-windows-ix86+x86_64 1.10.0 121.00 158.00 279.00 OK

Check Details

Version: 1.10.0
Check: compiled code
Result: NOTE
    File ‘spaMM/libs/spaMM.so’:
     Found no calls to: ‘R_registerRoutines’, ‘R_useDynamicSymbols’
    
    It is good practice to register native routines and to disable symbol
    search.
    
    See ‘Writing portable packages’ in the ‘Writing R Extensions’ manual.
Flavors: r-devel-linux-x86_64-debian-clang, r-devel-linux-x86_64-debian-gcc, r-patched-linux-x86_64

Version: 1.10.0
Flags: --no-stop-on-test-error
Check: installed package size
Result: NOTE
     installed size is 25.1Mb
     sub-directories of 1Mb or more:
     libs 24.1Mb
Flavors: r-devel-linux-x86_64-fedora-clang, r-devel-linux-x86_64-fedora-gcc

Version: 1.10.0
Flags: --no-stop-on-test-error
Check: compiled code
Result: NOTE
    File ‘spaMM/libs/spaMM.so’:
     Found no calls to: ‘R_registerRoutines’, ‘R_useDynamicSymbols’
    
    It is good practice to register native routines and to disable symbol
    search.
    
    See ‘Writing portable packages’ in the ‘Writing R Extensions’ manual.
Flavors: r-devel-linux-x86_64-fedora-clang, r-devel-linux-x86_64-fedora-gcc, r-devel-macos-x86_64-clang

Version: 1.10.0
Check: installed package size
Result: NOTE
     installed size is 25.3Mb
     sub-directories of 1Mb or more:
     libs 24.3Mb
Flavor: r-release-osx-x86_64-mavericks