CRAN Package Check Results for Package space

Last updated on 2014-07-29 17:47:59.

Flavor Version Tinstall Tcheck Ttotal Status Flags
r-devel-linux-x86_64-debian-clang 0.1-1 1.01 25.35 26.36 OK
r-devel-linux-x86_64-debian-gcc 0.1-1 1.31 24.97 26.28 OK
r-devel-linux-x86_64-fedora-clang 0.1-1 59.38 NOTE
r-devel-linux-x86_64-fedora-gcc 0.1-1 54.78 NOTE
r-devel-osx-x86_64-clang 0.1-1 48.00 OK
r-devel-windows-ix86+x86_64 0.1-1 7.00 58.00 65.00 OK
r-patched-linux-x86_64 0.1-1 1.34 25.02 26.36 OK
r-patched-solaris-sparc 0.1-1 602.70 OK
r-patched-solaris-x86 0.1-1 123.60 OK
r-release-linux-ix86 0.1-1 1.92 38.37 40.29 OK
r-release-linux-x86_64 0.1-1 1.36 25.09 26.46 OK
r-release-osx-x86_64-mavericks 0.1-1 OK
r-release-windows-ix86+x86_64 0.1-1 9.00 81.00 90.00 OK
r-oldrel-windows-ix86+x86_64 0.1-1 7.00 66.00 73.00 OK

Check Details

Version: 0.1-1
Check: Rd line widths
Result: NOTE
    Rd file 'space.joint.Rd':
     \examples lines wider than 100 characters:
     #################### view the network corresponding to the parcial correlation matrix in the simulation example
     #plot(temp, vertex.size=3, vertex.frame.color="white",layout=layout.fruchterman.reingold, vertex.label=NA, edge.color=grey(0.5))
    
    Rd file 'space.neighbor.Rd':
     \examples lines wider than 100 characters:
     #################### view the network corresponding to the parcial correlation matrix in the simulation example
     #################### view the network corresponding to the parcial correlation matrix in the simulation example
     #plot(temp, vertex.size=3, vertex.frame.color="white",layout=layout.fruchterman.reingold, vertex.label=NA, edge.color=grey(0.5))
    
    These lines will be truncated in the PDF manual.
Flavors: r-devel-linux-x86_64-fedora-clang, r-devel-linux-x86_64-fedora-gcc