CRAN Package Check Results for Package space

Last updated on 2014-10-24 09:55:06.

Flavor Version Tinstall Tcheck Ttotal Status Flags
r-devel-linux-x86_64-debian-clang 0.1-1 1.22 27.31 28.53 NOTE
r-devel-linux-x86_64-debian-gcc 0.1-1 1.44 25.91 27.35 NOTE
r-devel-linux-x86_64-fedora-clang 0.1-1 59.61 NOTE
r-devel-linux-x86_64-fedora-gcc 0.1-1 55.17 NOTE
r-devel-osx-x86_64-clang 0.1-1 48.85 OK
r-devel-windows-ix86+x86_64 0.1-1 6.00 60.00 66.00 OK
r-patched-linux-x86_64 0.1-1 1.45 26.43 27.88 NOTE
r-patched-solaris-sparc 0.1-1 628.60 OK
r-patched-solaris-x86 0.1-1 118.10 OK
r-release-linux-ix86 0.1-1 2.00 38.28 40.28 OK
r-release-linux-x86_64 0.1-1 1.44 25.66 27.10 NOTE
r-release-osx-x86_64-mavericks 0.1-1 OK
r-release-windows-ix86+x86_64 0.1-1 9.00 81.00 90.00 OK
r-oldrel-windows-ix86+x86_64 0.1-1 7.00 66.00 73.00 OK

Check Details

Version: 0.1-1
Check: Rd line widths
Result: NOTE
    Rd file 'space.joint.Rd':
     \examples lines wider than 100 characters:
     #################### view the network corresponding to the parcial correlation matrix in the simulation example
     #plot(temp, vertex.size=3, vertex.frame.color="white",layout=layout.fruchterman.reingold, vertex.label=NA, edge.color=grey(0.5))
    
    Rd file 'space.neighbor.Rd':
     \examples lines wider than 100 characters:
     #################### view the network corresponding to the parcial correlation matrix in the simulation example
     #################### view the network corresponding to the parcial correlation matrix in the simulation example
     #plot(temp, vertex.size=3, vertex.frame.color="white",layout=layout.fruchterman.reingold, vertex.label=NA, edge.color=grey(0.5))
    
    These lines will be truncated in the PDF manual.
Flavors: r-devel-linux-x86_64-debian-clang, r-devel-linux-x86_64-debian-gcc, r-devel-linux-x86_64-fedora-clang, r-devel-linux-x86_64-fedora-gcc, r-patched-linux-x86_64, r-release-linux-x86_64