CRAN Package Check Results for Package space

Last updated on 2014-04-24 19:54:09.

Flavor Version Tinstall Tcheck Ttotal Status Flags
r-devel-linux-x86_64-debian-clang 0.1-1 1.04 26.21 27.26 OK
r-devel-linux-x86_64-debian-gcc 0.1-1 1.35 25.75 27.10 OK
r-devel-linux-x86_64-fedora-clang 0.1-1 58.15 NOTE
r-devel-linux-x86_64-fedora-gcc 0.1-1 52.11 NOTE
r-devel-osx-x86_64-clang 0.1-1 48.70 OK
r-devel-osx-x86_64-gcc 0.1-1 OK
r-devel-windows-ix86+x86_64 0.1-1 6.00 63.00 69.00 OK
r-patched-linux-x86_64 0.1-1 1.35 25.42 26.76 OK
r-patched-solaris-sparc 0.1-1 602.70 OK
r-patched-solaris-x86 0.1-1 121.70 OK
r-release-linux-ix86 0.1-1 3.00 54.00 57.00 OK
r-release-linux-x86_64 0.1-1 1.38 25.68 27.06 OK
r-release-osx-x86_64-mavericks 0.1-1 WARN
r-release-windows-ix86+x86_64 0.1-1 11.00 62.00 73.00 OK
r-oldrel-windows-ix86+x86_64 0.1-1 7.00 66.00 73.00 OK

Check Details

Version: 0.1-1
Check: Rd line widths
Result: NOTE
    Rd file 'space.joint.Rd':
     \examples lines wider than 100 characters:
     #################### view the network corresponding to the parcial correlation matrix in the simulation example
     #plot(temp, vertex.size=3, vertex.frame.color="white",layout=layout.fruchterman.reingold, vertex.label=NA, edge.color=grey(0.5))
    
    Rd file 'space.neighbor.Rd':
     \examples lines wider than 100 characters:
     #################### view the network corresponding to the parcial correlation matrix in the simulation example
     #################### view the network corresponding to the parcial correlation matrix in the simulation example
     #plot(temp, vertex.size=3, vertex.frame.color="white",layout=layout.fruchterman.reingold, vertex.label=NA, edge.color=grey(0.5))
    
    These lines will be truncated in the PDF manual.
Flavors: r-devel-linux-x86_64-fedora-clang, r-devel-linux-x86_64-fedora-gcc

Version: 0.1-1
Check: PDF version of manual
Result: WARNING
    LaTeX errors when creating PDF version.
    This typically indicates Rd problems.
    LaTeX errors found:
    ! LaTeX Error: File `upquote.sty' not found.
    
    Type X to quit or <RETURN> to proceed,
    or enter new name. (Default extension: sty)
    
    012de01/Rd2.tex:8: ==> Fatal error occurred, no output PDF file produced!
Flavor: r-release-osx-x86_64-mavericks