CRAN Package Check Results for Package space

Last updated on 2014-08-22 03:48:09.

Flavor Version Tinstall Tcheck Ttotal Status Flags
r-devel-linux-x86_64-debian-clang 0.1-1 1.05 25.26 26.31 OK
r-devel-linux-x86_64-debian-gcc 0.1-1 1.34 24.85 26.20 OK
r-devel-linux-x86_64-fedora-clang 0.1-1 59.12 NOTE
r-devel-linux-x86_64-fedora-gcc 0.1-1 53.16 NOTE
r-devel-osx-x86_64-clang 0.1-1 48.14 OK
r-devel-windows-ix86+x86_64 0.1-1 7.00 68.00 75.00 OK
r-patched-linux-x86_64 0.1-1 1.36 24.65 26.01 OK
r-patched-solaris-sparc 0.1-1 628.60 OK
r-patched-solaris-x86 0.1-1 121.50 OK
r-release-linux-ix86 0.1-1 1.93 37.48 39.41 OK
r-release-linux-x86_64 0.1-1 1.37 25.22 26.58 OK
r-release-osx-x86_64-mavericks 0.1-1 OK
r-release-windows-ix86+x86_64 0.1-1 9.00 81.00 90.00 OK
r-oldrel-windows-ix86+x86_64 0.1-1 7.00 66.00 73.00 OK

Check Details

Version: 0.1-1
Check: Rd line widths
Result: NOTE
    Rd file 'space.joint.Rd':
     \examples lines wider than 100 characters:
     #################### view the network corresponding to the parcial correlation matrix in the simulation example
     #plot(temp, vertex.size=3, vertex.frame.color="white",layout=layout.fruchterman.reingold, vertex.label=NA, edge.color=grey(0.5))
    
    Rd file 'space.neighbor.Rd':
     \examples lines wider than 100 characters:
     #################### view the network corresponding to the parcial correlation matrix in the simulation example
     #################### view the network corresponding to the parcial correlation matrix in the simulation example
     #plot(temp, vertex.size=3, vertex.frame.color="white",layout=layout.fruchterman.reingold, vertex.label=NA, edge.color=grey(0.5))
    
    These lines will be truncated in the PDF manual.
Flavors: r-devel-linux-x86_64-fedora-clang, r-devel-linux-x86_64-fedora-gcc