CRAN Package Check Results for Package space

Last updated on 2015-03-27 21:48:01.

Flavor Version Tinstall Tcheck Ttotal Status Flags
r-devel-linux-x86_64-debian-clang 0.1-1 1.30 26.29 27.59 NOTE
r-devel-linux-x86_64-debian-gcc 0.1-1 1.34 25.39 26.72 NOTE
r-devel-linux-x86_64-fedora-clang 0.1-1 53.11 NOTE
r-devel-linux-x86_64-fedora-gcc 0.1-1 56.31 NOTE
r-devel-osx-x86_64-clang 0.1-1 50.40 NOTE
r-prerel-windows-ix86+x86_64 0.1-1 7.00 61.00 68.00 NOTE
r-prerel-linux-x86_64 0.1-1 1.34 25.25 26.59 NOTE
r-prerel-solaris-sparc 0.1-1 611.10 NOTE
r-prerel-solaris-x86 0.1-1 128.50 NOTE
r-release-linux-x86_64 0.1-1 1.53 26.16 27.69 NOTE
r-release-osx-x86_64-mavericks 0.1-1 OK
r-release-windows-ix86+x86_64 0.1-1 9.00 63.00 72.00 OK
r-oldrel-windows-ix86+x86_64 0.1-1 7.00 66.00 73.00 OK

Check Details

Version: 0.1-1
Check: DESCRIPTION meta-information
Result: NOTE
    Malformed Description field: should contain one or more complete sentences.
Flavors: r-devel-linux-x86_64-debian-clang, r-devel-linux-x86_64-debian-gcc, r-devel-linux-x86_64-fedora-clang, r-devel-linux-x86_64-fedora-gcc, r-devel-osx-x86_64-clang, r-prerel-windows-ix86+x86_64, r-prerel-linux-x86_64, r-prerel-solaris-sparc, r-prerel-solaris-x86

Version: 0.1-1
Check: Rd line widths
Result: NOTE
    Rd file 'space.joint.Rd':
     \examples lines wider than 100 characters:
     #################### view the network corresponding to the parcial correlation matrix in the simulation example
     #plot(temp, vertex.size=3, vertex.frame.color="white",layout=layout.fruchterman.reingold, vertex.label=NA, edge.color=grey(0.5))
    
    Rd file 'space.neighbor.Rd':
     \examples lines wider than 100 characters:
     #################### view the network corresponding to the parcial correlation matrix in the simulation example
     #################### view the network corresponding to the parcial correlation matrix in the simulation example
     #plot(temp, vertex.size=3, vertex.frame.color="white",layout=layout.fruchterman.reingold, vertex.label=NA, edge.color=grey(0.5))
    
    These lines will be truncated in the PDF manual.
Flavors: r-devel-linux-x86_64-debian-clang, r-devel-linux-x86_64-debian-gcc, r-devel-linux-x86_64-fedora-clang, r-devel-linux-x86_64-fedora-gcc, r-prerel-linux-x86_64, r-release-linux-x86_64