CRAN Package Check Results for Package space

Last updated on 2014-11-28 08:48:39.

Flavor Version Tinstall Tcheck Ttotal Status Flags
r-devel-linux-x86_64-debian-clang 0.1-1 1.21 25.89 27.10 NOTE
r-devel-linux-x86_64-debian-gcc 0.1-1 1.41 26.19 27.60 NOTE
r-devel-linux-x86_64-fedora-clang 0.1-1 60.35 NOTE
r-devel-linux-x86_64-fedora-gcc 0.1-1 55.96 NOTE
r-devel-osx-x86_64-clang 0.1-1 49.80 OK
r-devel-windows-ix86+x86_64 0.1-1 7.00 65.00 72.00 OK
r-patched-linux-x86_64 0.1-1 1.63 25.61 27.24 NOTE
r-patched-solaris-sparc 0.1-1 628.60 OK
r-patched-solaris-x86 0.1-1 124.60 OK
r-release-linux-ix86 0.1-1 1.92 36.31 38.23 OK
r-release-linux-x86_64 0.1-1 1.44 25.67 27.11 NOTE
r-release-osx-x86_64-mavericks 0.1-1 OK
r-release-windows-ix86+x86_64 0.1-1 7.00 81.00 88.00 OK
r-oldrel-windows-ix86+x86_64 0.1-1 7.00 66.00 73.00 OK

Check Details

Version: 0.1-1
Check: Rd line widths
Result: NOTE
    Rd file 'space.joint.Rd':
     \examples lines wider than 100 characters:
     #################### view the network corresponding to the parcial correlation matrix in the simulation example
     #plot(temp, vertex.size=3, vertex.frame.color="white",layout=layout.fruchterman.reingold, vertex.label=NA, edge.color=grey(0.5))
    
    Rd file 'space.neighbor.Rd':
     \examples lines wider than 100 characters:
     #################### view the network corresponding to the parcial correlation matrix in the simulation example
     #################### view the network corresponding to the parcial correlation matrix in the simulation example
     #plot(temp, vertex.size=3, vertex.frame.color="white",layout=layout.fruchterman.reingold, vertex.label=NA, edge.color=grey(0.5))
    
    These lines will be truncated in the PDF manual.
Flavors: r-devel-linux-x86_64-debian-clang, r-devel-linux-x86_64-debian-gcc, r-devel-linux-x86_64-fedora-clang, r-devel-linux-x86_64-fedora-gcc, r-patched-linux-x86_64, r-release-linux-x86_64