CRAN Package Check Results for Package space

Last updated on 2015-05-27 06:47:00.

Flavor Version Tinstall Tcheck Ttotal Status Flags
r-devel-linux-x86_64-debian-clang 0.1-1 1.27 24.84 26.11 NOTE
r-devel-linux-x86_64-debian-gcc 0.1-1 1.38 24.96 26.34 NOTE
r-devel-linux-x86_64-fedora-clang 0.1-1 52.67 NOTE
r-devel-linux-x86_64-fedora-gcc 0.1-1 53.35 NOTE
r-devel-osx-x86_64-clang 0.1-1 46.71 NOTE
r-devel-windows-ix86+x86_64 0.1-1 7.00 65.00 72.00 NOTE
r-patched-linux-x86_64 0.1-1 1.39 24.86 26.25 NOTE
r-patched-solaris-sparc 0.1-1 613.50 NOTE
r-patched-solaris-x86 0.1-1 118.50 NOTE
r-release-linux-x86_64 0.1-1 1.42 25.04 26.46 NOTE
r-release-osx-x86_64-mavericks 0.1-1 NOTE
r-release-osx-x86_64-snowleopard 0.1-1 NOTE
r-release-windows-ix86+x86_64 0.1-1 6.00 77.00 83.00 NOTE
r-oldrel-windows-ix86+x86_64 0.1-1 9.00 63.00 72.00 OK

Check Details

Version: 0.1-1
Check: DESCRIPTION meta-information
Result: NOTE
    Malformed Description field: should contain one or more complete sentences.
Flavors: r-devel-linux-x86_64-debian-clang, r-devel-linux-x86_64-debian-gcc, r-devel-linux-x86_64-fedora-clang, r-devel-linux-x86_64-fedora-gcc, r-devel-osx-x86_64-clang, r-devel-windows-ix86+x86_64, r-patched-linux-x86_64, r-patched-solaris-sparc, r-patched-solaris-x86, r-release-linux-x86_64, r-release-osx-x86_64-mavericks, r-release-osx-x86_64-snowleopard, r-release-windows-ix86+x86_64

Version: 0.1-1
Check: Rd line widths
Result: NOTE
    Rd file 'space.joint.Rd':
     \examples lines wider than 100 characters:
     #################### view the network corresponding to the parcial correlation matrix in the simulation example
     #plot(temp, vertex.size=3, vertex.frame.color="white",layout=layout.fruchterman.reingold, vertex.label=NA, edge.color=grey(0.5))
    
    Rd file 'space.neighbor.Rd':
     \examples lines wider than 100 characters:
     #################### view the network corresponding to the parcial correlation matrix in the simulation example
     #################### view the network corresponding to the parcial correlation matrix in the simulation example
     #plot(temp, vertex.size=3, vertex.frame.color="white",layout=layout.fruchterman.reingold, vertex.label=NA, edge.color=grey(0.5))
    
    These lines will be truncated in the PDF manual.
Flavors: r-devel-linux-x86_64-debian-clang, r-devel-linux-x86_64-debian-gcc, r-devel-linux-x86_64-fedora-clang, r-devel-linux-x86_64-fedora-gcc, r-patched-linux-x86_64, r-release-linux-x86_64