CRAN Package Check Results for Package space

Last updated on 2015-01-27 12:47:40.

Flavor Version Tinstall Tcheck Ttotal Status Flags
r-devel-linux-x86_64-debian-clang 0.1-1 1.15 25.80 26.96 NOTE
r-devel-linux-x86_64-debian-gcc 0.1-1 1.37 25.30 26.67 NOTE
r-devel-linux-x86_64-fedora-clang 0.1-1 61.98 NOTE
r-devel-linux-x86_64-fedora-gcc 0.1-1 56.05 NOTE
r-devel-osx-x86_64-clang 0.1-1 48.56 OK
r-devel-windows-ix86+x86_64 0.1-1 7.00 64.00 71.00 OK
r-patched-linux-x86_64 0.1-1 1.43 25.64 27.08 NOTE
r-patched-solaris-sparc 0.1-1 607.80 OK
r-patched-solaris-x86 0.1-1 130.70 OK
r-release-linux-ix86 0.1-1 1.88 36.54 38.42 OK
r-release-linux-x86_64 0.1-1 1.42 25.76 27.18 NOTE
r-release-osx-x86_64-mavericks 0.1-1 OK
r-release-windows-ix86+x86_64 0.1-1 7.00 81.00 88.00 OK
r-oldrel-windows-ix86+x86_64 0.1-1 7.00 66.00 73.00 OK

Check Details

Version: 0.1-1
Check: Rd line widths
Result: NOTE
    Rd file 'space.joint.Rd':
     \examples lines wider than 100 characters:
     #################### view the network corresponding to the parcial correlation matrix in the simulation example
     #plot(temp, vertex.size=3, vertex.frame.color="white",layout=layout.fruchterman.reingold, vertex.label=NA, edge.color=grey(0.5))
    
    Rd file 'space.neighbor.Rd':
     \examples lines wider than 100 characters:
     #################### view the network corresponding to the parcial correlation matrix in the simulation example
     #################### view the network corresponding to the parcial correlation matrix in the simulation example
     #plot(temp, vertex.size=3, vertex.frame.color="white",layout=layout.fruchterman.reingold, vertex.label=NA, edge.color=grey(0.5))
    
    These lines will be truncated in the PDF manual.
Flavors: r-devel-linux-x86_64-debian-clang, r-devel-linux-x86_64-debian-gcc, r-devel-linux-x86_64-fedora-clang, r-devel-linux-x86_64-fedora-gcc, r-patched-linux-x86_64, r-release-linux-x86_64