Last updated on 2023-09-23 19:55:41 CEST.
Flavor | Version | Tinstall | Tcheck | Ttotal | Status | Flags |
---|---|---|---|---|---|---|
r-devel-linux-x86_64-debian-clang | 0.3.2 | 38.39 | 29.88 | 68.27 | OK | |
r-devel-linux-x86_64-debian-gcc | 0.3.2 | 23.69 | 23.73 | 47.42 | OK | |
r-devel-linux-x86_64-fedora-clang | 0.3.2 | 88.97 | OK | |||
r-devel-linux-x86_64-fedora-gcc | 0.3.2 | 87.42 | OK | |||
r-devel-windows-x86_64 | 0.3.2 | 27.00 | 66.00 | 93.00 | OK | |
r-patched-linux-x86_64 | 0.3.2 | 28.74 | 29.13 | 57.87 | OK | |
r-release-linux-x86_64 | 0.3.2 | 33.46 | 29.35 | 62.81 | OK | |
r-release-macos-arm64 | 0.3.2 | 28.00 | NOTE | |||
r-release-macos-x86_64 | 0.3.2 | 44.00 | NOTE | |||
r-release-windows-x86_64 | 0.3.2 | 28.00 | 75.00 | 103.00 | OK | |
r-oldrel-macos-arm64 | 0.3.2 | 29.00 | NOTE | |||
r-oldrel-macos-x86_64 | 0.3.2 | 36.00 | NOTE | |||
r-oldrel-windows-x86_64 | 0.3.2 | 38.00 | 71.00 | 109.00 | OK |
Version: 0.3.2
Check: installed package size
Result: NOTE
installed size is 5.3Mb
sub-directories of 1Mb or more:
include 2.1Mb
libs 3.1Mb
Flavors: r-release-macos-arm64, r-release-macos-x86_64, r-oldrel-macos-arm64, r-oldrel-macos-x86_64