CRAN Package Check Results for Package spacejam

Last updated on 2014-04-24 15:50:48.

Flavor Version Tinstall Tcheck Ttotal Status Flags
r-devel-linux-x86_64-debian-clang 1.1 3.97 62.51 66.48 NOTE
r-devel-linux-x86_64-debian-gcc 1.1 4.04 59.08 63.12 NOTE
r-devel-linux-x86_64-fedora-clang 1.1 141.87 NOTE
r-devel-linux-x86_64-fedora-gcc 1.1 131.06 NOTE
r-devel-osx-x86_64-clang 1.1 103.94 NOTE
r-devel-osx-x86_64-gcc 1.1 ERROR
r-devel-windows-ix86+x86_64 1.1 12.00 124.00 136.00 NOTE
r-patched-linux-x86_64 1.1 4.19 59.30 63.48 NOTE
r-patched-solaris-sparc 1.1 907.80 NOTE
r-patched-solaris-x86 1.1 193.90 NOTE
r-release-linux-ix86 1.1 6.00 100.00 106.00 NOTE
r-release-linux-x86_64 1.1 4.03 60.52 64.55 NOTE
r-release-osx-x86_64-mavericks 1.1 WARN
r-release-osx-x86_64-snowleopard 1.1 NOTE
r-release-windows-ix86+x86_64 1.1 11.00 125.00 136.00 NOTE
r-oldrel-windows-ix86+x86_64 1.1 12.00 128.00 140.00 NOTE

Check Details

Version: 1.1
Check: dependencies in R code
Result: NOTE
    'library' or 'require' call to ‘Matrix’ which was already attached by Depends.
     Please remove these calls from your code.
    Packages in Depends field not imported from:
     ‘Matrix’ ‘igraph’
     These packages need to be imported from (in the NAMESPACE file)
     for when this namespace is loaded but not attached.
    See the information on DESCRIPTION files in the chapter ‘Creating R
    packages’ of the ‘Writing R Extensions’ manual.
Flavors: r-devel-linux-x86_64-debian-clang, r-devel-linux-x86_64-debian-gcc, r-devel-linux-x86_64-fedora-clang, r-devel-linux-x86_64-fedora-gcc, r-devel-osx-x86_64-clang, r-devel-windows-ix86+x86_64, r-patched-linux-x86_64, r-patched-solaris-sparc, r-patched-solaris-x86, r-release-linux-ix86, r-release-linux-x86_64, r-release-osx-x86_64-mavericks, r-release-windows-ix86+x86_64, r-oldrel-windows-ix86+x86_64

Version: 1.1
Check: Rd line widths
Result: NOTE
    Rd file 'SJ.Rd':
     \examples lines wider than 100 characters:
     #with standard deviations of 1, 0.5 and 0.5, (i.e. giving more weight to linear association than quadratic or cubic)
     #Fit conditional independence graph at one lambda , using the default basis functions (cubic polynomials).
     plot(g, layout=mylayout, edge.color = "gray50", vertex.color = "red", vertex.size = 3, vertex.label = NA, edge.arrow.size = 0.4, main=" ... [TRUNCATED]
    
    Rd file 'generate.dag.data.Rd':
     \usage lines wider than 90 characters:
     generate.dag.data(g, n, basesd = 1, basemean = 0, bfuns = function(x){cbind(x, x^2, x^3)},
     \examples lines wider than 100 characters:
     #with standard deviations of 1, 0.5 and 0.5, (i.e. giving more weight to linear association than quadratic or cubic)
    
    Rd file 'spacejam-package.Rd':
     \examples lines wider than 100 characters:
     #with standard deviations of 1, 0.5 and 0.5, (i.e. giving more weight to linear association than quadratic or cubic)
     plot(g, layout=mylayout, edge.color = "gray50", vertex.color = "red", vertex.size = 3, vertex.label = NA, edge.arrow.size = 0.4, main=" ... [TRUNCATED]
    
    These lines will be truncated in the PDF manual.
Flavors: r-devel-linux-x86_64-fedora-clang, r-devel-linux-x86_64-fedora-gcc

Version: 1.1
Check: package dependencies
Result: ERROR
    Package required but not available: ‘igraph’
    
    See the information on DESCRIPTION files in the chapter ‘Creating R
    packages’ of the ‘Writing R Extensions’ manual.
Flavor: r-devel-osx-x86_64-gcc

Version: 1.1
Check: PDF version of manual
Result: WARNING
    LaTeX errors when creating PDF version.
    This typically indicates Rd problems.
    LaTeX errors found:
    ! LaTeX Error: File `upquote.sty' not found.
    
    Type X to quit or <RETURN> to proceed,
    or enter new name. (Default extension: sty)
    
    b10d897/Rd2.tex:8: ==> Fatal error occurred, no output PDF file produced!
Flavor: r-release-osx-x86_64-mavericks

Version: 1.1
Check: dependencies in R code
Result: NOTE
    'library' or 'require' call to 'Matrix' which was already attached by Depends.
     Please remove these calls from your code.
    See the information on DESCRIPTION files in the chapter 'Creating R
    packages' of the 'Writing R Extensions' manual.
Flavor: r-release-osx-x86_64-snowleopard