CRAN Package Check Results for Package spacejam

Last updated on 2014-07-24 23:48:23.

Flavor Version Tinstall Tcheck Ttotal Status Flags
r-devel-linux-x86_64-debian-clang 1.1 3.63 61.50 65.13 NOTE
r-devel-linux-x86_64-debian-gcc 1.1 3.62 57.80 61.43 NOTE
r-devel-linux-x86_64-fedora-clang 1.1 141.92 NOTE
r-devel-linux-x86_64-fedora-gcc 1.1 131.44 NOTE
r-devel-osx-x86_64-clang 1.1 101.81 NOTE
r-devel-windows-ix86+x86_64 1.1 12.00 121.00 133.00 NOTE
r-patched-linux-x86_64 1.1 3.84 57.39 61.22 NOTE
r-patched-solaris-sparc 1.1 907.80 NOTE
r-patched-solaris-x86 1.1 192.20 NOTE
r-release-linux-ix86 1.1 4.50 77.46 81.96 NOTE
r-release-linux-x86_64 1.1 3.71 58.47 62.18 NOTE
r-release-osx-x86_64-mavericks 1.1 NOTE
r-release-osx-x86_64-snowleopard 1.1 NOTE
r-release-windows-ix86+x86_64 1.1 11.00 124.00 135.00 NOTE
r-oldrel-windows-ix86+x86_64 1.1 12.00 128.00 140.00 NOTE

Check Details

Version: 1.1
Check: dependencies in R code
Result: NOTE
    'library' or 'require' call to ‘Matrix’ which was already attached by Depends.
     Please remove these calls from your code.
    Packages in Depends field not imported from:
     ‘Matrix’ ‘igraph’
     These packages need to be imported from (in the NAMESPACE file)
     for when this namespace is loaded but not attached.
    See the information on DESCRIPTION files in the chapter ‘Creating R
    packages’ of the ‘Writing R Extensions’ manual.
Flavors: r-devel-linux-x86_64-debian-clang, r-devel-linux-x86_64-debian-gcc, r-devel-linux-x86_64-fedora-clang, r-devel-linux-x86_64-fedora-gcc, r-devel-osx-x86_64-clang, r-devel-windows-ix86+x86_64, r-patched-linux-x86_64, r-patched-solaris-sparc, r-patched-solaris-x86, r-release-linux-ix86, r-release-linux-x86_64, r-release-osx-x86_64-mavericks, r-release-windows-ix86+x86_64, r-oldrel-windows-ix86+x86_64

Version: 1.1
Check: Rd line widths
Result: NOTE
    Rd file 'SJ.Rd':
     \examples lines wider than 100 characters:
     #with standard deviations of 1, 0.5 and 0.5, (i.e. giving more weight to linear association than quadratic or cubic)
     #Fit conditional independence graph at one lambda , using the default basis functions (cubic polynomials).
     plot(g, layout=mylayout, edge.color = "gray50", vertex.color = "red", vertex.size = 3, vertex.label = NA, edge.arrow.size = 0.4, main=" ... [TRUNCATED]
    
    Rd file 'generate.dag.data.Rd':
     \usage lines wider than 90 characters:
     generate.dag.data(g, n, basesd = 1, basemean = 0, bfuns = function(x){cbind(x, x^2, x^3)},
     \examples lines wider than 100 characters:
     #with standard deviations of 1, 0.5 and 0.5, (i.e. giving more weight to linear association than quadratic or cubic)
    
    Rd file 'spacejam-package.Rd':
     \examples lines wider than 100 characters:
     #with standard deviations of 1, 0.5 and 0.5, (i.e. giving more weight to linear association than quadratic or cubic)
     plot(g, layout=mylayout, edge.color = "gray50", vertex.color = "red", vertex.size = 3, vertex.label = NA, edge.arrow.size = 0.4, main=" ... [TRUNCATED]
    
    These lines will be truncated in the PDF manual.
Flavors: r-devel-linux-x86_64-fedora-clang, r-devel-linux-x86_64-fedora-gcc

Version: 1.1
Check: dependencies in R code
Result: NOTE
    'library' or 'require' call to 'Matrix' which was already attached by Depends.
     Please remove these calls from your code.
    See the information on DESCRIPTION files in the chapter 'Creating R
    packages' of the 'Writing R Extensions' manual.
Flavor: r-release-osx-x86_64-snowleopard