CRAN Package Check Results for Package spacejam

Last updated on 2016-06-25 11:49:25.

Flavor Version Tinstall Tcheck Ttotal Status Flags
r-devel-linux-x86_64-debian-gcc 1.1 3.36 50.08 53.44 NOTE
r-devel-linux-x86_64-fedora-clang 1.1 111.96 NOTE
r-devel-linux-x86_64-fedora-gcc 1.1 96.26 NOTE
r-devel-osx-x86_64-clang 1.1 48.53 NOTE
r-devel-windows-ix86+x86_64 1.1 14.00 171.00 185.00 NOTE
r-patched-linux-x86_64 1.1 3.64 51.65 55.29 NOTE
r-patched-solaris-sparc 1.1 750.90 NOTE
r-patched-solaris-x86 1.1 152.60 NOTE
r-release-linux-x86_64 1.1 3.11 52.44 55.56 NOTE
r-release-osx-x86_64-mavericks 1.1 NOTE
r-release-windows-ix86+x86_64 1.1 14.00 129.00 143.00 NOTE
r-oldrel-windows-ix86+x86_64 1.1 16.00 153.00 169.00 NOTE

Check Details

Version: 1.1
Check: DESCRIPTION meta-information
Result: NOTE
    Malformed Title field: should not end in a period.
Flavors: r-devel-linux-x86_64-debian-gcc, r-devel-linux-x86_64-fedora-clang, r-devel-linux-x86_64-fedora-gcc, r-devel-osx-x86_64-clang, r-devel-windows-ix86+x86_64, r-patched-linux-x86_64, r-patched-solaris-sparc, r-patched-solaris-x86, r-release-linux-x86_64, r-release-osx-x86_64-mavericks, r-release-windows-ix86+x86_64, r-oldrel-windows-ix86+x86_64

Version: 1.1
Check: dependencies in R code
Result: NOTE
    'library' or 'require' call to ‘Matrix’ which was already attached by Depends.
     Please remove these calls from your code.
    Packages in Depends field not imported from:
     ‘Matrix’ ‘igraph’ ‘splines’
     These packages need to be imported from (in the NAMESPACE file)
     for when this namespace is loaded but not attached.
Flavors: r-devel-linux-x86_64-debian-gcc, r-devel-linux-x86_64-fedora-clang, r-devel-linux-x86_64-fedora-gcc, r-devel-osx-x86_64-clang, r-devel-windows-ix86+x86_64, r-patched-linux-x86_64, r-patched-solaris-sparc, r-patched-solaris-x86, r-release-linux-x86_64, r-release-osx-x86_64-mavericks, r-release-windows-ix86+x86_64, r-oldrel-windows-ix86+x86_64

Version: 1.1
Check: R code for possible problems
Result: NOTE
    SJ: no visible binding for global variable ‘bs’
    SJ: no visible global function definition for ‘get.adjacency’
    SJ : <anonymous>: no visible global function definition for
     ‘graph.adjacency’
    SJ: no visible binding for global variable ‘ecount’
    SJ.dag: no visible binding for global variable ‘bs’
    SJ.dag : <anonymous>: no visible global function definition for
     ‘graph.adjacency’
    SJ.dag: no visible binding for global variable ‘ecount’
    SJpath: no visible global function definition for ‘get.adjacency’
    SJpath : <anonymous>: no visible global function definition for
     ‘graph.adjacency’
    generate.dag.data: no visible global function definition for ‘vcount’
    generate.dag.data: no visible global function definition for
     ‘topological.sort’
    generate.dag.data: no visible global function definition for
     ‘neighbors’
    generate.dag.data: no visible global function definition for ‘rnorm’
    generate.dag.data: no visible global function definition for ‘runif’
    grpsel: no visible global function definition for ‘Matrix’
    moralize: no visible global function definition for ‘vcount’
    moralize: no visible global function definition for ‘as.undirected’
    moralize: no visible global function definition for ‘get.adjacency’
    moralize: no visible global function definition for ‘add.edges’
    moralize: no visible global function definition for ‘combn’
    moralize: no visible global function definition for ‘simplify’
    plot.SJ: no visible global function definition for
     ‘layout.fruchterman.reingold’
    plot.SJ: no visible global function definition for ‘plot’
    plot.SJ.dag: no visible global function definition for
     ‘layout.fruchterman.reingold’
    plot.SJ.dag: no visible global function definition for ‘plot’
    print.SJ: no visible binding for global variable ‘ecount’
    print.SJ: no visible global function definition for ‘ecount’
    print.SJ.dag: no visible binding for global variable ‘ecount’
    print.SJ.dag: no visible global function definition for ‘ecount’
    rdag: no visible global function definition for ‘graph.adjacency’
    Undefined global functions or variables:
     Matrix add.edges as.undirected bs combn ecount get.adjacency
     graph.adjacency layout.fruchterman.reingold neighbors plot rnorm
     runif simplify topological.sort vcount
    Consider adding
     importFrom("graphics", "plot")
     importFrom("stats", "rnorm", "runif")
     importFrom("utils", "combn")
    to your NAMESPACE file.
Flavors: r-devel-linux-x86_64-debian-gcc, r-devel-linux-x86_64-fedora-clang, r-devel-linux-x86_64-fedora-gcc, r-devel-osx-x86_64-clang, r-devel-windows-ix86+x86_64, r-patched-linux-x86_64, r-patched-solaris-sparc, r-patched-solaris-x86, r-release-linux-x86_64, r-release-osx-x86_64-mavericks, r-release-windows-ix86+x86_64

Version: 1.1
Check: Rd line widths
Result: NOTE
    Rd file 'SJ.Rd':
     \examples lines wider than 100 characters:
     #with standard deviations of 1, 0.5 and 0.5, (i.e. giving more weight to linear association than quadratic or cubic)
     #Fit conditional independence graph at one lambda , using the default basis functions (cubic polynomials).
     plot(g, layout=mylayout, edge.color = "gray50", vertex.color = "red", vertex.size = 3, vertex.label = NA, edge.arrow.size = 0.4, main=" ... [TRUNCATED]
    
    Rd file 'generate.dag.data.Rd':
     \usage lines wider than 90 characters:
     generate.dag.data(g, n, basesd = 1, basemean = 0, bfuns = function(x){cbind(x, x^2, x^3)},
     \examples lines wider than 100 characters:
     #with standard deviations of 1, 0.5 and 0.5, (i.e. giving more weight to linear association than quadratic or cubic)
    
    Rd file 'spacejam-package.Rd':
     \examples lines wider than 100 characters:
     #with standard deviations of 1, 0.5 and 0.5, (i.e. giving more weight to linear association than quadratic or cubic)
     plot(g, layout=mylayout, edge.color = "gray50", vertex.color = "red", vertex.size = 3, vertex.label = NA, edge.arrow.size = 0.4, main=" ... [TRUNCATED]
    
    These lines will be truncated in the PDF manual.
Flavors: r-devel-linux-x86_64-debian-gcc, r-devel-linux-x86_64-fedora-clang, r-devel-linux-x86_64-fedora-gcc, r-patched-linux-x86_64, r-release-linux-x86_64

Version: 1.1
Check: R code for possible problems
Result: NOTE
    SJ: no visible binding for global variable 'bs'
    SJ: no visible global function definition for 'get.adjacency'
    SJ : <anonymous>: no visible global function definition for
     'graph.adjacency'
    SJ: no visible binding for global variable 'ecount'
    SJ.dag: no visible binding for global variable 'bs'
    SJ.dag : <anonymous>: no visible global function definition for
     'graph.adjacency'
    SJ.dag: no visible binding for global variable 'ecount'
    SJpath: no visible global function definition for 'get.adjacency'
    SJpath : <anonymous>: no visible global function definition for
     'graph.adjacency'
    generate.dag.data: no visible global function definition for 'vcount'
    generate.dag.data: no visible global function definition for
     'topological.sort'
    generate.dag.data: no visible global function definition for
     'neighbors'
    grpsel: no visible global function definition for 'Matrix'
    moralize: no visible global function definition for 'vcount'
    moralize: no visible global function definition for 'as.undirected'
    moralize: no visible global function definition for 'get.adjacency'
    moralize: no visible global function definition for 'add.edges'
    moralize: no visible global function definition for 'simplify'
    plot.SJ: no visible global function definition for
     'layout.fruchterman.reingold'
    plot.SJ.dag: no visible global function definition for
     'layout.fruchterman.reingold'
    print.SJ: no visible binding for global variable 'ecount'
    print.SJ: no visible global function definition for 'ecount'
    print.SJ.dag: no visible binding for global variable 'ecount'
    print.SJ.dag: no visible global function definition for 'ecount'
    rdag: no visible global function definition for 'graph.adjacency'
Flavor: r-oldrel-windows-ix86+x86_64