CRAN Package Check Results for Package spacesRGB

Last updated on 2020-09-19 23:48:23 CEST.

Flavor Version Tinstall Tcheck Ttotal Status Flags
r-devel-linux-x86_64-debian-clang 1.3-0 6.25 51.70 57.95 OK
r-devel-linux-x86_64-debian-gcc 1.3-0 5.80 39.26 45.06 OK
r-devel-linux-x86_64-fedora-clang 1.3-0 85.47 OK
r-devel-linux-x86_64-fedora-gcc 1.3-0 71.12 OK
r-devel-windows-ix86+x86_64 1.3-0 12.00 54.00 66.00 OK
r-patched-linux-x86_64 1.3-0 6.14 51.84 57.98 OK
r-patched-solaris-x86 1.3-0 109.30 OK
r-release-linux-x86_64 1.3-0 6.48 52.26 58.74 OK
r-release-macos-x86_64 1.3-0 OK
r-release-windows-ix86+x86_64 1.3-0 12.00 74.00 86.00 OK
r-oldrel-macos-x86_64 1.3-0 NOTE
r-oldrel-windows-ix86+x86_64 1.3-0 9.00 74.00 83.00 OK

Check Details

Version: 1.3-0
Check: dependencies in R code
Result: NOTE
    No protocol specified
Flavor: r-oldrel-macos-x86_64