CRAN Package Check Results for Package spacesXYZ

Last updated on 2020-09-26 10:48:34 CEST.

Flavor Version Tinstall Tcheck Ttotal Status Flags
r-devel-linux-x86_64-debian-clang 1.1-1 4.09 44.29 48.38 OK
r-devel-linux-x86_64-debian-gcc 1.1-1 3.11 34.23 37.34 OK
r-devel-linux-x86_64-fedora-clang 1.1-1 68.17 NOTE
r-devel-linux-x86_64-fedora-gcc 1.1-1 57.53 OK
r-devel-windows-ix86+x86_64 1.1-1 9.00 66.00 75.00 OK
r-patched-linux-x86_64 1.1-1 3.81 43.53 47.34 OK
r-patched-solaris-x86 1.1-1 89.60 OK
r-release-linux-x86_64 1.1-1 3.44 42.62 46.06 OK
r-release-macos-x86_64 1.1-1 OK
r-release-windows-ix86+x86_64 1.1-1 8.00 68.00 76.00 OK
r-oldrel-macos-x86_64 1.1-1 OK
r-oldrel-windows-ix86+x86_64 1.1-1 7.00 62.00 69.00 OK

Check Details

Version: 1.1-1
Check: Rd cross-references
Result: NOTE
    Undeclared package ‘colorSpec’ in Rd xrefs
Flavor: r-devel-linux-x86_64-fedora-clang