CRAN Package Check Results for Package spacetime

Last updated on 2016-08-25 03:47:24.

Flavor Version Tinstall Tcheck Ttotal Status Flags
r-devel-linux-x86_64-debian-clang 1.1-5 2.38 90.16 92.55 OK
r-devel-linux-x86_64-debian-gcc 1.1-5 2.35 87.70 90.06 OK
r-devel-linux-x86_64-fedora-clang 1.1-5 179.86 OK
r-devel-linux-x86_64-fedora-gcc 1.1-5 173.96 OK
r-devel-osx-x86_64-clang 1.1-5 136.91 OK
r-devel-windows-ix86+x86_64 1.1-5 12.00 215.00 227.00 OK
r-patched-linux-x86_64 1.1-5 2.33 86.39 88.72 OK
r-patched-solaris-sparc 1.1-5 1064.30 OK
r-patched-solaris-x86 1.1-5 236.90 OK
r-release-linux-x86_64 1.1-5 2.39 90.68 93.07 OK
r-release-osx-x86_64-mavericks 1.1-5 NOTE
r-release-windows-ix86+x86_64 1.1-5 10.00 210.00 220.00 OK
r-oldrel-windows-ix86+x86_64 1.1-5 7.00 204.00 211.00 OK

Check Details

Version: 1.1-5
Check: package dependencies
Result: NOTE
    Package suggested but not available for checking: ‘RPostgreSQL’
Flavor: r-release-osx-x86_64-mavericks