CRAN Package Check Results for Package spacetime

Last updated on 2016-05-31 21:46:55.

Flavor Version Tinstall Tcheck Ttotal Status Flags
r-devel-linux-x86_64-debian-gcc 1.1-5 2.63 87.92 90.56 OK
r-devel-linux-x86_64-fedora-clang 1.1-5 169.64 OK
r-devel-linux-x86_64-fedora-gcc 1.1-5 163.11 OK
r-devel-osx-x86_64-clang 1.1-5 181.36 OK
r-devel-windows-ix86+x86_64 1.1-5 8.00 165.00 173.00 OK
r-patched-linux-x86_64 1.1-5 2.33 84.82 87.15 OK
r-patched-solaris-sparc 1.1-5 1126.60 OK
r-patched-solaris-x86 1.1-5 228.50 OK
r-release-linux-x86_64 1.1-5 2.35 83.60 85.95 OK
r-release-osx-x86_64-mavericks 1.1-5 NOTE
r-release-windows-ix86+x86_64 1.1-5 11.00 205.00 216.00 OK
r-oldrel-windows-ix86+x86_64 1.1-5 8.00 210.00 218.00 OK

Check Details

Version: 1.1-5
Check: package dependencies
Result: NOTE
    Package suggested but not available for checking: ‘RPostgreSQL’
Flavor: r-release-osx-x86_64-mavericks