CRAN Package Check Results for Package spacetime

Last updated on 2014-09-22 19:48:39.

Flavor Version Tinstall Tcheck Ttotal Status Flags
r-devel-linux-x86_64-debian-clang 1.1-1 3.11 116.49 119.60 NOTE
r-devel-linux-x86_64-debian-gcc 1.1-1 4.48 116.07 120.55 NOTE
r-devel-linux-x86_64-fedora-clang 1.1-1 257.68 NOTE
r-devel-linux-x86_64-fedora-gcc 1.1-1 244.09 NOTE
r-devel-osx-x86_64-clang 1.1-1 207.17 NOTE
r-devel-windows-ix86+x86_64 1.1-1 9.00 173.00 182.00 NOTE
r-patched-linux-x86_64 1.1-1 3.10 127.51 130.60 NOTE
r-patched-solaris-sparc 1.1-1 1366.70 NOTE
r-patched-solaris-x86 1.1-1 351.10 NOTE
r-release-linux-ix86 1.1-1 4.07 150.82 154.90 NOTE
r-release-linux-x86_64 1.1-1 3.23 130.26 133.48 NOTE
r-release-osx-x86_64-mavericks 1.1-1 ERROR
r-release-osx-x86_64-snowleopard 1.1-1 NOTE
r-release-windows-ix86+x86_64 1.1-1 8.00 204.00 212.00 NOTE
r-oldrel-windows-ix86+x86_64 1.1-1 10.00 195.00 205.00 NOTE

Check Details

Version: 1.1-1
Check: data for non-ASCII characters
Result: NOTE
     Note: found 16 marked UTF-8 strings
Flavors: r-devel-linux-x86_64-debian-clang, r-devel-linux-x86_64-debian-gcc, r-devel-linux-x86_64-fedora-clang, r-devel-linux-x86_64-fedora-gcc, r-devel-osx-x86_64-clang, r-devel-windows-ix86+x86_64, r-patched-linux-x86_64, r-patched-solaris-sparc, r-patched-solaris-x86, r-release-linux-ix86, r-release-linux-x86_64, r-release-osx-x86_64-snowleopard, r-release-windows-ix86+x86_64, r-oldrel-windows-ix86+x86_64

Version: 1.1-1
Check: re-building of vignette outputs
Result: NOTE
    Error in re-building vignettes:
     ...
    Loading required package: boot
    
    Attaching package: 'adehabitatLT'
    
    The following object is masked from 'package:zoo':
    
     is.regular
    
    Loading required package: plyr
    
    Attaching package: 'plyr'
    
    The following object is masked from 'package:adehabitatLT':
    
     id
    
    The following object is masked from 'package:adehabitatMA':
    
     join
    
    
    Error: processing vignette 'sto.Rnw' failed with diagnostics:
     chunk 9
    Error in CRS(proj4string(x)) : no options found in 'init' file
    Execution halted
Flavor: r-patched-solaris-sparc

Version: 1.1-1
Check: package dependencies
Result: ERROR
    Package required but not available: ‘rgeos’
    
    Packages suggested but not available for checking:
     ‘gstat’ ‘rgdal’ ‘RPostgreSQL’
    
    See the information on DESCRIPTION files in the chapter ‘Creating R
    packages’ of the ‘Writing R Extensions’ manual.
Flavor: r-release-osx-x86_64-mavericks