CRAN Package Check Results for Package spacetime

Last updated on 2015-08-04 09:47:37.

Flavor Version Tinstall Tcheck Ttotal Status Flags
r-devel-linux-x86_64-debian-clang 1.1-4 2.24 100.62 102.86 NOTE
r-devel-linux-x86_64-debian-gcc 1.1-4 2.29 99.28 101.57 NOTE
r-devel-linux-x86_64-fedora-clang 1.1-4 211.04 NOTE
r-devel-linux-x86_64-fedora-gcc 1.1-4 197.05 NOTE
r-devel-osx-x86_64-clang 1.1-4 175.28 NOTE
r-devel-windows-ix86+x86_64 1.1-4 10.00 168.00 178.00 NOTE
r-patched-linux-x86_64 1.1-4 2.29 99.41 101.70 NOTE
r-patched-solaris-sparc 1.1-4 1370.90 NOTE
r-patched-solaris-x86 1.1-4 262.50 NOTE
r-release-linux-x86_64 1.1-4 2.42 99.14 101.56 NOTE
r-release-osx-x86_64-mavericks 1.1-4 WARN
r-release-windows-ix86+x86_64 1.1-4 11.00 165.00 176.00 NOTE
r-oldrel-windows-ix86+x86_64 1.1-4 14.00 210.00 224.00 NOTE

Check Details

Version: 1.1-4
Check: R code for possible problems
Result: NOTE
    EOF: no visible global function definition for ‘prcomp’
    EOF: no visible global function definition for ‘predict’
    eof: no visible global function definition for ‘prcomp’
    lines.STTDF: no visible global function definition for ‘lines’
    read.tgrass: no visible global function definition for ‘untar’
    read.tgrass: no visible global function definition for ‘read.table’
    stplot.STFDF: no visible global function definition for ‘as.formula’
    stplot.STI: no visible global function definition for ‘as.formula’
    stplot.STTDF: no visible global function definition for ‘as.formula’
    unstack.STFDF: no visible global function definition for ‘as.formula’
    write.tgrass: no visible global function definition for ‘write.table’
    stplot,RasterStackBrick: no visible global function definition for
     ‘sampleRegular’
    stplot,STFDF: no visible global function definition for ‘as.formula’
    stplot,STI: no visible global function definition for ‘as.formula’
    stplot,STT: no visible global function definition for ‘as.formula’
    stplot,STTDF: no visible global function definition for ‘as.formula’
    Undefined global functions or variables:
     as.formula lines prcomp predict read.table sampleRegular untar
     write.table
    Consider adding
     importFrom("graphics", "lines")
     importFrom("stats", "as.formula", "prcomp", "predict")
     importFrom("utils", "read.table", "untar", "write.table")
    to your NAMESPACE.
Flavors: r-devel-linux-x86_64-debian-clang, r-devel-linux-x86_64-debian-gcc, r-devel-linux-x86_64-fedora-clang, r-devel-linux-x86_64-fedora-gcc, r-devel-windows-ix86+x86_64

Version: 1.1-4
Check: R code for possible problems
Result: NOTE
    stplot,RasterStackBrick: no visible global function definition for
     ‘sampleRegular’
    Undefined global functions or variables:
     sampleRegular
Flavor: r-devel-osx-x86_64-clang

Version: 1.1-4
Check: R code for possible problems
Result: NOTE
    stplot,RasterStackBrick : .local: no visible global function definition
     for ‘sampleRegular’
Flavors: r-patched-linux-x86_64, r-patched-solaris-sparc, r-patched-solaris-x86, r-release-linux-x86_64, r-release-windows-ix86+x86_64, r-oldrel-windows-ix86+x86_64

Version: 1.1-4
Check: package dependencies
Result: NOTE
    Packages suggested but not available for checking:
     ‘rgdal’ ‘rgeos’ ‘RPostgreSQL’
Flavor: r-release-osx-x86_64-mavericks

Version: 1.1-4
Check: running R code from vignettes
Result: WARN
    Errors in running code in vignettes:
    when running code in ‘jss816.Rnw’
     ...
    
    > rownames(pts) = wind.loc$Station
    
    > pts = SpatialPoints(pts, CRS("+proj=longlat +datum=WGS84 +ellps=WGS84"))
    
    > library(rgdal)
    
     When sourcing 'jss816.R':
    Error: there is no package called 'rgdal'
    Execution halted
Flavor: r-release-osx-x86_64-mavericks

Version: 1.1-4
Check: re-building of vignette outputs
Result: NOTE
    Error in re-building vignettes:
     ...
    
    See the googleVis package vignettes for more details,
    or visit http://github.com/mages/googleVis.
    
    To suppress this message use:
    suppressPackageStartupMessages(library(googleVis))
    
    Loading required package: zoo
    
    Attaching package: 'zoo'
    
    The following objects are masked from 'package:base':
    
     as.Date, as.Date.numeric
    
    Checking rgeos availability: FALSE
     Note: when rgeos is not available, polygon geometry computations in maptools depend on gpclib,
     which has a restricted licence. It is disabled by default;
     to enable gpclib, type gpclibPermit()
    Loading required package: Formula
    
    Error: processing vignette 'jss816.Rnw' failed with diagnostics:
     chunk 37
    Error in library(rgdal) : there is no package called 'rgdal'
    Execution halted
Flavor: r-release-osx-x86_64-mavericks