CRAN Package Check Results for Package spacetime

Last updated on 2014-08-29 23:48:59.

Flavor Version Tinstall Tcheck Ttotal Status Flags
r-devel-linux-x86_64-debian-clang 1.1-1 3.16 110.39 113.55 NOTE
r-devel-linux-x86_64-debian-gcc 1.1-1 2.98 107.50 110.48 NOTE
r-devel-linux-x86_64-fedora-clang 1.1-1 262.39 NOTE
r-devel-linux-x86_64-fedora-gcc 1.1-1 247.17 NOTE
r-devel-osx-x86_64-clang 1.1-1 201.21 NOTE
r-devel-windows-ix86+x86_64 1.1-1 9.00 173.00 182.00 NOTE
r-patched-linux-x86_64 1.1-1 3.22 121.32 124.54 NOTE
r-patched-solaris-sparc 1.1-1 1480.70 NOTE
r-patched-solaris-x86 1.1-1 289.50 NOTE
r-release-linux-ix86 1.1-1 4.07 149.20 153.27 NOTE
r-release-linux-x86_64 1.1-1 3.17 120.98 124.15 NOTE
r-release-osx-x86_64-mavericks 1.1-1 ERROR
r-release-osx-x86_64-snowleopard 1.1-0 OK
r-release-windows-ix86+x86_64 1.1-1 9.00 185.00 194.00 NOTE
r-oldrel-windows-ix86+x86_64 1.1-1 9.00 179.00 188.00 NOTE

Check Details

Version: 1.1-1
Check: data for non-ASCII characters
Result: NOTE
     Note: found 16 marked UTF-8 strings
Flavors: r-devel-linux-x86_64-debian-clang, r-devel-linux-x86_64-debian-gcc, r-devel-linux-x86_64-fedora-clang, r-devel-linux-x86_64-fedora-gcc, r-devel-osx-x86_64-clang, r-devel-windows-ix86+x86_64, r-patched-linux-x86_64, r-patched-solaris-sparc, r-patched-solaris-x86, r-release-linux-ix86, r-release-linux-x86_64, r-release-windows-ix86+x86_64, r-oldrel-windows-ix86+x86_64

Version: 1.1-1
Check: package dependencies
Result: ERROR
    Package required but not available: ‘rgeos’
    
    Packages suggested but not available for checking:
     ‘gstat’ ‘rgdal’ ‘RPostgreSQL’
    
    See the information on DESCRIPTION files in the chapter ‘Creating R
    packages’ of the ‘Writing R Extensions’ manual.
Flavor: r-release-osx-x86_64-mavericks