CRAN Package Check Results for Package spacetime

Last updated on 2015-03-04 03:47:01.

Flavor Version Tinstall Tcheck Ttotal Status Flags
r-devel-linux-x86_64-debian-clang 1.1-3 2.46 102.77 105.23 OK
r-devel-linux-x86_64-debian-gcc 1.1-3 2.27 100.79 103.06 OK
r-devel-linux-x86_64-fedora-clang 1.1-3 209.62 OK
r-devel-linux-x86_64-fedora-gcc 1.1-3 200.49 OK
r-devel-osx-x86_64-clang 1.1-3 189.08 OK
r-devel-windows-ix86+x86_64 1.1-3 7.00 159.00 166.00 OK
r-patched-linux-x86_64 1.1-3 2.88 121.96 124.84 OK
r-patched-solaris-sparc 1.1-3 1652.30 OK
r-patched-solaris-x86 1.1-3 329.40 OK
r-release-linux-ix86 1.1-3 3.65 150.41 154.06 OK
r-release-linux-x86_64 1.1-3 2.98 126.30 129.28 OK
r-release-osx-x86_64-mavericks 1.1-3 WARN
r-release-osx-x86_64-snowleopard 1.1-3 OK
r-release-windows-ix86+x86_64 1.1-3 16.00 267.00 283.00 OK
r-oldrel-windows-ix86+x86_64 1.1-3 8.00 198.00 206.00 OK

Check Details

Version: 1.1-3
Check: package dependencies
Result: NOTE
    Packages suggested but not available for checking:
     ‘gstat’ ‘rgdal’ ‘rgeos’ ‘RPostgreSQL’
Flavor: r-release-osx-x86_64-mavericks

Version: 1.1-3
Check: running R code from vignettes
Result: WARN
    Errors in running code in vignettes:
    when running code in ‘stgvis.Rmd’
     ...
    </tr>
    </table>
    
    > library(sp)
    
    > data("wind", package = "gstat")
    
     When sourcing ‘stgvis.R’:
    Error: there is no package called ‘gstat’
    Execution halted
    when running code in ‘jss816.Rnw’
     ...
    2 Alleghany 487 0 10 542 3 12
    3 Surry 3188 5 208 3616 6 260
    4 Currituck 508 1 123 830 2 145
    5 Northampton 1421 9 1066 1606 3 1197
    
    > data("wind", package = "gstat")
    
     When sourcing 'jss816.R':
    Error: there is no package called 'gstat'
    Execution halted
    when running code in ‘sto.Rnw’
     ...
    
    > stplot(x, mode = "tp")
    
    > print(stplot(x, mode = "tp", par.strip.text = list(cex = 0.5)))
    
    > library(rgeos)
    
     When sourcing ‘sto.R’:
    Error: there is no package called ‘rgeos’
    Execution halted
Flavor: r-release-osx-x86_64-mavericks

Version: 1.1-3
Check: re-building of vignette outputs
Result: NOTE
    Error in re-building vignettes:
     ...
    
    Welcome to googleVis version 0.5.8
    
    Please read the Google API Terms of Use
    before you start using the package:
    https://developers.google.com/terms/
    
    Note, the plot method of googleVis will by default use
    the standard browser to display its output.
    
    See the googleVis package vignettes for more details,
    or visit http://github.com/mages/googleVis.
    
    To suppress this message use:
    suppressPackageStartupMessages(library(googleVis))
    
    Quitting from lines 119-132 (stgvis.Rmd)
    Error: processing vignette 'stgvis.Rmd' failed with diagnostics:
    there is no package called 'gstat'
    Execution halted
Flavor: r-release-osx-x86_64-mavericks