CRAN Package Check Results for Package spacetime

Last updated on 2016-06-30 23:48:03.

Flavor Version Tinstall Tcheck Ttotal Status Flags
r-devel-linux-x86_64-debian-gcc 1.1-5 2.79 89.37 92.16 OK
r-devel-linux-x86_64-fedora-clang 1.1-5 170.58 OK
r-devel-linux-x86_64-fedora-gcc 1.1-5 161.00 OK
r-devel-osx-x86_64-clang 1.1-5 131.88 OK
r-devel-windows-ix86+x86_64 1.1-5 8.00 171.00 179.00 OK
r-patched-linux-x86_64 1.1-5 3.02 94.66 97.68 OK
r-patched-solaris-sparc 1.1-5 1144.30 OK
r-patched-solaris-x86 1.1-5 234.80 OK
r-release-linux-x86_64 1.1-5 2.40 86.74 89.14 OK
r-release-osx-x86_64-mavericks 1.1-5 NOTE
r-release-windows-ix86+x86_64 1.1-5 12.00 170.00 182.00 OK
r-oldrel-windows-ix86+x86_64 1.1-5 11.00 235.00 246.00 OK

Check Details

Version: 1.1-5
Check: package dependencies
Result: NOTE
    Package suggested but not available for checking: ‘RPostgreSQL’
Flavor: r-release-osx-x86_64-mavericks