CRAN Package Check Results for Package spacetime

Last updated on 2014-07-26 11:52:28.

Flavor Version Tinstall Tcheck Ttotal Status Flags
r-devel-linux-x86_64-debian-clang 1.1-0 3.19 115.68 118.87 OK
r-devel-linux-x86_64-debian-gcc 1.1-0 3.16 112.22 115.38 OK
r-devel-linux-x86_64-fedora-clang 1.1-0 269.90 OK
r-devel-linux-x86_64-fedora-gcc 1.1-0 252.34 OK
r-devel-osx-x86_64-clang 1.1-0 205.43 OK
r-devel-windows-ix86+x86_64 1.1-0 9.00 175.00 184.00 OK
r-patched-linux-x86_64 1.1-0 3.13 114.10 117.23 OK
r-patched-solaris-sparc 1.1-0 1428.20 OK
r-patched-solaris-x86 1.1-0 338.50 OK
r-release-linux-ix86 1.1-0 3.97 140.77 144.74 OK
r-release-linux-x86_64 1.1-0 3.22 118.29 121.50 OK
r-release-osx-x86_64-mavericks 1.1-0 ERROR
r-release-osx-x86_64-snowleopard 1.1-0 OK
r-release-windows-ix86+x86_64 1.1-0 9.00 184.00 193.00 OK
r-oldrel-windows-ix86+x86_64 1.1-0 9.00 172.00 181.00 OK

Check Details

Version: 1.1-0
Check: package dependencies
Result: ERROR
    Package required but not available: ‘rgeos’
    
    Packages suggested but not available for checking:
     ‘gstat’ ‘rgdal’ ‘RPostgreSQL’
    
    See the information on DESCRIPTION files in the chapter ‘Creating R
    packages’ of the ‘Writing R Extensions’ manual.
Flavor: r-release-osx-x86_64-mavericks