CRAN Package Check Results for Package spacetime

Last updated on 2014-10-30 15:49:16.

Flavor Version Tinstall Tcheck Ttotal Status Flags
r-devel-linux-x86_64-debian-clang 1.1-1 3.06 121.71 124.77 NOTE
r-devel-linux-x86_64-debian-gcc 1.1-1 2.94 114.80 117.74 NOTE
r-devel-linux-x86_64-fedora-clang 1.1-1 265.81 NOTE
r-devel-linux-x86_64-fedora-gcc 1.1-1 246.00 NOTE
r-devel-osx-x86_64-clang 1.1-1 217.25 NOTE
r-devel-windows-ix86+x86_64 1.1-1 9.00 169.00 178.00 NOTE
r-patched-linux-x86_64 1.1-1 3.13 122.92 126.05 NOTE
r-patched-solaris-sparc 1.1-1 1397.30 NOTE
r-patched-solaris-x86 1.1-1 336.50 NOTE
r-release-linux-ix86 1.1-1 4.12 154.23 158.36 NOTE
r-release-linux-x86_64 1.1-1 3.60 128.73 132.34 NOTE
r-release-osx-x86_64-mavericks 1.1-1 ERROR
r-release-osx-x86_64-snowleopard 1.1-1 NOTE
r-release-windows-ix86+x86_64 1.1-1 8.00 202.00 210.00 NOTE
r-oldrel-windows-ix86+x86_64 1.1-1 9.00 196.00 205.00 NOTE

Check Details

Version: 1.1-1
Check: data for non-ASCII characters
Result: NOTE
     Note: found 16 marked UTF-8 strings
Flavors: r-devel-linux-x86_64-debian-clang, r-devel-linux-x86_64-debian-gcc, r-devel-linux-x86_64-fedora-clang, r-devel-linux-x86_64-fedora-gcc, r-devel-osx-x86_64-clang, r-devel-windows-ix86+x86_64, r-patched-linux-x86_64, r-patched-solaris-sparc, r-patched-solaris-x86, r-release-linux-ix86, r-release-linux-x86_64, r-release-osx-x86_64-snowleopard, r-release-windows-ix86+x86_64, r-oldrel-windows-ix86+x86_64

Version: 1.1-1
Check: re-building of vignette outputs
Result: NOTE
    Error in re-building vignettes:
     ...
    Loading required package: boot
    
    Attaching package: 'adehabitatLT'
    
    The following object is masked from 'package:zoo':
    
     is.regular
    
    Loading required package: plyr
    
    Attaching package: 'plyr'
    
    The following object is masked from 'package:adehabitatLT':
    
     id
    
    The following object is masked from 'package:adehabitatMA':
    
     join
    
    
    Error: processing vignette 'sto.Rnw' failed with diagnostics:
     chunk 9
    Error in CRS(proj4string(x)) : no options found in 'init' file
    Execution halted
Flavor: r-patched-solaris-sparc

Version: 1.1-1
Check: package dependencies
Result: ERROR
    Package required but not available: ‘rgeos’
    
    Packages suggested but not available for checking:
     ‘gstat’ ‘rgdal’ ‘RPostgreSQL’
    
    See the information on DESCRIPTION files in the chapter ‘Creating R
    packages’ of the ‘Writing R Extensions’ manual.
Flavor: r-release-osx-x86_64-mavericks