CRAN Package Check Results for Package spacetime

Last updated on 2014-04-24 09:49:11.

Flavor Version Tinstall Tcheck Ttotal Status Flags
r-devel-linux-x86_64-debian-clang 1.1-0 3.56 116.94 120.51 OK
r-devel-linux-x86_64-debian-gcc 1.1-0 3.58 116.64 120.22 OK
r-devel-linux-x86_64-fedora-clang 1.1-0 272.99 OK
r-devel-linux-x86_64-fedora-gcc 1.1-0 250.68 OK
r-devel-osx-x86_64-clang 1.1-0 213.46 OK
r-devel-osx-x86_64-gcc 1.1-0 ERROR
r-devel-windows-ix86+x86_64 1.1-0 8.00 179.00 187.00 OK
r-patched-linux-x86_64 1.1-0 3.33 115.66 118.99 OK
r-patched-solaris-sparc 1.1-0 1428.20 OK
r-patched-solaris-x86 1.1-0 327.30 OK
r-release-linux-ix86 1.1-0 5.00 184.00 189.00 OK
r-release-linux-x86_64 1.1-0 3.93 116.66 120.58 OK
r-release-osx-x86_64-mavericks 1.1-0 ERROR
r-release-osx-x86_64-snowleopard 1.1-0 OK
r-release-windows-ix86+x86_64 1.1-0 8.00 182.00 190.00 OK
r-oldrel-windows-ix86+x86_64 1.1-0 7.00 182.00 189.00 OK

Check Details

Version: 1.1-0
Check: package dependencies
Result: ERROR
    Packages required but not available: ‘zoo’ ‘xts’ ‘rgeos’
    
    Packages suggested but not available for checking:
     ‘cshapes’ ‘diveMove’ ‘gstat’ ‘maptools’ ‘plm’ ‘raster’
    
    See the information on DESCRIPTION files in the chapter ‘Creating R
    packages’ of the ‘Writing R Extensions’ manual.
Flavor: r-devel-osx-x86_64-gcc

Version: 1.1-0
Check: package dependencies
Result: ERROR
    Package required but not available: ‘rgeos’
    
    Packages suggested but not available for checking:
     ‘cshapes’ ‘gstat’ ‘maptools’ ‘rgdal’ ‘RPostgreSQL’
    
    See the information on DESCRIPTION files in the chapter ‘Creating R
    packages’ of the ‘Writing R Extensions’ manual.
Flavor: r-release-osx-x86_64-mavericks