CRAN Package Check Results for Package spacetime

Last updated on 2015-07-02 21:47:09.

Flavor Version Tinstall Tcheck Ttotal Status Flags
r-devel-linux-x86_64-debian-clang 1.1-4 2.25 97.46 99.72 NOTE
r-devel-linux-x86_64-debian-gcc 1.1-4 2.24 93.45 95.69 NOTE
r-devel-linux-x86_64-fedora-clang 1.1-4 202.22 NOTE
r-devel-linux-x86_64-fedora-gcc 1.1-4 189.55 NOTE
r-devel-osx-x86_64-clang 1.1-4 164.44 OK
r-devel-windows-ix86+x86_64 1.1-4 8.00 145.00 153.00 NOTE
r-patched-linux-x86_64 1.1-4 2.20 97.03 99.23 OK
r-patched-solaris-sparc 1.1-4 1323.10 OK
r-patched-solaris-x86 1.1-4 266.80 OK
r-release-linux-x86_64 1.1-4 2.20 96.85 99.05 OK
r-release-osx-x86_64-mavericks 1.1-4 WARN
r-release-windows-ix86+x86_64 1.1-4 8.00 163.00 171.00 OK
r-oldrel-windows-ix86+x86_64 1.1-4 11.00 172.00 183.00 OK

Check Details

Version: 1.1-4
Check: R code for possible problems
Result: NOTE
    EOF: no visible global function definition for ‘prcomp’
    EOF: no visible global function definition for ‘predict’
    eof: no visible global function definition for ‘prcomp’
    lines.STTDF: no visible global function definition for ‘lines’
    read.tgrass: no visible global function definition for ‘untar’
    read.tgrass: no visible global function definition for ‘read.table’
    stplot.STFDF: no visible global function definition for ‘as.formula’
    stplot.STI: no visible global function definition for ‘as.formula’
    stplot.STTDF: no visible global function definition for ‘as.formula’
    unstack.STFDF: no visible global function definition for ‘as.formula’
    write.tgrass: no visible global function definition for ‘write.table’
    Undefined global functions or variables:
     as.formula lines prcomp predict read.table untar write.table
Flavors: r-devel-linux-x86_64-debian-clang, r-devel-linux-x86_64-fedora-clang, r-devel-linux-x86_64-fedora-gcc

Version: 1.1-4
Check: R code for possible problems
Result: NOTE
    EOF: no visible global function definition for ‘prcomp’
    EOF: no visible global function definition for ‘predict’
    eof: no visible global function definition for ‘prcomp’
    lines.STTDF: no visible global function definition for ‘lines’
    read.tgrass: no visible global function definition for ‘untar’
    read.tgrass: no visible global function definition for ‘read.table’
    stplot.STFDF: no visible global function definition for ‘as.formula’
    stplot.STI: no visible global function definition for ‘as.formula’
    stplot.STTDF: no visible global function definition for ‘as.formula’
    unstack.STFDF: no visible global function definition for ‘as.formula’
    write.tgrass: no visible global function definition for ‘write.table’
Flavors: r-devel-linux-x86_64-debian-gcc, r-devel-windows-ix86+x86_64

Version: 1.1-4
Check: package dependencies
Result: NOTE
    Packages suggested but not available for checking:
     ‘rgdal’ ‘rgeos’ ‘RPostgreSQL’
Flavor: r-release-osx-x86_64-mavericks

Version: 1.1-4
Check: running R code from vignettes
Result: WARN
    Errors in running code in vignettes:
    when running code in ‘jss816.Rnw’
     ...
    
    > rownames(pts) = wind.loc$Station
    
    > pts = SpatialPoints(pts, CRS("+proj=longlat +datum=WGS84 +ellps=WGS84"))
    
    > library(rgdal)
    
     When sourcing 'jss816.R':
    Error: there is no package called 'rgdal'
    Execution halted
Flavor: r-release-osx-x86_64-mavericks

Version: 1.1-4
Check: re-building of vignette outputs
Result: NOTE
    Error in re-building vignettes:
     ...
    
    See the googleVis package vignettes for more details,
    or visit http://github.com/mages/googleVis.
    
    To suppress this message use:
    suppressPackageStartupMessages(library(googleVis))
    
    Loading required package: zoo
    
    Attaching package: 'zoo'
    
    The following objects are masked from 'package:base':
    
     as.Date, as.Date.numeric
    
    Checking rgeos availability: FALSE
     Note: when rgeos is not available, polygon geometry computations in maptools depend on gpclib,
     which has a restricted licence. It is disabled by default;
     to enable gpclib, type gpclibPermit()
    Loading required package: Formula
    
    Error: processing vignette 'jss816.Rnw' failed with diagnostics:
     chunk 37
    Error in library(rgdal) : there is no package called 'rgdal'
    Execution halted
Flavor: r-release-osx-x86_64-mavericks