CRAN Package Check Results for Package spacetime

Last updated on 2016-02-13 11:54:37.

Flavor Version Tinstall Tcheck Ttotal Status Flags
r-devel-linux-x86_64-debian-gcc 1.1-5 2.19 81.18 83.37 OK
r-devel-linux-x86_64-fedora-clang 1.1-5 168.08 OK
r-devel-linux-x86_64-fedora-gcc 1.1-5 164.23 OK
r-devel-osx-x86_64-clang 1.1-5 105.92 OK
r-devel-windows-ix86+x86_64 1.1-5 10.00 154.00 164.00 OK
r-patched-linux-x86_64 1.1-5 2.40 107.58 109.98 OK
r-patched-solaris-sparc 1.1-5 1411.60 OK
r-patched-solaris-x86 1.1-5 300.50 OK
r-release-linux-x86_64 1.1-5 2.68 106.74 109.42 OK
r-release-osx-x86_64-mavericks 1.1-5 OK
r-release-windows-ix86+x86_64 1.1-5 11.00 246.00 257.00 OK
r-oldrel-windows-ix86+x86_64 1.1-5 17.00 108.00 125.00 ERROR

Check Details

Version: 1.1-5
Check: examples
Result: ERROR
    Running examples in 'spacetime-Ex.R' failed
    The error most likely occurred in:
    
    > ### Name: stConstruct
    > ### Title: create ST* objects from long or wide tables
    > ### Aliases: stConstruct
    > ### Keywords: manip
    >
    > ### ** Examples
    >
    > # example 0: construction of STFDF from long table:
    > library(maps)
    
     # ATTENTION: maps v3.0 has an updated 'world' map. #
     # Many country borders and names have changed since 1990. #
     # Type '?world' or 'news(package="maps")'. See README_v3. #
    
    
    > states.m = map('state', plot=FALSE, fill=TRUE)
    > IDs <- sapply(strsplit(states.m$names, ":"), function(x) x[1])
    >
    > library(maptools)
    Loading required package: sp
    Checking rgeos availability: TRUE
    > states = map2SpatialPolygons(states.m, IDs=IDs)
    >
    > library(plm)
    Loading required package: Formula
    Error in loadNamespace(j <- i[[1L]], c(lib.loc, .libPaths()), versionCheck = vI[[j]]) :
     namespace 'nlme' 3.1-122 is already loaded, but >= 3.1.123 is required
    Error: package or namespace load failed for 'plm'
    Execution halted
Flavor: r-oldrel-windows-ix86+x86_64