CRAN Package Check Results for Package spacetime

Last updated on 2015-05-23 15:47:29.

Flavor Version Tinstall Tcheck Ttotal Status Flags
r-devel-linux-x86_64-debian-clang 1.1-4 2.44 101.02 103.45 OK
r-devel-linux-x86_64-debian-gcc 1.1-4 2.22 97.73 99.96 OK
r-devel-linux-x86_64-fedora-clang 1.1-4 205.60 OK
r-devel-linux-x86_64-fedora-gcc 1.1-4 195.34 OK
r-devel-osx-x86_64-clang 1.1-4 178.55 OK
r-devel-windows-ix86+x86_64 1.1-4 6.00 152.00 158.00 OK
r-patched-linux-x86_64 1.1-4 2.36 97.64 100.00 OK
r-patched-solaris-sparc 1.1-4 1358.50 OK
r-patched-solaris-x86 1.1-4 262.70 OK
r-release-linux-x86_64 1.1-4 2.19 100.45 102.64 OK
r-release-osx-x86_64-mavericks 1.1-4 WARN
r-release-osx-x86_64-snowleopard 1.1-4 ERROR
r-release-windows-ix86+x86_64 1.1-4 8.00 159.00 167.00 OK
r-oldrel-windows-ix86+x86_64 1.1-4 8.00 185.00 193.00 OK

Check Details

Version: 1.1-4
Check: package dependencies
Result: NOTE
    Packages suggested but not available for checking:
     ‘rgdal’ ‘rgeos’ ‘RPostgreSQL’
Flavor: r-release-osx-x86_64-mavericks

Version: 1.1-4
Check: running R code from vignettes
Result: WARN
    Errors in running code in vignettes:
    when running code in ‘jss816.Rnw’
     ...
    
    > rownames(pts) = wind.loc$Station
    
    > pts = SpatialPoints(pts, CRS("+proj=longlat +datum=WGS84 +ellps=WGS84"))
    
    > library(rgdal)
    
     When sourcing 'jss816.R':
    Error: there is no package called 'rgdal'
    Execution halted
Flavor: r-release-osx-x86_64-mavericks

Version: 1.1-4
Check: re-building of vignette outputs
Result: NOTE
    Error in re-building vignettes:
     ...
    
    See the googleVis package vignettes for more details,
    or visit http://github.com/mages/googleVis.
    
    To suppress this message use:
    suppressPackageStartupMessages(library(googleVis))
    
    Loading required package: zoo
    
    Attaching package: 'zoo'
    
    The following objects are masked from 'package:base':
    
     as.Date, as.Date.numeric
    
    Checking rgeos availability: FALSE
     Note: when rgeos is not available, polygon geometry computations in maptools depend on gpclib,
     which has a restricted licence. It is disabled by default;
     to enable gpclib, type gpclibPermit()
    Loading required package: Formula
    
    Error: processing vignette 'jss816.Rnw' failed with diagnostics:
     chunk 37
    Error in library(rgdal) : there is no package called 'rgdal'
    Execution halted
Flavor: r-release-osx-x86_64-mavericks

Version: 1.1-4
Check: package dependencies
Result: ERROR
    Packages required but not available: ‘zoo’ ‘xts’
    
    Packages suggested but not available for checking:
     ‘diveMove’ ‘gstat’ ‘plm’ ‘raster’ ‘rgeos’ ‘knitr’
    
    VignetteBuilder package required for checking but not installed: ‘knitr’
    
    See section ‘The DESCRIPTION file’ in the ‘Writing R Extensions’
    manual.
Flavor: r-release-osx-x86_64-snowleopard