CRAN Package Check Results for Package spacom

Last updated on 2015-05-29 11:49:26.

Flavor Version Tinstall Tcheck Ttotal Status Flags
r-devel-linux-x86_64-debian-clang 1.0-4 4.70 128.43 133.13 OK
r-devel-linux-x86_64-debian-gcc 1.0-4 4.64 131.89 136.54 OK
r-devel-linux-x86_64-fedora-clang 1.0-4 255.89 OK
r-devel-linux-x86_64-fedora-gcc 1.0-4 240.28 OK
r-devel-osx-x86_64-clang 1.0-4 205.22 OK
r-devel-windows-ix86+x86_64 1.0-4 11.00 187.00 198.00 OK
r-patched-linux-x86_64 1.0-4 4.32 126.85 131.16 OK
r-patched-solaris-sparc 1.0-4 1771.60 OK
r-patched-solaris-x86 1.0-4 413.30 OK
r-release-linux-x86_64 1.0-4 5.30 128.42 133.72 OK
r-release-osx-x86_64-mavericks 1.0-4 OK
r-release-osx-x86_64-snowleopard 1.0-4 ERROR
r-release-windows-ix86+x86_64 1.0-4 12.00 185.00 197.00 OK
r-oldrel-windows-ix86+x86_64 1.0-4 16.00 214.00 230.00 OK

Check Details

Version: 1.0-4
Check: package dependencies
Result: ERROR
    Package required but not available: ‘spdep’
    
    See section ‘The DESCRIPTION file’ in the ‘Writing R Extensions’
    manual.
Flavor: r-release-osx-x86_64-snowleopard