CRAN Package Check Results for Package spacom

Last updated on 2014-04-20 22:47:07.

Flavor Version Tinstall Tcheck Ttotal Status Flags
r-devel-linux-x86_64-debian-clang 1.0-4 6.65 149.30 155.95 OK
r-devel-linux-x86_64-debian-gcc 1.0-4 6.58 154.43 161.01 OK
r-devel-linux-x86_64-fedora-clang 1.0-4 353.70 OK
r-devel-linux-x86_64-fedora-gcc 1.0-4 335.73 OK
r-devel-macosx-x86_64-clang 1.0-4 263.41 OK
r-devel-macosx-x86_64-gcc 1.0-4 ERROR
r-devel-windows-ix86+x86_64 1.0-4 14.00 211.00 225.00 OK
r-patched-linux-x86_64 1.0-4 6.56 152.80 159.36 OK
r-patched-solaris-sparc 1.0-4 2017.10 OK
r-patched-solaris-x86 1.0-4 484.90 OK
r-release-linux-ix86 OK
r-release-linux-x86_64 1.0-4 6.27 157.72 163.99 OK
r-release-macosx-x86_64 1.0-4 OK
r-release-windows-ix86+x86_64 1.0-4 21.00 208.00 229.00 OK
r-oldrel-windows-ix86+x86_64 1.0-4 18.00 209.00 227.00 OK

Check Details

Version: 1.0-4
Check: package dependencies
Result: ERROR
    Package required but not available: ‘spdep’
    
    See the information on DESCRIPTION files in the chapter ‘Creating R
    packages’ of the ‘Writing R Extensions’ manual.
Flavor: r-devel-macosx-x86_64-gcc