CRAN Package Check Results for Package spacom

Last updated on 2015-04-26 23:47:02.

Flavor Version Tinstall Tcheck Ttotal Status Flags
r-devel-linux-x86_64-debian-clang 1.0-4 4.48 137.50 141.98 OK
r-devel-linux-x86_64-debian-gcc 1.0-4 4.48 127.05 131.54 OK
r-devel-linux-x86_64-fedora-clang 1.0-4 256.82 OK
r-devel-linux-x86_64-fedora-gcc 1.0-4 250.14 OK
r-devel-osx-x86_64-clang 1.0-4 213.11 OK
r-devel-windows-ix86+x86_64 1.0-4 12.00 192.00 204.00 OK
r-patched-linux-x86_64 1.0-4 4.48 133.02 137.49 OK
r-patched-solaris-sparc 1.0-4 1756.30 OK
r-patched-solaris-x86 1.0-4 412.80 OK
r-release-linux-x86_64 1.0-4 4.34 128.65 133.00 OK
r-release-osx-x86_64-mavericks 1.0-4 OK
r-release-osx-x86_64-snowleopard 1.0-4 ERROR
r-release-windows-ix86+x86_64 1.0-4 14.00 196.00 210.00 OK
r-oldrel-windows-ix86+x86_64 1.0-4 20.00 205.00 225.00 OK

Check Details

Version: 1.0-4
Check: package dependencies
Result: ERROR
    Package required but not available: ‘spdep’
    
    See section ‘The DESCRIPTION file’ in the ‘Writing R Extensions’
    manual.
Flavor: r-release-osx-x86_64-snowleopard