CRAN Package Check Results for Package spam

Last updated on 2014-08-21 13:48:20.

Flavor Version Tinstall Tcheck Ttotal Status Flags
r-devel-linux-x86_64-debian-clang 0.41-0 7.01 71.54 78.56 NOTE
r-devel-linux-x86_64-debian-gcc 0.41-0 6.80 71.49 78.29 NOTE
r-devel-linux-x86_64-fedora-clang 0.41-0 158.56 NOTE
r-devel-linux-x86_64-fedora-gcc 0.41-0 165.09 NOTE
r-devel-osx-x86_64-clang 0.41-0 120.39 NOTE
r-devel-windows-ix86+x86_64 0.41-0 22.00 141.00 163.00 NOTE
r-patched-linux-x86_64 0.41-0 6.79 73.35 80.14 NOTE
r-patched-solaris-sparc 0.41-0 953.90 NOTE
r-patched-solaris-x86 0.41-0 196.30 NOTE
r-release-linux-ix86 0.41-0 9.22 88.84 98.06 OK
r-release-linux-x86_64 0.41-0 6.78 74.56 81.34 OK
r-release-osx-x86_64-mavericks 0.41-0 OK
r-release-osx-x86_64-snowleopard 0.41-0 OK
r-release-windows-ix86+x86_64 0.41-0 21.00 148.00 169.00 OK
r-oldrel-windows-ix86+x86_64 0.41-0 23.00 149.00 172.00 OK

Check Details

Version: 0.41-0
Check: dependencies in R code
Result: NOTE
    Package in Depends field not imported from: ‘grid’
     These packages need to be imported from (in the NAMESPACE file)
     for when this namespace is loaded but not attached.
    See the information on DESCRIPTION files in the chapter ‘Creating R
    packages’ of the ‘Writing R Extensions’ manual.
Flavors: r-devel-linux-x86_64-debian-clang, r-devel-linux-x86_64-debian-gcc, r-devel-linux-x86_64-fedora-clang, r-devel-linux-x86_64-fedora-gcc, r-devel-osx-x86_64-clang, r-devel-windows-ix86+x86_64, r-patched-linux-x86_64, r-patched-solaris-sparc, r-patched-solaris-x86

Version: 0.41-0
Check: R code for possible problems
Result: NOTE
    as.spam.matrix.csr: no visible global function definition for
     ‘is.matrix.csr’
    germany.plot: no visible binding for global variable ‘germany.info’
    germany.plot: no visible binding for global variable ‘germany.poly’
    germany.plot: no visible global function definition for ‘image.plot’
    grid_trace2: no visible global function definition for ‘unit’
    grid_trace2: no visible global function definition for ‘plotViewport’
    grid_trace2: no visible global function definition for ‘viewport’
    grid_trace2: no visible global function definition for ‘grid.layout’
    grid_trace2: no visible global function definition for ‘dataViewport’
    grid_trace2: no visible global function definition for ‘vpStack’
    grid_trace2: no visible global function definition for ‘vpList’
    grid_trace2: no visible global function definition for ‘gList’
    grid_trace2: no visible global function definition for ‘rectGrob’
    grid_trace2: no visible global function definition for ‘gpar’
    grid_trace2: no visible global function definition for ‘linesGrob’
    grid_trace2: no visible global function definition for ‘yaxisGrob’
    grid_trace2: no visible global function definition for ‘xaxisGrob’
    grid_trace2: no visible global function definition for ‘pointsGrob’
    grid_trace2: no visible global function definition for ‘textGrob’
    grid_trace2: no visible global function definition for ‘grobHeight’
    grid_trace2: no visible global function definition for ‘stringHeight’
    grid_trace2: no visible global function definition for ‘gTree’
    grid_trace2: no visible global function definition for ‘grid.draw’
    grid_zoom: no visible global function definition for ‘pointsGrob’
    grid_zoom: no visible global function definition for ‘viewport’
    grid_zoom: no visible global function definition for ‘gpar’
    grid_zoom: no visible global function definition for ‘xaxisGrob’
    grid_zoom: no visible global function definition for ‘vpStack’
    grid_zoom: no visible global function definition for ‘vpList’
    grid_zoom: no visible global function definition for ‘unit’
    grid_zoom: no visible global function definition for ‘editGrob’
    grid_zoom: no visible global function definition for ‘rectGrob’
    grid_zoom: no visible global function definition for ‘gList’
    grid_zoom: no visible global function definition for ‘gTree’
    grid_zoom: no visible global function definition for ‘grid.draw’
    map.landkreis: no visible binding for global variable ‘germany’
    map.landkreis: no visible global function definition for ‘tim.colors’
    map.landkreis: no visible global function definition for ‘image.plot’
Flavors: r-devel-linux-x86_64-fedora-clang, r-devel-linux-x86_64-fedora-gcc, r-devel-osx-x86_64-clang