CRAN Package Check Results for Package spam

Last updated on 2020-08-04 19:49:04 CEST.

Flavor Version Tinstall Tcheck Ttotal Status Flags
r-devel-linux-x86_64-debian-clang 2.5-1 30.03 153.64 183.67 OK
r-devel-linux-x86_64-debian-gcc 2.5-1 24.85 113.01 137.86 OK
r-devel-linux-x86_64-fedora-clang 2.5-1 224.03 NOTE
r-devel-linux-x86_64-fedora-gcc 2.5-1 216.93 OK
r-devel-windows-ix86+x86_64 2.5-1 73.00 211.00 284.00 OK
r-patched-linux-x86_64 2.5-1 27.40 148.95 176.35 OK
r-patched-solaris-x86 2.5-1 326.30 OK
r-release-linux-x86_64 2.5-1 29.04 149.14 178.18 OK
r-release-macos-x86_64 2.5-1 OK
r-release-windows-ix86+x86_64 2.5-1 76.00 307.00 383.00 OK
r-oldrel-macos-x86_64 2.5-1 OK
r-oldrel-windows-ix86+x86_64 2.5-1 57.00 237.00 294.00 OK

Check Details

Version: 2.5-1
Check: Rd cross-references
Result: NOTE
    Undeclared package ‘magic’ in Rd xrefs
Flavor: r-devel-linux-x86_64-fedora-clang