CRAN Package Check Results for Package spam

Last updated on 2020-12-03 05:48:24 CET.

Flavor Version Tinstall Tcheck Ttotal Status Flags
r-devel-linux-x86_64-debian-clang 2.5-1 29.42 151.49 180.91 OK
r-devel-linux-x86_64-debian-gcc 2.5-1 24.47 113.77 138.24 OK
r-devel-linux-x86_64-fedora-clang 2.5-1 226.22 NOTE
r-devel-linux-x86_64-fedora-gcc 2.5-1 226.90 OK
r-devel-windows-ix86+x86_64 2.5-1 68.00 210.00 278.00 OK
r-patched-linux-x86_64 2.5-1 26.84 147.48 174.32 OK
r-patched-solaris-x86 2.5-1 333.70 OK
r-release-linux-x86_64 2.5-1 29.11 148.20 177.31 OK
r-release-macos-x86_64 2.5-1 OK
r-release-windows-ix86+x86_64 2.5-1 48.00 236.00 284.00 OK
r-oldrel-macos-x86_64 2.5-1 OK
r-oldrel-windows-ix86+x86_64 2.5-1 53.00 242.00 295.00 OK

Check Details

Version: 2.5-1
Check: Rd cross-references
Result: NOTE
    Undeclared package ‘magic’ in Rd xrefs
Flavor: r-devel-linux-x86_64-fedora-clang