CRAN Package Check Results for Package spam

Last updated on 2017-06-23 18:47:03.

Flavor Version Tinstall Tcheck Ttotal Status Flags
r-devel-linux-x86_64-debian-clang 1.4-0 7.35 92.15 99.50 WARN
r-devel-linux-x86_64-debian-gcc 1.4-0 7.02 92.10 99.12 WARN
r-devel-linux-x86_64-fedora-clang 1.4-0 198.48 WARN
r-devel-linux-x86_64-fedora-gcc 1.4-0 192.73 WARN
r-devel-windows-ix86+x86_64 1.4-0 33.00 309.00 342.00 WARN
r-patched-linux-x86_64 1.4-0 6.82 97.41 104.23 NOTE
r-patched-solaris-sparc 1.4-0 1100.10 OK
r-patched-solaris-x86 1.4-0 254.60 NOTE
r-release-linux-x86_64 1.4-0 6.70 89.94 96.65 NOTE
r-release-windows-ix86+x86_64 1.4-0 28.00 289.00 317.00 OK
r-release-osx-x86_64 1.4-0 OK
r-oldrel-windows-ix86+x86_64 1.4-0 43.00 246.00 289.00 OK
r-oldrel-osx-x86_64 1.4-0 OK

Check Details

Version: 1.4-0
Check: S3 generic/method consistency
Result: NOTE
    Found the following apparent S3 methods exported but not registered:
     cbind.spam rbind.spam
    See section ‘Registering S3 methods’ in the ‘Writing R Extensions’
    manual.
Flavors: r-devel-linux-x86_64-debian-clang, r-devel-linux-x86_64-debian-gcc, r-devel-linux-x86_64-fedora-clang, r-devel-linux-x86_64-fedora-gcc, r-patched-linux-x86_64, r-patched-solaris-x86

Version: 1.4-0
Check: for code/documentation mismatches
Result: WARN
    Codoc mismatches from documentation object 'diag':
    diag
     Code: function(x = 1, nrow, ncol, names = TRUE)
     Docs: function(x = 1, nrow, ncol)
     Argument names in code not in docs:
     names
Flavors: r-devel-linux-x86_64-debian-clang, r-devel-linux-x86_64-debian-gcc, r-devel-linux-x86_64-fedora-clang, r-devel-linux-x86_64-fedora-gcc, r-devel-windows-ix86+x86_64

Version: 1.4-0
Check: Rd \usage sections
Result: NOTE
    S3 methods shown with full name in documentation object 'cbind':
     ‘cbind.spam’ ‘rbind.spam’
    
    The \usage entries for S3 methods should use the \method markup and not
    their full name.
    See chapter ‘Writing R documentation files’ in the ‘Writing R
    Extensions’ manual.
Flavors: r-devel-linux-x86_64-debian-clang, r-devel-linux-x86_64-debian-gcc, r-devel-linux-x86_64-fedora-clang, r-devel-linux-x86_64-fedora-gcc, r-devel-windows-ix86+x86_64, r-patched-linux-x86_64, r-patched-solaris-x86

Version: 1.4-0
Check: compiled code
Result: NOTE
    File ‘spam/libs/spam.so’:
     Found no calls to: ‘R_registerRoutines’, ‘R_useDynamicSymbols’
    
    It is good practice to register native routines and to disable symbol
    search.
    
    See ‘Writing portable packages’ in the ‘Writing R Extensions’ manual.
Flavors: r-devel-linux-x86_64-debian-clang, r-devel-linux-x86_64-debian-gcc, r-devel-linux-x86_64-fedora-clang, r-devel-linux-x86_64-fedora-gcc, r-patched-linux-x86_64, r-release-linux-x86_64