CRAN Package Check Results for Package spam

Last updated on 2017-04-30 11:48:04.

Flavor Version Tinstall Tcheck Ttotal Status Flags
r-devel-linux-x86_64-debian-clang 1.4-0 7.18 100.54 107.72 WARN
r-devel-linux-x86_64-debian-gcc 1.4-0 7.48 95.76 103.24 WARN
r-devel-linux-x86_64-fedora-clang 1.4-0 217.86 WARN --no-stop-on-test-error
r-devel-linux-x86_64-fedora-gcc 1.4-0 196.89 WARN --no-stop-on-test-error
r-devel-windows-ix86+x86_64 1.4-0 45.00 287.00 332.00 WARN
r-patched-linux-x86_64 1.4-0 6.79 96.39 103.18 NOTE
r-patched-solaris-sparc 1.4-0 1100.10 OK
r-patched-solaris-x86 1.4-0 242.70 OK
r-release-linux-x86_64 1.4-0 6.90 94.31 101.20 NOTE
r-release-windows-ix86+x86_64 1.4-0 42.00 295.00 337.00 OK
r-release-osx-x86_64 1.4-0 OK
r-oldrel-windows-ix86+x86_64 1.4-0 28.00 246.00 274.00 OK
r-oldrel-osx-x86_64 1.4-0 OK

Check Details

Version: 1.4-0
Check: for code/documentation mismatches
Result: WARN
    Codoc mismatches from documentation object 'diag':
    diag
     Code: function(x = 1, nrow, ncol, names = TRUE)
     Docs: function(x = 1, nrow, ncol)
     Argument names in code not in docs:
     names
Flavors: r-devel-linux-x86_64-debian-clang, r-devel-linux-x86_64-debian-gcc, r-devel-windows-ix86+x86_64

Version: 1.4-0
Check: compiled code
Result: NOTE
    File ‘spam/libs/spam.so’:
     Found no calls to: ‘R_registerRoutines’, ‘R_useDynamicSymbols’
    
    It is good practice to register native routines and to disable symbol
    search.
    
    See ‘Writing portable packages’ in the ‘Writing R Extensions’ manual.
Flavors: r-devel-linux-x86_64-debian-clang, r-devel-linux-x86_64-debian-gcc, r-patched-linux-x86_64, r-release-linux-x86_64

Version: 1.4-0
Flags: --no-stop-on-test-error
Check: for code/documentation mismatches
Result: WARN
    Codoc mismatches from documentation object 'diag':
    diag
     Code: function(x = 1, nrow, ncol, names = TRUE)
     Docs: function(x = 1, nrow, ncol)
     Argument names in code not in docs:
     names
Flavors: r-devel-linux-x86_64-fedora-clang, r-devel-linux-x86_64-fedora-gcc

Version: 1.4-0
Flags: --no-stop-on-test-error
Check: compiled code
Result: NOTE
    File ‘spam/libs/spam.so’:
     Found no calls to: ‘R_registerRoutines’, ‘R_useDynamicSymbols’
    
    It is good practice to register native routines and to disable symbol
    search.
    
    See ‘Writing portable packages’ in the ‘Writing R Extensions’ manual.
Flavors: r-devel-linux-x86_64-fedora-clang, r-devel-linux-x86_64-fedora-gcc