CRAN Package Check Results for Package spam

Last updated on 2017-03-24 23:56:12.

Flavor Version Tinstall Tcheck Ttotal Status Flags
r-devel-linux-x86_64-debian-clang 1.4-0 7.24 98.08 105.33 NOTE
r-devel-linux-x86_64-debian-gcc 1.4-0 7.12 95.05 102.17 NOTE
r-devel-linux-x86_64-fedora-clang 1.4-0 227.75 NOTE --no-stop-on-test-error
r-devel-linux-x86_64-fedora-gcc 1.4-0 198.20 NOTE --no-stop-on-test-error
r-devel-macos-x86_64-clang 1.4-0 146.71 NOTE --no-stop-on-test-error
r-devel-windows-ix86+x86_64 1.4-0 31.00 319.00 350.00 OK
r-patched-linux-x86_64 1.4-0 7.12 85.03 92.15 OK
r-patched-solaris-sparc 1.4-0 1100.10 OK
r-patched-solaris-x86 1.4-0 253.30 OK
r-release-linux-x86_64 1.4-0 7.14 83.30 90.44 OK
r-release-osx-x86_64-mavericks 1.4-0 OK
r-release-windows-ix86+x86_64 1.4-0 38.00 171.00 209.00 OK
r-oldrel-windows-ix86+x86_64 1.4-0 25.00 257.00 282.00 OK

Check Details

Version: 1.4-0
Check: compiled code
Result: NOTE
    File ‘spam/libs/spam.so’:
     Found no calls to: ‘R_registerRoutines’, ‘R_useDynamicSymbols’
    
    It is good practice to register native routines and to disable symbol
    search.
    
    See ‘Writing portable packages’ in the ‘Writing R Extensions’ manual.
Flavors: r-devel-linux-x86_64-debian-clang, r-devel-linux-x86_64-debian-gcc

Version: 1.4-0
Flags: --no-stop-on-test-error
Check: compiled code
Result: NOTE
    File ‘spam/libs/spam.so’:
     Found no calls to: ‘R_registerRoutines’, ‘R_useDynamicSymbols’
    
    It is good practice to register native routines and to disable symbol
    search.
    
    See ‘Writing portable packages’ in the ‘Writing R Extensions’ manual.
Flavors: r-devel-linux-x86_64-fedora-clang, r-devel-linux-x86_64-fedora-gcc, r-devel-macos-x86_64-clang