CRAN Package Check Results for Package spam

Last updated on 2017-08-17 03:49:21.

Flavor Version Tinstall Tcheck Ttotal Status Flags
r-devel-linux-x86_64-debian-clang 2.1-1 5.91 83.67 89.58 OK
r-devel-linux-x86_64-debian-gcc 2.1-1 6.20 82.75 88.95 OK
r-devel-linux-x86_64-fedora-clang 2.1-1 174.88 OK
r-devel-linux-x86_64-fedora-gcc 2.1-1 169.13 OK
r-devel-windows-ix86+x86_64 2.1-1 30.00 191.00 221.00 OK
r-patched-linux-x86_64 2.1-1 6.41 86.31 92.72 OK
r-patched-solaris-x86 2.1-1 221.20 OK
r-release-linux-x86_64 2.1-1 6.52 88.93 95.45 OK
r-release-windows-ix86+x86_64 2.1-1 28.00 188.00 216.00 ERROR
r-release-osx-x86_64 2.1-1 OK
r-oldrel-windows-ix86+x86_64 2.1-1 38.00 138.00 176.00 OK
r-oldrel-osx-x86_64 2.1-1 ERROR

Check Details

Version: 2.1-1
Check: running tests for arch ‘i386’
Result: ERROR
     Running 'demo_article-jss-example1.R' [3s]
     Comparing 'demo_article-jss-example1.Rout' to 'demo_article-jss-example1.Rout.save' ... OK
     Running 'demo_article-jss-example2.R' [3s]
     Comparing 'demo_article-jss-example2.Rout' to 'demo_article-jss-example2.Rout.save' ...47a48,52
    >
    > # maps v3.1: updated 'world': all lakes moved to separate new #
    > # 'lakes' database. Type '?world' or 'news(package="maps")'. #
    >
    >
     Running 'demo_article-jss.R' [7s]
     Comparing 'demo_article-jss.Rout' to 'demo_article-jss.Rout.save' ... OK
     Running 'demo_cholesky.R' [2s]
     Comparing 'demo_cholesky.Rout' to 'demo_cholesky.Rout.save' ... OK
     Running 'demo_jss15-BYM.R' [3s]
     Comparing 'demo_jss15-BYM.Rout' to 'demo_jss15-BYM.Rout.save' ... OK
     Running 'demo_jss15-Leroux.R' [4s]
     Comparing 'demo_jss15-Leroux.Rout' to 'demo_jss15-Leroux.Rout.save' ... OK
     Running 'demo_spam.R' [1s]
     Comparing 'demo_spam.Rout' to 'demo_spam.Rout.save' ... OK
     Running 'demo_timing.R' [2s]
     Comparing 'demo_timing.Rout' to 'demo_timing.Rout.save' ... OK
     Running 'jss_areal_counts.R' [3s]
     Comparing 'jss_areal_counts.Rout' to 'jss_areal_counts.Rout.save' ... OK
     Running 'testthat.R' [8s]
    Running the tests in 'tests/testthat.R' failed.
    Last 13 lines of output:
     Loading required package: grid
     Spam version 2.1-1 (2017-07-02) is loaded.
     Type 'help( Spam)' or 'demo( spam)' for a short introduction
     and overview of this package.
     Help for individual functions is also obtained by adding the
     suffix '.spam' to the function name, e.g. 'help( chol.spam)'.
    
     Attaching package: 'spam'
    
     The following objects are masked from 'package:base':
    
     backsolve, forwardsolve
    
     >
     > test_check("spam")
Flavor: r-release-windows-ix86+x86_64

Version: 2.1-1
Check: tests
Result: ERROR
    Running the tests in ‘tests/testthat.R’ failed.
    Last 13 lines of output:
    
     Attaching package: 'spam'
    
     The following objects are masked from 'package:base':
    
     backsolve, forwardsolve
    
     >
     > test_check("spam")
     testthat results ================================================================
     OK: 496 SKIPPED: 0 FAILED: 0
     Error: is.expectation(exp) is not TRUE
     Execution halted
Flavor: r-oldrel-osx-x86_64