CRAN Package Check Results for Package spam

Last updated on 2016-08-31 17:47:58.

Flavor Version Tinstall Tcheck Ttotal Status Flags
r-devel-linux-x86_64-debian-clang 1.4-0 7.18 82.89 90.07 OK
r-devel-linux-x86_64-debian-gcc 1.3-0 7.12 82.37 89.49 WARN
r-devel-linux-x86_64-fedora-clang 1.4-0 84.22 OK
r-devel-linux-x86_64-fedora-gcc 1.4-0 79.62 OK
r-devel-osx-x86_64-clang 1.4-0 90.32 OK
r-devel-windows-ix86+x86_64 1.3-0 27.00 214.00 241.00 OK
r-patched-linux-x86_64 1.3-0 6.93 84.08 91.02 OK
r-patched-solaris-sparc 1.4-0 887.40 OK
r-patched-solaris-x86 1.4-0 200.90 OK
r-release-linux-x86_64 1.4-0 7.01 78.64 85.66 OK
r-release-osx-x86_64-mavericks 1.4-0 OK
r-release-windows-ix86+x86_64 1.4-0 26.00 201.00 227.00 OK
r-oldrel-windows-ix86+x86_64 1.4-0 35.00 232.00 267.00 OK

Check Details

Version: 1.3-0
Check: whether package can be installed
Result: WARN
    Found the following significant warnings:
     Warning: GNU Extension: Nonstandard type declaration INTEGER*4 at (1)
     Warning: GNU Extension: Nonstandard type declaration REAL*8 at (1)
Flavor: r-devel-linux-x86_64-debian-gcc