CRAN Package Check Results for Package spam

Last updated on 2014-04-24 03:47:55.

Flavor Version Tinstall Tcheck Ttotal Status Flags
r-devel-linux-x86_64-debian-clang 0.41-0 7.22 78.02 85.24 OK
r-devel-linux-x86_64-debian-gcc 0.41-0 6.88 76.98 83.86 OK
r-devel-linux-x86_64-fedora-clang 0.41-0 167.58 OK
r-devel-linux-x86_64-fedora-gcc 0.41-0 163.61 OK
r-devel-osx-x86_64-clang 0.41-0 127.80 OK
r-devel-osx-x86_64-gcc 0.41-0 ERROR
r-devel-windows-ix86+x86_64 0.41-0 22.00 143.00 165.00 OK
r-patched-linux-x86_64 0.41-0 7.19 76.70 83.89 OK
r-patched-solaris-sparc 0.41-0 929.30 OK
r-patched-solaris-x86 0.41-0 200.80 OK
r-release-linux-ix86 0.41-0 10.00 114.00 124.00 OK
r-release-linux-x86_64 0.41-0 7.04 79.16 86.20 OK
r-release-osx-x86_64-mavericks 0.41-0 WARN
r-release-osx-x86_64-snowleopard 0.41-0 OK
r-release-windows-ix86+x86_64 0.41-0 21.00 146.00 167.00 OK
r-oldrel-windows-ix86+x86_64 0.41-0 22.00 150.00 172.00 OK

Check Details

Version: 0.41-0
Check: package dependencies
Result: NOTE
    Package suggested but not available for checking: ‘fields’
Flavor: r-devel-osx-x86_64-gcc

Version: 0.41-0
Check: R code for possible problems
Result: NOTE
    germany.plot: no visible global function definition for ‘image.plot’
    map.landkreis: no visible global function definition for ‘tim.colors’
    map.landkreis: no visible global function definition for ‘image.plot’
Flavor: r-devel-osx-x86_64-gcc

Version: 0.41-0
Check: Rd cross-references
Result: NOTE
    Package unavailable to check Rd xrefs: ‘fields’
Flavor: r-devel-osx-x86_64-gcc

Version: 0.41-0
Check: tests
Result: ERROR
    Running the tests in ‘tests/demo_article-jss-example2.R’ failed.
    Last 13 lines of output:
     >
     > # INITALIZE AND FUNCTIONS:
     > require( fields, warn.conflict=FALSE)
     Loading required package: fields
     Warning message:
     In library(package, lib.loc = lib.loc, character.only = TRUE, logical.return = TRUE, :
     there is no package called 'fields'
     >
     >
     > # READ DATA:
     > attach(Oral)
     Error in attach(Oral) : object 'Oral' not found
     Execution halted
Flavor: r-devel-osx-x86_64-gcc

Version: 0.41-0
Check: PDF version of manual
Result: WARNING
    LaTeX errors when creating PDF version.
    This typically indicates Rd problems.
    LaTeX errors found:
    ! LaTeX Error: File `upquote.sty' not found.
    
    Type X to quit or <RETURN> to proceed,
    or enter new name. (Default extension: sty)
    
    f965df1/Rd2.tex:8: ==> Fatal error occurred, no output PDF file produced!
Flavor: r-release-osx-x86_64-mavericks