CRAN Package Check Results for Package spam

Last updated on 2018-05-25 00:46:58 CEST.

Flavor Version Tinstall Tcheck Ttotal Status Flags
r-devel-linux-x86_64-debian-clang 2.1-4 21.08 104.09 125.17 OK
r-devel-linux-x86_64-debian-gcc 2.1-4 18.04 93.74 111.78 OK
r-devel-linux-x86_64-fedora-clang 2.1-4 182.94 OK
r-devel-linux-x86_64-fedora-gcc 2.1-4 179.15 OK
r-devel-windows-ix86+x86_64 2.1-4 44.00 252.00 296.00 OK
r-patched-linux-x86_64 2.1-4 21.81 107.04 128.85 OK
r-patched-solaris-x86 2.1-4 224.60 OK
r-release-linux-x86_64 2.1-4 23.98 106.68 130.66 OK
r-release-windows-ix86+x86_64 2.1-4 54.00 208.00 262.00 OK
r-release-osx-x86_64 2.1-4 WARN
r-oldrel-windows-ix86+x86_64 2.1-4 35.00 187.00 222.00 OK
r-oldrel-osx-x86_64 2.1-4 OK

Check Details

Version: 2.1-4
Check: Rd cross-references
Result: WARN
    package ‘Matrix’ exists but was not installed under R >= 2.10.0 so xrefs cannot be checked
Flavor: r-release-osx-x86_64