CRAN Package Check Results for Package spam

Last updated on 2017-02-24 10:48:02.

Flavor Version Tinstall Tcheck Ttotal Status Flags
r-devel-linux-x86_64-debian-clang 1.4-0 7.49 94.23 101.73 NOTE
r-devel-linux-x86_64-debian-gcc 1.4-0 7.42 95.38 102.81 NOTE
r-devel-linux-x86_64-fedora-clang 1.4-0 197.49 NOTE --no-stop-on-test-error
r-devel-linux-x86_64-fedora-gcc 1.4-0 227.07 NOTE --no-stop-on-test-error
r-devel-macos-x86_64-clang 1.4-0 147.52 NOTE --no-stop-on-test-error
r-devel-windows-ix86+x86_64 1.4-0 61.00 315.00 376.00 OK
r-patched-linux-x86_64 1.4-0 6.68 82.72 89.41 OK
r-patched-solaris-sparc 1.4-0 944.80 OK
r-patched-solaris-x86 1.4-0 204.70 OK
r-release-linux-x86_64 1.4-0 6.82 81.69 88.52 OK
r-release-osx-x86_64-mavericks 1.4-0 OK
r-release-windows-ix86+x86_64 1.4-0 49.00 241.00 290.00 OK
r-oldrel-windows-ix86+x86_64 1.4-0 48.00 265.00 313.00 OK

Check Details

Version: 1.4-0
Check: compiled code
Result: NOTE
    File ‘spam/libs/spam.so’:
     Found no calls to: ‘R_registerRoutines’, ‘R_useDynamicSymbols’
    
    It is good practice to register native routines and to disable symbol
    search.
    
    See ‘Writing portable packages’ in the ‘Writing R Extensions’ manual.
Flavors: r-devel-linux-x86_64-debian-clang, r-devel-linux-x86_64-debian-gcc

Version: 1.4-0
Flags: --no-stop-on-test-error
Check: compiled code
Result: NOTE
    File ‘spam/libs/spam.so’:
     Found no calls to: ‘R_registerRoutines’, ‘R_useDynamicSymbols’
    
    It is good practice to register native routines and to disable symbol
    search.
    
    See ‘Writing portable packages’ in the ‘Writing R Extensions’ manual.
Flavors: r-devel-linux-x86_64-fedora-clang, r-devel-linux-x86_64-fedora-gcc, r-devel-macos-x86_64-clang