CRAN Package Check Results for Package sparcl

Last updated on 2014-04-18 05:48:13.

Flavor Version Tinstall Tcheck Ttotal Status Flags
r-devel-linux-x86_64-debian-clang 1.0.3 0.96 18.72 19.68 OK
r-devel-linux-x86_64-debian-gcc OK
r-devel-linux-x86_64-fedora-clang 1.0.3 37.69 NOTE
r-devel-linux-x86_64-fedora-gcc 1.0.3 35.78 NOTE
r-devel-macosx-x86_64-clang 1.0.3 34.23 OK
r-devel-macosx-x86_64-gcc 1.0.3 OK
r-devel-windows-ix86+x86_64 1.0.3 5.00 36.00 41.00 OK
r-patched-linux-x86_64 1.0.3 0.92 18.51 19.43 OK
r-patched-solaris-sparc 1.0.3 237.60 OK
r-patched-solaris-x86 1.0.3 53.00 OK
r-release-linux-ix86 1.0.3 2.00 35.00 37.00 OK
r-release-linux-x86_64 1.0.3 0.90 18.00 18.89 OK
r-release-windows-ix86+x86_64 1.0.3 11.00 39.00 50.00 OK
r-oldrel-windows-ix86+x86_64 1.0.3 6.00 40.00 46.00 OK

Check Details

Version: 1.0.3
Check: Rd line widths
Result: NOTE
    Rd file 'ColorDendrogram.Rd':
     \usage lines wider than 90 characters:
     ColorDendrogram(hc, y, main = "", branchlength = 0.7, labels = NULL, xlab = NULL, sub = NULL, ylab = "", cex.main = NULL)
    
    Rd file 'HierarchicalSparseCluster.Rd':
     \usage lines wider than 90 characters:
     HierarchicalSparseCluster(x=NULL, dists=NULL,method=c("average","complete", "single","centroid"),
     wbound=NULL,niter=15,dissimilarity=c("squared.distance","absolute.value"), uorth=NULL,silent=FALSE,
     \examples lines wider than 100 characters:
     # faster than sparsehc <- HierarchicalSparseCluster(x=x,wbound=perm.out$bestw, method="complete")
     sparsehc <- HierarchicalSparseCluster(dists=perm.out$dists, wbound=perm.out$bestw, method="complete", dissimilarity="absolute.value")
    
    Rd file 'HierarchicalSparseCluster.permute.Rd':
     \examples lines wider than 100 characters:
     sparsehc <- HierarchicalSparseCluster(dists=perm.out$dists, wbound=perm.out$bestw, method="complete")
    
    Rd file 'HierarchicalSparseCluster.wrapper.Rd':
     \usage lines wider than 90 characters:
     HierarchicalSparseCluster.wrapper(file, method=c("average", "complete", "single", "centroid"),
     "single","centroid"),output.cluster.files=TRUE,outputfile.prefix=NULL,maxnumgenes=5000,standardize.arrays=TRUE)
    
    These lines will be truncated in the PDF manual.
Flavors: r-devel-linux-x86_64-fedora-clang, r-devel-linux-x86_64-fedora-gcc