CRAN Package Check Results for Package sparcl

Last updated on 2014-09-17 19:47:46.

Flavor Version Tinstall Tcheck Ttotal Status Flags
r-devel-linux-x86_64-debian-clang 1.0.3 0.84 17.75 18.60 NOTE
r-devel-linux-x86_64-debian-gcc 1.0.3 0.81 17.34 18.15 NOTE
r-devel-linux-x86_64-fedora-clang 1.0.3 35.90 NOTE
r-devel-linux-x86_64-fedora-gcc 1.0.3 34.87 NOTE
r-devel-osx-x86_64-clang 1.0.3 34.21 OK
r-devel-windows-ix86+x86_64 1.0.3 5.00 37.00 42.00 OK
r-patched-linux-x86_64 1.0.3 0.82 18.15 18.97 OK
r-patched-solaris-sparc 1.0.3 251.20 OK
r-patched-solaris-x86 1.0.3 54.00 OK
r-release-linux-ix86 1.0.3 1.34 29.12 30.46 OK
r-release-linux-x86_64 1.0.3 0.89 17.94 18.84 NOTE
r-release-osx-x86_64-mavericks 1.0.3 OK
r-release-windows-ix86+x86_64 1.0.3 7.00 53.00 60.00 OK
r-oldrel-windows-ix86+x86_64 1.0.3 6.00 40.00 46.00 OK

Check Details

Version: 1.0.3
Check: Rd line widths
Result: NOTE
    Rd file 'ColorDendrogram.Rd':
     \usage lines wider than 90 characters:
     ColorDendrogram(hc, y, main = "", branchlength = 0.7, labels = NULL, xlab = NULL, sub = NULL, ylab = "", cex.main = NULL)
    
    Rd file 'HierarchicalSparseCluster.Rd':
     \usage lines wider than 90 characters:
     HierarchicalSparseCluster(x=NULL, dists=NULL,method=c("average","complete", "single","centroid"),
     wbound=NULL,niter=15,dissimilarity=c("squared.distance","absolute.value"), uorth=NULL,silent=FALSE,
     \examples lines wider than 100 characters:
     # faster than sparsehc <- HierarchicalSparseCluster(x=x,wbound=perm.out$bestw, method="complete")
     sparsehc <- HierarchicalSparseCluster(dists=perm.out$dists, wbound=perm.out$bestw, method="complete", dissimilarity="absolute.value")
    
    Rd file 'HierarchicalSparseCluster.permute.Rd':
     \examples lines wider than 100 characters:
     sparsehc <- HierarchicalSparseCluster(dists=perm.out$dists, wbound=perm.out$bestw, method="complete")
    
    Rd file 'HierarchicalSparseCluster.wrapper.Rd':
     \usage lines wider than 90 characters:
     HierarchicalSparseCluster.wrapper(file, method=c("average", "complete", "single", "centroid"),
     "single","centroid"),output.cluster.files=TRUE,outputfile.prefix=NULL,maxnumgenes=5000,standardize.arrays=TRUE)
    
    These lines will be truncated in the PDF manual.
Flavors: r-devel-linux-x86_64-debian-clang, r-devel-linux-x86_64-debian-gcc, r-devel-linux-x86_64-fedora-clang, r-devel-linux-x86_64-fedora-gcc, r-release-linux-x86_64