CRAN Package Check Results for Package sparkTable

Last updated on 2016-12-05 16:47:42.

Flavor Version Tinstall Tcheck Ttotal Status Flags
r-devel-linux-x86_64-debian-clang 1.2.0 4.13 49.05 53.17 ERROR
r-devel-linux-x86_64-debian-gcc 1.2.0 4.04 49.98 54.02 ERROR
r-devel-linux-x86_64-fedora-clang 1.2.0 124.04 ERROR --no-stop-on-test-error
r-devel-linux-x86_64-fedora-gcc 1.2.0 124.13 ERROR --no-stop-on-test-error
r-devel-macos-x86_64-clang 1.2.0 92.51 ERROR
r-devel-windows-ix86+x86_64 1.2.0 14.00 87.00 101.00 ERROR
r-patched-linux-x86_64 1.2.0 3.71 46.33 50.04 ERROR
r-patched-solaris-sparc 1.2.0 621.00 ERROR
r-patched-solaris-x86 1.2.0 144.00 ERROR
r-release-linux-x86_64 1.2.0 4.12 46.59 50.71 ERROR
r-release-osx-x86_64-mavericks 1.2.0 OK
r-release-windows-ix86+x86_64 1.2.0 17.00 121.00 138.00 ERROR
r-oldrel-windows-ix86+x86_64 1.2.0 18.00 107.00 125.00 ERROR

Check Details

Version: 1.2.0
Check: R code for possible problems
Result: NOTE
    plot,sparkbar: possible error in theme(legend.position = "none", line =
     element_blank(), text = element_blank(), title = element_blank(),
     axis.line = element_blank(), axis.ticks = element_blank(),
     legend.background = element_rect(fill = "white", colour = NA),
     plot.background = element_blank(), strip.background =
     element_rect(fill = "white", colour = "white"), panel.margin =
     unit(0, "null"), plot.margin = rep(unit(0, "null"), 4), panel.grid =
     element_blank(), axis.ticks = element_blank(), axis.ticks.length =
     unit(0, "null"), axis.text.x = element_blank(), : formal argument
     "axis.ticks" matched by multiple actual arguments
    plot,sparkbar: possible error in axis.text.y = element_blank(),
     panel.background = element_rect(fill = bgCol(x))): formal argument
     "axis.ticks" matched by multiple actual arguments
    plot,sparkbox: possible error in theme(legend.position = "none", line =
     element_blank(), text = element_blank(), title = element_blank(),
     axis.line = element_blank(), axis.ticks = element_blank(),
     legend.background = element_rect(fill = "white", colour = NA),
     plot.background = element_blank(), strip.background =
     element_rect(fill = "white", colour = "white"), panel.margin =
     unit(0, "null"), plot.margin = rep(unit(0, "null"), 4), panel.grid =
     element_blank(), axis.ticks = element_blank(), axis.ticks.length =
     unit(0, "null"), axis.text.x = element_blank(), : formal argument
     "axis.ticks" matched by multiple actual arguments
    plot,sparkbox: possible error in axis.text.y = element_blank(),
     panel.background = element_rect(fill = bgCol(x))): formal argument
     "axis.ticks" matched by multiple actual arguments
    plot,sparkhist: possible error in theme(legend.position = "none", line
     = element_blank(), text = element_blank(), title = element_blank(),
     axis.line = element_blank(), axis.ticks = element_blank(),
     legend.background = element_rect(fill = "white", colour = NA),
     plot.background = element_blank(), strip.background =
     element_rect(fill = "white", colour = "white"), panel.margin =
     unit(0, "null"), plot.margin = rep(unit(0, "null"), 4), panel.grid =
     element_blank(), axis.ticks = element_blank(), axis.ticks.length =
     unit(0, "null"), axis.text.x = element_blank(), : formal argument
     "axis.ticks" matched by multiple actual arguments
    plot,sparkhist: possible error in axis.text.y = element_blank(),
     panel.background = element_rect(fill = bgCol(x))): formal argument
     "axis.ticks" matched by multiple actual arguments
    plot,sparkline: possible error in theme(legend.position = "none", line
     = element_blank(), text = element_blank(), title = element_blank(),
     axis.line = element_blank(), axis.ticks = element_blank(),
     legend.background = element_rect(fill = "white", colour = NA),
     plot.background = element_blank(), strip.background =
     element_rect(fill = "white", colour = "white"), panel.margin =
     unit(0, "null"), plot.margin = rep(unit(0, "null"), 4), panel.grid =
     element_blank(), axis.ticks = element_blank(), axis.ticks.length =
     unit(0, "null"), axis.text.x = element_blank(), : formal argument
     "axis.ticks" matched by multiple actual arguments
    plot,sparkline: possible error in axis.text.y = element_blank(),
     panel.background = element_rect(fill = allColors(x)[4])): formal
     argument "axis.ticks" matched by multiple actual arguments
Flavors: r-devel-linux-x86_64-debian-clang, r-devel-linux-x86_64-debian-gcc, r-devel-macos-x86_64-clang, r-devel-windows-ix86+x86_64, r-patched-linux-x86_64, r-patched-solaris-sparc, r-patched-solaris-x86, r-release-linux-x86_64, r-release-windows-ix86+x86_64, r-oldrel-windows-ix86+x86_64

Version: 1.2.0
Check: examples
Result: ERROR
    Running examples in ‘sparkTable-Ex.R’ failed
    The error most likely occurred in:
    
    > base::assign(".ptime", proc.time(), pos = "CheckExEnv")
    > ### Name: plot-methods
    > ### Title: Plot objects of class 'sparkline', 'sparkbar', 'sparkhist' or
    > ### 'sparkbox'
    > ### Aliases: plot plot-methods plot,sparkbar-method plot,sparkbox-method
    > ### plot,sparkline-method plot,sparkhist-method
    >
    > ### ** Examples
    >
    > data(pop)
    > x <- pop[pop[,2]=="Insgesamt",3]
    > a <- newSparkLine(values=x, pointWidth=8)
    > plot(a)
    Error in theme(legend.position = "none", line = element_blank(), text = element_blank(), :
     formal argument "axis.ticks" matched by multiple actual arguments
    Calls: plot -> plot -> theme
    Execution halted
Flavors: r-devel-linux-x86_64-debian-clang, r-devel-linux-x86_64-debian-gcc, r-patched-linux-x86_64, r-release-linux-x86_64

Version: 1.2.0
Flags: --no-stop-on-test-error
Check: R code for possible problems
Result: NOTE
    plot,sparkbar: possible error in theme(legend.position = "none", line =
     element_blank(), text = element_blank(), title = element_blank(),
     axis.line = element_blank(), axis.ticks = element_blank(),
     legend.background = element_rect(fill = "white", colour = NA),
     plot.background = element_blank(), strip.background =
     element_rect(fill = "white", colour = "white"), panel.margin =
     unit(0, "null"), plot.margin = rep(unit(0, "null"), 4), panel.grid =
     element_blank(), axis.ticks = element_blank(), axis.ticks.length =
     unit(0, "null"), axis.text.x = element_blank(), : formal argument
     "axis.ticks" matched by multiple actual arguments
    plot,sparkbar: possible error in axis.text.y = element_blank(),
     panel.background = element_rect(fill = bgCol(x))): formal argument
     "axis.ticks" matched by multiple actual arguments
    plot,sparkbox: possible error in theme(legend.position = "none", line =
     element_blank(), text = element_blank(), title = element_blank(),
     axis.line = element_blank(), axis.ticks = element_blank(),
     legend.background = element_rect(fill = "white", colour = NA),
     plot.background = element_blank(), strip.background =
     element_rect(fill = "white", colour = "white"), panel.margin =
     unit(0, "null"), plot.margin = rep(unit(0, "null"), 4), panel.grid =
     element_blank(), axis.ticks = element_blank(), axis.ticks.length =
     unit(0, "null"), axis.text.x = element_blank(), : formal argument
     "axis.ticks" matched by multiple actual arguments
    plot,sparkbox: possible error in axis.text.y = element_blank(),
     panel.background = element_rect(fill = bgCol(x))): formal argument
     "axis.ticks" matched by multiple actual arguments
    plot,sparkhist: possible error in theme(legend.position = "none", line
     = element_blank(), text = element_blank(), title = element_blank(),
     axis.line = element_blank(), axis.ticks = element_blank(),
     legend.background = element_rect(fill = "white", colour = NA),
     plot.background = element_blank(), strip.background =
     element_rect(fill = "white", colour = "white"), panel.margin =
     unit(0, "null"), plot.margin = rep(unit(0, "null"), 4), panel.grid =
     element_blank(), axis.ticks = element_blank(), axis.ticks.length =
     unit(0, "null"), axis.text.x = element_blank(), : formal argument
     "axis.ticks" matched by multiple actual arguments
    plot,sparkhist: possible error in axis.text.y = element_blank(),
     panel.background = element_rect(fill = bgCol(x))): formal argument
     "axis.ticks" matched by multiple actual arguments
    plot,sparkline: possible error in theme(legend.position = "none", line
     = element_blank(), text = element_blank(), title = element_blank(),
     axis.line = element_blank(), axis.ticks = element_blank(),
     legend.background = element_rect(fill = "white", colour = NA),
     plot.background = element_blank(), strip.background =
     element_rect(fill = "white", colour = "white"), panel.margin =
     unit(0, "null"), plot.margin = rep(unit(0, "null"), 4), panel.grid =
     element_blank(), axis.ticks = element_blank(), axis.ticks.length =
     unit(0, "null"), axis.text.x = element_blank(), : formal argument
     "axis.ticks" matched by multiple actual arguments
    plot,sparkline: possible error in axis.text.y = element_blank(),
     panel.background = element_rect(fill = allColors(x)[4])): formal
     argument "axis.ticks" matched by multiple actual arguments
Flavors: r-devel-linux-x86_64-fedora-clang, r-devel-linux-x86_64-fedora-gcc

Version: 1.2.0
Flags: --no-stop-on-test-error
Check: examples
Result: ERROR
    Running examples in ‘sparkTable-Ex.R’ failed
    The error most likely occurred in:
    
    > ### Name: plot-methods
    > ### Title: Plot objects of class 'sparkline', 'sparkbar', 'sparkhist' or
    > ### 'sparkbox'
    > ### Aliases: plot plot-methods plot,sparkbar-method plot,sparkbox-method
    > ### plot,sparkline-method plot,sparkhist-method
    >
    > ### ** Examples
    >
    > data(pop)
    > x <- pop[pop[,2]=="Insgesamt",3]
    > a <- newSparkLine(values=x, pointWidth=8)
    > plot(a)
    Error in theme(legend.position = "none", line = element_blank(), text = element_blank(), :
     formal argument "axis.ticks" matched by multiple actual arguments
    Calls: plot -> plot -> theme
    Execution halted
Flavors: r-devel-linux-x86_64-fedora-clang, r-devel-linux-x86_64-fedora-gcc

Version: 1.2.0
Check: examples
Result: ERROR
    Running examples in ‘sparkTable-Ex.R’ failed
    The error most likely occurred in:
    
    > ### Name: plot-methods
    > ### Title: Plot objects of class 'sparkline', 'sparkbar', 'sparkhist' or
    > ### 'sparkbox'
    > ### Aliases: plot plot-methods plot,sparkbar-method plot,sparkbox-method
    > ### plot,sparkline-method plot,sparkhist-method
    >
    > ### ** Examples
    >
    > data(pop)
    > x <- pop[pop[,2]=="Insgesamt",3]
    > a <- newSparkLine(values=x, pointWidth=8)
    > plot(a)
    Error in theme(legend.position = "none", line = element_blank(), text = element_blank(), :
     formal argument "axis.ticks" matched by multiple actual arguments
    Calls: plot -> plot -> theme
    Execution halted
Flavors: r-devel-macos-x86_64-clang, r-devel-windows-ix86+x86_64, r-patched-solaris-sparc, r-patched-solaris-x86, r-release-windows-ix86+x86_64, r-oldrel-windows-ix86+x86_64