CRAN Package Check Results for Package sparkTable

Last updated on 2015-07-06 03:48:03.

Flavor Version Tinstall Tcheck Ttotal Status Flags
r-devel-linux-x86_64-debian-clang 1.0.0 2.28 31.21 33.49 NOTE
r-devel-linux-x86_64-debian-gcc 1.0.0 2.21 29.47 31.68 NOTE
r-devel-linux-x86_64-fedora-clang 1.0.0 65.59 NOTE
r-devel-linux-x86_64-fedora-gcc 1.0.0 60.44 NOTE
r-devel-osx-x86_64-clang 1.0.0 53.60 OK
r-devel-windows-ix86+x86_64 1.0.0 10.00 59.00 69.00 NOTE
r-patched-linux-x86_64 1.0.0 2.25 29.10 31.35 OK
r-patched-solaris-sparc 1.0.0 401.30 OK
r-patched-solaris-x86 1.0.0 92.10 OK
r-release-linux-x86_64 1.0.0 2.24 29.36 31.59 OK
r-release-osx-x86_64-mavericks 1.0.0 OK
r-release-windows-ix86+x86_64 1.0.0 15.00 48.00 63.00 OK
r-oldrel-windows-ix86+x86_64 1.0.0 27.00 96.00 123.00 OK

Check Details

Version: 1.0.0
Check: R code for possible problems
Result: NOTE
    .onAttach: no visible global function definition for ‘packageVersion’
    banking: no visible global function definition for ‘median’
    checkColors : recodeColors: no visible global function definition for
     ‘col2rgb’
    newGeoTable: no visible global function definition for ‘dist’
    optimal_grid_allocation: no visible global function definition for
     ‘text’
    optimal_grid_allocation: no visible global function definition for
     ‘dist’
    optimal_grid_allocation: no visible global function definition for
     ‘par’
    optimal_grid_allocation: no visible global function definition for
     ‘box’
    print.xtable2: no visible global function definition for
     ‘packageDescription’
    reshapeExt: no visible global function definition for ‘reshape’
    plot,sparkline: no visible global function definition for ‘quantile’
    plot,sparkline: no visible global function definition for ‘na.omit’
    scaleSpark,sparkhist: no visible global function definition for ‘hist’
    Undefined global functions or variables:
     box col2rgb dist hist median na.omit packageDescription
     packageVersion par quantile reshape text
Flavors: r-devel-linux-x86_64-debian-clang, r-devel-linux-x86_64-debian-gcc, r-devel-linux-x86_64-fedora-clang, r-devel-linux-x86_64-fedora-gcc, r-devel-windows-ix86+x86_64