CRAN Package Check Results for Package sparkTable

Last updated on 2016-09-27 22:48:51.

Flavor Version Tinstall Tcheck Ttotal Status Flags
r-devel-linux-x86_64-debian-clang 1.2.0 3.52 44.20 47.72 ERROR
r-devel-linux-x86_64-debian-gcc 1.2.0 3.90 44.84 48.74 ERROR
r-devel-linux-x86_64-fedora-clang 1.2.0 108.19 ERROR
r-devel-linux-x86_64-fedora-gcc 1.2.0 95.92 ERROR
r-devel-macos-x86_64-clang 1.2.0 78.56 ERROR
r-devel-windows-ix86+x86_64 1.2.0 18.00 104.00 122.00 ERROR
r-patched-linux-x86_64 1.2.0 3.59 45.04 48.63 OK
r-patched-solaris-sparc 1.2.0 352.40 OK
r-patched-solaris-x86 1.2.0 137.80 OK
r-release-linux-x86_64 1.2.0 3.94 45.83 49.78 OK
r-release-osx-x86_64-mavericks 1.2.0 OK
r-release-windows-ix86+x86_64 1.2.0 21.00 109.00 130.00 OK
r-oldrel-windows-ix86+x86_64 1.2.0 24.00 112.00 136.00 OK

Check Details

Version: 1.2.0
Check: examples
Result: ERROR
    Running examples in ‘sparkTable-Ex.R’ failed
    The error most likely occurred in:
    
    > ### Name: reshapeExt
    > ### Title: Reshaping datasets
    > ### Aliases: reshapeExt
    >
    > ### ** Examples
    >
    > data(pop,package='sparkTable')
    > content <- list(
    + function(x) { round(mean(x),2) },
    + newSparkBox(), newSparkLine(), newSparkBar(),
    + function(x) { round(tail(x,1),2) })
    > names(content) <- paste('column',1:5,sep='')
    > varType <- rep('value',5)
    > pop <- pop[,c('variable','value','time')]
    > pop$time <- as.numeric(as.character(pop$time))
    > xx <- reshapeExt(pop, idvar='variable', varying=list(2))
    Warning: non-unique values when setting 'row.names': ‘0-19 Jahre.1’, ‘20-64 Jahre.1’, ‘65+ Jahre.1’, ‘75+ Jahre.1’, ‘Frauen.1’, ‘Insgesamt.1’, ‘Maenner auf 1.000 Frauen.1’, ‘Maenner.1’
    Error in `row.names<-.data.frame`(`*tmp*`, value = paste(ids, times[i], :
     duplicate 'row.names' are not allowed
    Calls: reshapeExt ... lapply -> FUN -> row.names<- -> row.names<-.data.frame
    Execution halted
Flavors: r-devel-linux-x86_64-debian-clang, r-devel-linux-x86_64-debian-gcc, r-devel-linux-x86_64-fedora-clang, r-devel-linux-x86_64-fedora-gcc, r-devel-macos-x86_64-clang, r-devel-windows-ix86+x86_64