CRAN Package Check Results for Package sparkTable

Last updated on 2015-05-25 16:47:25.

Flavor Version Tinstall Tcheck Ttotal Status Flags
r-devel-linux-x86_64-debian-clang 1.0.0 2.25 31.00 33.25 OK
r-devel-linux-x86_64-debian-gcc 1.0.0 2.21 28.98 31.20 OK
r-devel-linux-x86_64-fedora-clang 1.0.0 63.99 OK
r-devel-linux-x86_64-fedora-gcc 1.0.0 62.14 OK
r-devel-osx-x86_64-clang 1.0.0 59.97 OK
r-devel-windows-ix86+x86_64 1.0.0 10.00 50.00 60.00 OK
r-patched-linux-x86_64 1.0.0 2.27 29.14 31.42 OK
r-patched-solaris-sparc 1.0.0 401.30 OK
r-patched-solaris-x86 1.0.0 91.60 OK
r-release-linux-x86_64 1.0.0 2.22 28.97 31.19 OK
r-release-osx-x86_64-mavericks 1.0.0 OK
r-release-osx-x86_64-snowleopard 1.0.0 ERROR
r-release-windows-ix86+x86_64 1.0.0 10.00 47.00 57.00 OK
r-oldrel-windows-ix86+x86_64 1.0.0 21.00 103.00 124.00 OK

Check Details

Version: 1.0.0
Check: package dependencies
Result: ERROR
    Packages required but not available:
     ‘gridExtra’ ‘ggplot2’ ‘StatMatch’ ‘RGraphics’
    
    See section ‘The DESCRIPTION file’ in the ‘Writing R Extensions’
    manual.
Flavor: r-release-osx-x86_64-snowleopard