CRAN Package Check Results for Package sparkTable

Last updated on 2015-08-03 06:47:24.

Flavor Version Tinstall Tcheck Ttotal Status Flags
r-devel-linux-x86_64-debian-clang 1.0.0 2.30 31.95 34.24 NOTE
r-devel-linux-x86_64-debian-gcc 1.0.0 2.38 29.92 32.30 NOTE
r-devel-linux-x86_64-fedora-clang 1.0.0 67.47 NOTE
r-devel-linux-x86_64-fedora-gcc 1.0.0 60.30 NOTE
r-devel-osx-x86_64-clang 1.0.0 59.00 NOTE
r-devel-windows-ix86+x86_64 1.0.0 9.00 55.00 64.00 NOTE
r-patched-linux-x86_64 1.0.0 2.30 31.88 34.18 NOTE
r-patched-solaris-sparc 1.0.0 413.70 NOTE
r-patched-solaris-x86 1.0.0 94.70 NOTE
r-release-linux-x86_64 1.0.0 2.44 30.80 33.23 NOTE
r-release-osx-x86_64-mavericks 1.0.0 OK
r-release-windows-ix86+x86_64 1.0.0 21.00 54.00 75.00 NOTE
r-oldrel-windows-ix86+x86_64 1.0.0 26.00 104.00 130.00 NOTE

Check Details

Version: 1.0.0
Check: R code for possible problems
Result: NOTE
    .onAttach: no visible global function definition for ‘packageVersion’
    banking: no visible global function definition for ‘median’
    checkColors : recodeColors: no visible global function definition for
     ‘col2rgb’
    checkerplot: no visible global function definition for ‘pixmapGrob’
    newGeoTable: no visible global function definition for ‘dist’
    optimal_grid_allocation: no visible global function definition for
     ‘text’
    optimal_grid_allocation: no visible global function definition for
     ‘dist’
    optimal_grid_allocation: no visible global function definition for
     ‘par’
    optimal_grid_allocation: no visible global function definition for
     ‘box’
    print.xtable2: no visible global function definition for
     ‘packageDescription’
    reshapeExt: no visible global function definition for ‘reshape’
    plot,sparkline: no visible global function definition for ‘quantile’
    plot,sparkline: no visible global function definition for ‘na.omit’
    scaleSpark,sparkhist: no visible global function definition for ‘hist’
    Undefined global functions or variables:
     box col2rgb dist hist median na.omit packageDescription
     packageVersion par pixmapGrob quantile reshape text
    Consider adding
     importFrom("grDevices", "col2rgb")
     importFrom("graphics", "box", "hist", "par", "text")
     importFrom("stats", "dist", "median", "na.omit", "quantile", "reshape")
     importFrom("utils", "packageDescription", "packageVersion")
    to your NAMESPACE.
Flavors: r-devel-linux-x86_64-debian-clang, r-devel-linux-x86_64-debian-gcc, r-devel-linux-x86_64-fedora-clang, r-devel-linux-x86_64-fedora-gcc, r-devel-windows-ix86+x86_64

Version: 1.0.0
Check: R code for possible problems
Result: NOTE
    checkerplot: no visible global function definition for ‘pixmapGrob’
    Undefined global functions or variables:
     pixmapGrob
Flavor: r-devel-osx-x86_64-clang

Version: 1.0.0
Check: R code for possible problems
Result: NOTE
    checkerplot: no visible global function definition for ‘pixmapGrob’
Flavors: r-patched-linux-x86_64, r-patched-solaris-sparc, r-patched-solaris-x86, r-release-linux-x86_64, r-release-windows-ix86+x86_64, r-oldrel-windows-ix86+x86_64