CRAN Package Check Results for Package sparkTable

Last updated on 2014-04-25 05:47:26.

Flavor Version Tinstall Tcheck Ttotal Status Flags
r-devel-linux-x86_64-debian-clang 0.9.6 3.41 67.80 71.20 NOTE
r-devel-linux-x86_64-debian-gcc 0.9.6 3.32 69.65 72.98 NOTE
r-devel-linux-x86_64-fedora-clang 0.9.6 148.76 NOTE
r-devel-linux-x86_64-fedora-gcc 0.9.6 133.78 NOTE
r-devel-osx-x86_64-clang 0.9.6 133.10 NOTE
r-devel-osx-x86_64-gcc 0.9.6 ERROR
r-devel-windows-ix86+x86_64 0.9.6 13.00 99.00 112.00 NOTE
r-patched-linux-x86_64 0.9.6 3.36 71.14 74.49 NOTE
r-patched-solaris-sparc 0.9.6 764.20 NOTE
r-patched-solaris-x86 0.9.6 174.90 NOTE
r-release-linux-ix86 0.9.6 6.00 109.00 115.00 NOTE
r-release-linux-x86_64 0.9.6 3.32 68.53 71.85 NOTE
r-release-osx-x86_64-mavericks 0.9.6 WARN
r-release-osx-x86_64-snowleopard 0.9.6 NOTE
r-release-windows-ix86+x86_64 0.9.6 12.00 99.00 111.00 NOTE
r-oldrel-windows-ix86+x86_64 0.9.6 15.00 95.00 110.00 NOTE

Check Details

Version: 0.9.6
Check: package dependencies
Result: NOTE
    Depends: includes the non-default packages:
     ‘xtable’ ‘grid’ ‘Cairo’ ‘Rglpk’ ‘StatMatch’ ‘gridExtra’ ‘RGraphics’
     ‘ggplot2’ ‘pixmap’
    Adding so many packages to the search path is excessive and importing
    selectively is preferable.
Flavors: r-devel-linux-x86_64-debian-clang, r-devel-linux-x86_64-debian-gcc, r-devel-linux-x86_64-fedora-clang, r-devel-linux-x86_64-fedora-gcc, r-devel-osx-x86_64-clang, r-devel-windows-ix86+x86_64, r-patched-linux-x86_64, r-patched-solaris-sparc, r-patched-solaris-x86, r-release-linux-ix86, r-release-linux-x86_64, r-release-osx-x86_64-mavericks, r-release-osx-x86_64-snowleopard, r-release-windows-ix86+x86_64

Version: 0.9.6
Check: dependencies in R code
Result: NOTE
    Packages in Depends field not imported from:
     ‘Cairo’ ‘RGraphics’ ‘Rglpk’ ‘StatMatch’ ‘ggplot2’ ‘gridExtra’
     ‘methods’ ‘pixmap’ ‘xtable’
     These packages need to be imported from (in the NAMESPACE file)
     for when this namespace is loaded but not attached.
    See the information on DESCRIPTION files in the chapter ‘Creating R
    packages’ of the ‘Writing R Extensions’ manual.
Flavors: r-devel-linux-x86_64-debian-clang, r-devel-linux-x86_64-debian-gcc, r-devel-linux-x86_64-fedora-clang, r-devel-linux-x86_64-fedora-gcc, r-devel-osx-x86_64-clang, r-devel-windows-ix86+x86_64, r-patched-linux-x86_64, r-patched-solaris-sparc, r-patched-solaris-x86, r-release-linux-ix86, r-release-linux-x86_64, r-release-osx-x86_64-mavericks, r-release-windows-ix86+x86_64, r-oldrel-windows-ix86+x86_64

Version: 0.9.6
Check: Rd line widths
Result: NOTE
    Rd file 'checkerplot.Rd':
     \usage lines wider than 90 characters:
     checkerplot(data, cols=5, rows=5, geom="line", errorbar=FALSE, title=NULL, title.size=20,
     \examples lines wider than 100 characters:
     XX <- data.frame(cbind(rep(year,34)), EU_data[,paste("unempl_f_",year,sep="")], EU_data$country, EU_data$order)
     ybreaks=c(5,10,15,20), xbreaks=c(1998,2001,2004,2007), xlabels=c("98","01","04","07"),
    
    Rd file 'getParameter.Rd':
     \examples lines wider than 100 characters:
     a <- setParameter(a, type='allColors', value=c("darkred", "darkgreen","darkblue", "white", "black", "red"))
    
    Rd file 'newGeoTable.Rd':
     \examples lines wider than 100 characters:
     EUlong <- reshapeExt(EU,idvar="country",v.names=c("pop","debt"), varying=list(2:13,14:25),geographicVar="country",timeValues=19 ... [TRUNCATED]
     xGeoEU <- newGeoTable(EUlong, content, varType,geographicVar="country",geographicInfo=coordsEU)
    
    Rd file 'newSparkBar.Rd':
     \examples lines wider than 100 characters:
     a <- setParameter(a, c("darkred", "darkgreen","darkblue", "white", "black", "red"), type='allColors')
    
    Rd file 'plotGeoTable.Rd':
     \usage lines wider than 90 characters:
     plotGeoTable(object, outputType='html', filename=NULL, graphNames='out', transpose=FALSE, include.rownames=FALSE, include.colna ... [TRUNCATED]
     \examples lines wider than 100 characters:
     EUlong <- reshapeExt(EU,idvar="country",v.names=c("pop","debt"), varying=list(2:13,14:25),geographicVar="country",timeValues=19 ... [TRUNCATED]
     xGeoEU <- newGeoTable(EUlong, content, varType,geographicVar="country",geographicInfo=coordsEU)
     plotGeoTable(xGeoEU, outputType="html", graphNames="outEU",filename="testEUT",transpose=TRUE)
     plotGeoTable(xGeoEU, outputType="html", graphNames="outEU1",filename="testEU",transpose=FALSE)
    
    Rd file 'plotSparkTable.Rd':
     \examples lines wider than 100 characters:
     datEx <- data.frame(variable=sample(paste("Cat",1:10,sep="_"),1000,replace=TRUE),value=rnorm(1000),value2=rlnorm(1000))
     names(content) <- c(paste(c("Mean","Median","Q25","Q75","Boxplot","Histogram"),"_v1",sep=""),
    
    Rd file 'setParameter.Rd':
     \examples lines wider than 100 characters:
     a <- setParameter(a, type='allColors', value=c("darkred", "darkgreen","darkblue", "white", "black", "red"))
    
    Rd file 'summaryST.Rd':
     \examples lines wider than 100 characters:
     summaryST(data1,filename="st1c",addFun=list(var=function(x)round(var(x,na.rm=TRUE),2)),graphNames="out1c")
    
    These lines will be truncated in the PDF manual.
Flavors: r-devel-linux-x86_64-fedora-clang, r-devel-linux-x86_64-fedora-gcc

Version: 0.9.6
Check: package dependencies
Result: ERROR
    Packages required but not available:
     ‘StatMatch’ ‘gridExtra’ ‘RGraphics’ ‘ggplot2’
    
    Depends: includes the non-default packages:
     ‘xtable’ ‘grid’ ‘Cairo’ ‘Rglpk’ ‘StatMatch’ ‘gridExtra’ ‘RGraphics’
     ‘ggplot2’ ‘pixmap’
    Adding so many packages to the search path is excessive and importing
    selectively is preferable.
    
    See the information on DESCRIPTION files in the chapter ‘Creating R
    packages’ of the ‘Writing R Extensions’ manual.
Flavor: r-devel-osx-x86_64-gcc

Version: 0.9.6
Check: PDF version of manual
Result: WARNING
    LaTeX errors when creating PDF version.
    This typically indicates Rd problems.
    LaTeX errors found:
    ! LaTeX Error: File `upquote.sty' not found.
    
    Type X to quit or <RETURN> to proceed,
    or enter new name. (Default extension: sty)
    
    60419c/Rd2.tex:8: ==> Fatal error occurred, no output PDF file produced!
Flavor: r-release-osx-x86_64-mavericks

Version: 0.9.6
Check: dependencies in R code
Result: NOTE
    Packages in Depends field not imported from:
     'Cairo' 'RGraphics' 'Rglpk' 'StatMatch' 'ggplot2' 'gridExtra'
     'methods' 'pixmap' 'xtable'
     These packages need to be imported from for the case when
     this namespace is loaded but not attached.
    See the information on DESCRIPTION files in the chapter 'Creating R
    packages' of the 'Writing R Extensions' manual.
Flavor: r-release-osx-x86_64-snowleopard