CRAN Package Check Results for Package sparkTable

Last updated on 2018-05-28 04:49:45 CEST.

Flavor Version Tinstall Tcheck Ttotal Status Flags
r-devel-linux-x86_64-debian-clang 1.3.0 13.15 74.54 87.69 OK
r-devel-linux-x86_64-debian-gcc 1.3.0 11.40 73.93 85.33 OK
r-devel-linux-x86_64-fedora-clang 1.3.0 135.80 OK
r-devel-linux-x86_64-fedora-gcc 1.3.0 133.05 OK
r-devel-windows-ix86+x86_64 1.3.0 20.00 95.00 115.00 OK
r-patched-linux-x86_64 1.3.0 11.12 79.96 91.08 OK
r-patched-solaris-x86 1.3.0 189.90 OK
r-release-linux-x86_64 1.3.0 12.09 78.79 90.88 OK
r-release-windows-ix86+x86_64 1.3.0 28.00 122.00 150.00 OK
r-release-osx-x86_64 1.3.0 ERROR
r-oldrel-windows-ix86+x86_64 1.3.0 20.00 81.00 101.00 OK
r-oldrel-osx-x86_64 1.3.0 ERROR

Check Details

Version: 1.3.0
Check: package dependencies
Result: ERROR
    Package required but not available: ‘Rglpk’
    
    See section ‘The DESCRIPTION file’ in the ‘Writing R Extensions’
    manual.
Flavors: r-release-osx-x86_64, r-oldrel-osx-x86_64