CRAN Package Check Results for Package sparkTable

Last updated on 2016-02-08 06:47:31.

Flavor Version Tinstall Tcheck Ttotal Status Flags
r-devel-linux-x86_64-debian-gcc 1.1.0 1.99 28.33 30.32 OK
r-devel-linux-x86_64-fedora-clang 1.1.0 59.23 OK
r-devel-linux-x86_64-fedora-gcc 1.1.0 55.07 OK
r-devel-osx-x86_64-clang 1.1.0 62.80 OK
r-devel-windows-ix86+x86_64 1.1.0 13.00 81.00 94.00 OK
r-patched-linux-x86_64 1.1.0 2.66 30.63 33.30 OK
r-patched-solaris-sparc 1.1.0 370.50 OK
r-patched-solaris-x86 1.1.0 82.00 OK
r-release-linux-x86_64 1.1.0 2.24 29.94 32.18 WARN
r-release-osx-x86_64-mavericks 1.1.0 OK
r-release-windows-ix86+x86_64 1.1.0 12.00 77.00 89.00 OK
r-oldrel-windows-ix86+x86_64 1.1.0 24.00 119.00 143.00 WARN

Check Details

Version: 1.1.0
Check: whether package can be installed
Result: WARN
    Found the following significant warnings:
     Warning: replacing previous import by ‘grid::arrow’ when loading ‘sparkTable’
     Warning: replacing previous import by ‘grid::unit’ when loading ‘sparkTable’
Flavors: r-release-linux-x86_64, r-oldrel-windows-ix86+x86_64