CRAN Package Check Results for Package sparkTable

Last updated on 2017-10-17 02:48:56.

Flavor Version Tinstall Tcheck Ttotal Status Flags
r-devel-linux-x86_64-debian-clang 1.3.0 4.03 52.12 56.15 OK
r-devel-linux-x86_64-debian-gcc 1.3.0 4.10 54.69 58.78 OK
r-devel-linux-x86_64-fedora-clang 1.3.0 128.64 OK
r-devel-linux-x86_64-fedora-gcc 1.3.0 128.16 OK
r-devel-windows-ix86+x86_64 1.3.0 13.00 139.00 152.00 OK
r-patched-linux-x86_64 1.3.0 4.15 52.08 56.23 OK
r-patched-solaris-x86 1.3.0 184.00 OK
r-release-linux-x86_64 1.3.0 4.16 56.43 60.59 OK
r-release-windows-ix86+x86_64 1.3.0 23.00 116.00 139.00 OK
r-release-osx-x86_64 1.3.0 ERROR
r-oldrel-windows-ix86+x86_64 1.3.0 16.00 82.00 98.00 OK
r-oldrel-osx-x86_64 1.3.0 OK

Check Details

Version: 1.3.0
Check: package dependencies
Result: ERROR
    Package required but not available: ‘Rglpk’
    
    See section ‘The DESCRIPTION file’ in the ‘Writing R Extensions’
    manual.
Flavor: r-release-osx-x86_64