CRAN Package Check Results for Package sparkTable

Last updated on 2017-04-30 23:51:56.

Flavor Version Tinstall Tcheck Ttotal Status Flags
r-devel-linux-x86_64-debian-clang 1.3.0 4.18 52.61 56.79 OK
r-devel-linux-x86_64-debian-gcc 1.3.0 4.09 50.02 54.11 OK
r-devel-linux-x86_64-fedora-clang 1.3.0 140.13 OK --no-stop-on-test-error
r-devel-linux-x86_64-fedora-gcc 1.3.0 123.80 OK --no-stop-on-test-error
r-devel-windows-ix86+x86_64 1.3.0 13.00 124.00 137.00 OK
r-patched-linux-x86_64 1.3.0 3.99 50.45 54.44 OK
r-patched-solaris-sparc 1.3.0 668.20 OK
r-patched-solaris-x86 1.3.0 170.10 OK
r-release-linux-x86_64 1.3.0 4.16 50.60 54.76 OK
r-release-windows-ix86+x86_64 1.3.0 22.00 129.00 151.00 OK
r-release-osx-x86_64 1.3.0 ERROR
r-oldrel-windows-ix86+x86_64 1.3.0 21.00 122.00 143.00 OK
r-oldrel-osx-x86_64 1.3.0 OK

Check Details

Version: 1.3.0
Check: package dependencies
Result: ERROR
    Package required but not available: ‘Rglpk’
    
    See section ‘The DESCRIPTION file’ in the ‘Writing R Extensions’
    manual.
Flavor: r-release-osx-x86_64