CRAN Package Check Results for Package sparkTable

Last updated on 2014-09-02 05:46:45.

Flavor Version Tinstall Tcheck Ttotal Status Flags
r-devel-linux-x86_64-debian-clang 0.11.0 3.32 44.75 48.08 NOTE
r-devel-linux-x86_64-debian-gcc 0.11.0 3.45 44.63 48.08 NOTE
r-devel-linux-x86_64-fedora-clang 0.11.0 105.58 NOTE
r-devel-linux-x86_64-fedora-gcc 0.11.0 99.68 NOTE
r-devel-osx-x86_64-clang 0.11.0 84.20 NOTE
r-devel-windows-ix86+x86_64 0.11.0 13.00 77.00 90.00 NOTE
r-patched-linux-x86_64 0.11.0 3.63 46.26 49.88 NOTE
r-patched-solaris-sparc 0.11.0 607.40 NOTE
r-patched-solaris-x86 0.11.0 132.60 NOTE
r-release-linux-ix86 0.11.0 4.46 59.30 63.76 OK
r-release-linux-x86_64 0.11.0 3.58 48.12 51.70 OK
r-release-osx-x86_64-mavericks 0.11.0 OK
r-release-osx-x86_64-snowleopard 0.11.0 OK
r-release-windows-ix86+x86_64 0.11.0 14.00 89.00 103.00 OK
r-oldrel-windows-ix86+x86_64 0.11.0 16.00 95.00 111.00 OK

Check Details

Version: 0.11.0
Check: dependencies in R code
Result: NOTE
    Package in Depends field not imported from: ‘grid’
     These packages need to be imported from (in the NAMESPACE file)
     for when this namespace is loaded but not attached.
    See the information on DESCRIPTION files in the chapter ‘Creating R
    packages’ of the ‘Writing R Extensions’ manual.
Flavors: r-devel-linux-x86_64-debian-clang, r-devel-linux-x86_64-debian-gcc, r-devel-linux-x86_64-fedora-clang, r-devel-linux-x86_64-fedora-gcc, r-devel-osx-x86_64-clang, r-devel-windows-ix86+x86_64, r-patched-linux-x86_64, r-patched-solaris-sparc, r-patched-solaris-x86

Version: 0.11.0
Check: R code for possible problems
Result: NOTE
    checkerplot: no visible global function definition for ‘grid.newpage’
    checkerplot: no visible global function definition for ‘unit’
    checkerplot: no visible global function definition for ‘pushViewport’
    checkerplot: no visible global function definition for ‘viewport’
    checkerplot: no visible global function definition for ‘grid.layout’
    checkerplot: no visible global function definition for ‘grid.text’
    checkerplot: no visible global function definition for ‘gpar’
    checkerplot: no visible global function definition for ‘popViewport’
    checkerplot: no visible global function definition for ‘grid.rect’
    checkerplot: no visible global function definition for ‘grid.draw’
    checkerplot: no visible global function definition for ‘grid.lines’
    plotSparks,sparkbar: no visible global function definition for
     ‘grid.rect’
    plotSparks,sparkbar: no visible global function definition for ‘unit’
    plotSparks,sparkbar: no visible global function definition for ‘gpar’
    plotSparks,sparkbox: no visible global function definition for
     ‘grid.rect’
    plotSparks,sparkbox: no visible global function definition for ‘unit’
    plotSparks,sparkbox: no visible global function definition for ‘gpar’
    plotSparks,sparkbox: no visible global function definition for
     ‘grid.lines’
    plotSparks,sparkbox: no visible global function definition for
     ‘grid.points’
    plotSparks,sparkhist: no visible global function definition for
     ‘grid.rect’
    plotSparks,sparkhist: no visible global function definition for ‘unit’
    plotSparks,sparkhist: no visible global function definition for ‘gpar’
    plotSparks,sparkline: no visible global function definition for
     ‘grid.rect’
    plotSparks,sparkline: no visible global function definition for ‘unit’
    plotSparks,sparkline: no visible global function definition for ‘gpar’
    plotSparks,sparkline: no visible global function definition for
     ‘grid.lines’
    plotSparks,sparkline: no visible global function definition for
     ‘grid.points’
Flavors: r-devel-linux-x86_64-debian-clang, r-devel-linux-x86_64-debian-gcc, r-devel-linux-x86_64-fedora-clang, r-devel-linux-x86_64-fedora-gcc, r-devel-osx-x86_64-clang, r-devel-windows-ix86+x86_64