CRAN Package Check Results for Package sparkTable

Last updated on 2017-08-16 18:47:00.

Flavor Version Tinstall Tcheck Ttotal Status Flags
r-devel-linux-x86_64-debian-clang 1.3.0 3.99 50.64 54.63 OK
r-devel-linux-x86_64-debian-gcc 1.3.0 4.01 53.01 57.02 OK
r-devel-linux-x86_64-fedora-clang 1.3.0 125.06 OK
r-devel-linux-x86_64-fedora-gcc 1.3.0 122.81 OK
r-devel-windows-ix86+x86_64 1.3.0 11.00 83.00 94.00 OK
r-patched-linux-x86_64 1.3.0 4.30 54.75 59.04 OK
r-patched-solaris-x86 1.3.0 179.10 OK
r-release-linux-x86_64 1.3.0 3.98 57.38 61.36 OK
r-release-windows-ix86+x86_64 1.3.0 12.00 118.00 130.00 OK
r-release-osx-x86_64 1.3.0 ERROR
r-oldrel-windows-ix86+x86_64 1.3.0 11.00 83.00 94.00 OK
r-oldrel-osx-x86_64 1.3.0 OK

Check Details

Version: 1.3.0
Check: package dependencies
Result: ERROR
    Package required but not available: ‘Rglpk’
    
    See section ‘The DESCRIPTION file’ in the ‘Writing R Extensions’
    manual.
Flavor: r-release-osx-x86_64