CRAN Package Check Results for Package sparkTable

Last updated on 2017-06-28 18:47:16.

Flavor Version Tinstall Tcheck Ttotal Status Flags
r-devel-linux-x86_64-debian-clang 1.3.0 3.92 50.50 54.42 OK
r-devel-linux-x86_64-debian-gcc 1.3.0 4.13 46.29 50.42 OK
r-devel-linux-x86_64-fedora-clang 1.3.0 127.80 OK
r-devel-linux-x86_64-fedora-gcc 1.3.0 122.26 OK
r-devel-windows-ix86+x86_64 1.3.0 13.00 94.00 107.00 OK
r-patched-linux-x86_64 1.3.0 4.05 51.47 55.52 OK
r-patched-solaris-sparc 1.3.0 668.20 OK
r-patched-solaris-x86 1.3.0 182.20 OK
r-release-linux-x86_64 1.3.0 4.02 50.91 54.93 OK
r-release-windows-ix86+x86_64 1.3.0 12.00 129.00 141.00 OK
r-release-osx-x86_64 1.3.0 ERROR
r-oldrel-windows-ix86+x86_64 1.3.0 15.00 107.00 122.00 OK
r-oldrel-osx-x86_64 1.3.0 OK

Check Details

Version: 1.3.0
Check: package dependencies
Result: ERROR
    Package required but not available: ‘Rglpk’
    
    See section ‘The DESCRIPTION file’ in the ‘Writing R Extensions’
    manual.
Flavor: r-release-osx-x86_64