CRAN Package Check Results for Package sparkTable

Last updated on 2015-03-04 00:47:21.

Flavor Version Tinstall Tcheck Ttotal Status Flags
r-devel-linux-x86_64-debian-clang 0.12.0 2.32 30.15 32.47 NOTE
r-devel-linux-x86_64-debian-gcc 0.12.0 2.21 28.63 30.84 NOTE
r-devel-linux-x86_64-fedora-clang 0.12.0 64.28 NOTE
r-devel-linux-x86_64-fedora-gcc 0.12.0 60.06 NOTE
r-devel-osx-x86_64-clang 0.12.0 60.87 NOTE
r-devel-windows-ix86+x86_64 0.12.0 10.00 50.00 60.00 NOTE
r-patched-linux-x86_64 0.12.0 4.27 47.19 51.46 OK
r-patched-solaris-sparc 0.12.0 584.10 OK
r-patched-solaris-x86 0.12.0 128.30 OK
r-release-linux-ix86 0.12.0 4.22 54.22 58.44 OK
r-release-linux-x86_64 0.12.0 4.34 47.41 51.75 OK
r-release-osx-x86_64-mavericks 0.12.0 OK
r-release-osx-x86_64-snowleopard 0.12.0 OK
r-release-windows-ix86+x86_64 0.12.0 29.00 111.00 140.00 OK
r-oldrel-windows-ix86+x86_64 0.12.0 17.00 85.00 102.00 OK

Check Details

Version: 0.12.0
Check: DESCRIPTION meta-information
Result: NOTE
    Malformed Description field: should contain one or more complete sentences.
Flavors: r-devel-linux-x86_64-debian-clang, r-devel-linux-x86_64-debian-gcc, r-devel-linux-x86_64-fedora-clang, r-devel-linux-x86_64-fedora-gcc, r-devel-osx-x86_64-clang, r-devel-windows-ix86+x86_64