CRAN Package Check Results for Package sparkTable

Last updated on 2014-10-21 11:50:22.

Flavor Version Tinstall Tcheck Ttotal Status Flags
r-devel-linux-x86_64-debian-clang 0.11.0 3.32 45.30 48.62 NOTE
r-devel-linux-x86_64-debian-gcc 0.11.0 3.30 46.10 49.40 NOTE
r-devel-linux-x86_64-fedora-clang 0.11.0 104.08 NOTE
r-devel-linux-x86_64-fedora-gcc 0.11.0 95.96 NOTE
r-devel-osx-x86_64-clang 0.11.0 88.39 NOTE
r-devel-windows-ix86+x86_64 0.11.0 11.00 71.00 82.00 NOTE
r-patched-linux-x86_64 0.11.0 3.43 46.58 50.01 NOTE
r-patched-solaris-sparc 0.11.0 563.90 NOTE
r-patched-solaris-x86 0.11.0 129.90 NOTE
r-release-linux-ix86 0.11.0 4.29 58.79 63.08 OK
r-release-linux-x86_64 0.11.0 3.55 46.61 50.16 OK
r-release-osx-x86_64-mavericks 0.11.0 OK
r-release-osx-x86_64-snowleopard 0.11.0 OK
r-release-windows-ix86+x86_64 0.11.0 14.00 82.00 96.00 OK
r-oldrel-windows-ix86+x86_64 0.11.0 14.00 86.00 100.00 OK

Check Details

Version: 0.11.0
Check: dependencies in R code
Result: NOTE
    Package in Depends field not imported from: ‘grid’
     These packages need to be imported from (in the NAMESPACE file)
     for when this namespace is loaded but not attached.
    See the information on DESCRIPTION files in the chapter ‘Creating R
    packages’ of the ‘Writing R Extensions’ manual.
Flavors: r-devel-linux-x86_64-debian-clang, r-devel-linux-x86_64-debian-gcc, r-devel-linux-x86_64-fedora-clang, r-devel-linux-x86_64-fedora-gcc, r-devel-osx-x86_64-clang, r-devel-windows-ix86+x86_64, r-patched-linux-x86_64, r-patched-solaris-sparc, r-patched-solaris-x86

Version: 0.11.0
Check: R code for possible problems
Result: NOTE
    checkerplot: no visible global function definition for ‘grid.newpage’
    checkerplot: no visible global function definition for ‘unit’
    checkerplot: no visible global function definition for ‘pushViewport’
    checkerplot: no visible global function definition for ‘viewport’
    checkerplot: no visible global function definition for ‘grid.layout’
    checkerplot: no visible global function definition for ‘grid.text’
    checkerplot: no visible global function definition for ‘gpar’
    checkerplot: no visible global function definition for ‘popViewport’
    checkerplot: no visible global function definition for ‘grid.rect’
    checkerplot: no visible global function definition for ‘grid.draw’
    checkerplot: no visible global function definition for ‘grid.lines’
    plotSparks,sparkbar: no visible global function definition for
     ‘grid.rect’
    plotSparks,sparkbar: no visible global function definition for ‘unit’
    plotSparks,sparkbar: no visible global function definition for ‘gpar’
    plotSparks,sparkbox: no visible global function definition for
     ‘grid.rect’
    plotSparks,sparkbox: no visible global function definition for ‘unit’
    plotSparks,sparkbox: no visible global function definition for ‘gpar’
    plotSparks,sparkbox: no visible global function definition for
     ‘grid.lines’
    plotSparks,sparkbox: no visible global function definition for
     ‘grid.points’
    plotSparks,sparkhist: no visible global function definition for
     ‘grid.rect’
    plotSparks,sparkhist: no visible global function definition for ‘unit’
    plotSparks,sparkhist: no visible global function definition for ‘gpar’
    plotSparks,sparkline: no visible global function definition for
     ‘grid.rect’
    plotSparks,sparkline: no visible global function definition for ‘unit’
    plotSparks,sparkline: no visible global function definition for ‘gpar’
    plotSparks,sparkline: no visible global function definition for
     ‘grid.lines’
    plotSparks,sparkline: no visible global function definition for
     ‘grid.points’
Flavors: r-devel-linux-x86_64-debian-clang, r-devel-linux-x86_64-debian-gcc, r-devel-linux-x86_64-fedora-clang, r-devel-linux-x86_64-fedora-gcc, r-devel-osx-x86_64-clang, r-devel-windows-ix86+x86_64, r-patched-linux-x86_64, r-patched-solaris-sparc, r-patched-solaris-x86