CRAN Package Check Results for Package sparkTable

Last updated on 2015-04-21 02:48:47.

Flavor Version Tinstall Tcheck Ttotal Status Flags
r-devel-linux-x86_64-debian-clang 0.12.0 2.22 29.68 31.90 NOTE
r-devel-linux-x86_64-debian-gcc 0.12.0 2.37 28.93 31.30 NOTE
r-devel-linux-x86_64-fedora-clang 1.0.0 57.17 OK
r-devel-linux-x86_64-fedora-gcc 1.0.0 57.44 OK
r-devel-osx-x86_64-clang 1.0.0 45.50 OK
r-devel-windows-ix86+x86_64 0.12.0 15.00 60.00 75.00 NOTE
r-patched-linux-x86_64 0.12.0 2.26 29.27 31.52 NOTE
r-patched-solaris-sparc 1.0.0 352.50 OK
r-patched-solaris-x86 1.0.0 74.30 OK
r-release-linux-x86_64 0.12.0 2.23 28.36 30.58 NOTE
r-release-osx-x86_64-mavericks 0.12.0 ERROR
r-release-osx-x86_64-snowleopard 0.12.0 ERROR
r-release-windows-ix86+x86_64 0.12.0 2.00 1.00 3.00 NOTE
r-oldrel-windows-ix86+x86_64 0.12.0 18.00 81.00 99.00 OK

Check Details

Version: 0.12.0
Check: DESCRIPTION meta-information
Result: NOTE
    Malformed Description field: should contain one or more complete sentences.
Flavors: r-devel-linux-x86_64-debian-clang, r-devel-linux-x86_64-debian-gcc, r-devel-windows-ix86+x86_64, r-patched-linux-x86_64, r-release-linux-x86_64, r-release-windows-ix86+x86_64

Version: 0.12.0
Check: package dependencies
Result: ERROR
    Package required but not available: ‘Rglpk’
    
    See section ‘The DESCRIPTION file’ in the ‘Writing R Extensions’
    manual.
Flavor: r-release-osx-x86_64-mavericks

Version: 0.12.0
Check: package dependencies
Result: ERROR
    Packages required but not available:
     ‘gridExtra’ ‘ggplot2’ ‘StatMatch’ ‘RGraphics’
    
    See section ‘The DESCRIPTION file’ in the ‘Writing R Extensions’
    manual.
Flavor: r-release-osx-x86_64-snowleopard