CRAN Package Check Results for Package sparklyr

Last updated on 2022-09-29 09:55:44 CEST.

Flavor Version Tinstall Tcheck Ttotal Status Flags
r-devel-linux-x86_64-debian-clang 1.7.8 36.97 204.68 241.65 OK
r-devel-linux-x86_64-debian-gcc 1.7.8 29.37 148.97 178.34 OK
r-devel-linux-x86_64-fedora-clang 1.7.8 312.56 NOTE
r-devel-linux-x86_64-fedora-gcc 1.7.8 291.72 OK
r-devel-windows-x86_64 1.7.8 369.00 277.00 646.00 NOTE
r-patched-linux-x86_64 1.7.8 41.38 178.85 220.23 OK
r-release-linux-x86_64 1.7.8 31.97 179.92 211.89 OK
r-release-macos-arm64 1.7.8 73.00 NOTE
r-release-macos-x86_64 1.7.8 95.00 NOTE
r-release-windows-x86_64 1.7.8 516.00 224.00 740.00 NOTE
r-oldrel-macos-arm64 1.7.8 65.00 NOTE
r-oldrel-macos-x86_64 1.7.8 101.00 NOTE
r-oldrel-windows-ix86+x86_64 1.7.8 65.00 212.00 277.00 NOTE

Check Details

Version: 1.7.8
Check: package dependencies
Result: NOTE
    Imports includes 28 non-default packages.
    Importing from so many packages makes the package vulnerable to any of
    them becoming unavailable. Move as many as possible to Suggests and
    use conditionally.
Flavor: r-devel-linux-x86_64-fedora-clang

Version: 1.7.8
Check: installed package size
Result: NOTE
     installed size is 6.3Mb
     sub-directories of 1Mb or more:
     R 1.5Mb
     java 3.4Mb
Flavors: r-devel-linux-x86_64-fedora-clang, r-devel-windows-x86_64, r-release-macos-arm64, r-release-macos-x86_64, r-release-windows-x86_64, r-oldrel-macos-arm64, r-oldrel-macos-x86_64, r-oldrel-windows-ix86+x86_64