CRAN Package Check Results for Package sparklyr.nested

Last updated on 2024-06-23 22:48:41 CEST.

Flavor Version Tinstall Tcheck Ttotal Status Flags
r-devel-linux-x86_64-debian-clang 0.0.4 9.15 66.83 75.98 NOTE
r-devel-linux-x86_64-debian-gcc 0.0.4 6.33 51.07 57.40 NOTE
r-devel-linux-x86_64-fedora-clang 0.0.4 102.10 NOTE
r-devel-linux-x86_64-fedora-gcc 0.0.4 88.37 NOTE
r-devel-windows-x86_64 0.0.4 8.00 67.00 75.00 NOTE
r-patched-linux-x86_64 0.0.4 8.32 65.97 74.29 NOTE
r-release-linux-x86_64 0.0.4 5.03 66.25 71.28 NOTE
r-release-macos-arm64 0.0.4 29.00 NOTE
r-release-macos-x86_64 0.0.4 45.00 NOTE
r-release-windows-x86_64 0.0.4 8.00 69.00 77.00 NOTE
r-oldrel-macos-arm64 0.0.4 29.00 OK
r-oldrel-macos-x86_64 0.0.4 55.00 OK
r-oldrel-windows-x86_64 0.0.4 9.00 77.00 86.00 OK

Check Details

Version: 0.0.4
Check: Rd files
Result: NOTE checkRd: (-1) sdf_unnest.Rd:20: Lost braces 20 | \code{a1, a2, a3}, then code{sdf_explode(df, a)} will produce output with each record replicated | ^ Flavors: r-devel-linux-x86_64-debian-clang, r-devel-linux-x86_64-debian-gcc, r-devel-linux-x86_64-fedora-clang, r-devel-linux-x86_64-fedora-gcc, r-devel-windows-x86_64, r-patched-linux-x86_64, r-release-linux-x86_64, r-release-macos-arm64, r-release-macos-x86_64, r-release-windows-x86_64