CRAN Package Check Results for Package sparkxgb

Last updated on 2022-08-10 06:53:08 CEST.

Flavor Version Tinstall Tcheck Ttotal Status Flags
r-devel-linux-x86_64-debian-clang 0.1.1 9.98 66.00 75.98 NOTE
r-devel-linux-x86_64-debian-gcc 0.1.1 6.65 48.14 54.79 NOTE
r-devel-linux-x86_64-fedora-clang 0.1.1 101.55 NOTE
r-devel-linux-x86_64-fedora-gcc 0.1.1 95.48 NOTE
r-devel-windows-x86_64 0.1.1 19.00 89.00 108.00 NOTE
r-patched-linux-x86_64 0.1.1 12.17 61.26 73.43 NOTE
r-release-linux-x86_64 0.1.1 NOTE
r-release-macos-arm64 0.1.1 28.00 NOTE
r-release-macos-x86_64 0.1.1 51.00 NOTE
r-release-windows-x86_64 0.1.1 20.00 90.00 110.00 NOTE
r-oldrel-macos-arm64 0.1.1 31.00 NOTE
r-oldrel-macos-x86_64 0.1.1 50.00 NOTE
r-oldrel-windows-ix86+x86_64 0.1.1 20.00 87.00 107.00 NOTE

Check Details

Version: 0.1.1
Check: LazyData
Result: NOTE
     'LazyData' is specified without a 'data' directory
Flavors: r-devel-linux-x86_64-debian-clang, r-devel-linux-x86_64-debian-gcc, r-devel-linux-x86_64-fedora-clang, r-devel-linux-x86_64-fedora-gcc, r-devel-windows-x86_64, r-patched-linux-x86_64, r-release-linux-x86_64, r-release-macos-arm64, r-release-macos-x86_64, r-release-windows-x86_64, r-oldrel-macos-arm64, r-oldrel-macos-x86_64, r-oldrel-windows-ix86+x86_64