CRAN Package Check Results for Package sparr

Last updated on 2014-10-24 16:46:55.

Flavor Version Tinstall Tcheck Ttotal Status Flags
r-devel-linux-x86_64-debian-clang 0.3-5 4.02 55.01 59.02 WARN
r-devel-linux-x86_64-debian-gcc 0.3-5 4.07 53.15 57.22 WARN
r-devel-linux-x86_64-fedora-clang 0.3-5 76.21 WARN
r-devel-linux-x86_64-fedora-gcc 0.3-5 72.91 WARN
r-devel-osx-x86_64-clang 0.3-5 111.78 WARN
r-devel-windows-ix86+x86_64 0.3-5 13.00 74.00 87.00 WARN
r-patched-linux-x86_64 0.3-5 4.10 53.62 57.72 OK
r-patched-solaris-sparc 0.3-5 687.40 WARN
r-patched-solaris-x86 0.3-5 141.60 WARN
r-release-linux-ix86 0.3-5 5.08 68.50 73.58 OK
r-release-linux-x86_64 0.3-5 4.25 54.56 58.81 OK
r-release-osx-x86_64-mavericks 0.3-5 OK
r-release-osx-x86_64-snowleopard 0.3-5 OK
r-release-windows-ix86+x86_64 0.3-5 2.00 1.00 3.00 ERROR
r-oldrel-windows-ix86+x86_64 0.3-5 13.00 80.00 93.00 OK

Check Details

Version: 0.3-5
Check: whether package can be installed
Result: WARN
    Found the following significant warnings:
     Warning: replacing previous import by ‘MASS::area’ when loading ‘sparr’
Flavors: r-devel-linux-x86_64-debian-clang, r-devel-linux-x86_64-debian-gcc, r-devel-linux-x86_64-fedora-clang, r-devel-linux-x86_64-fedora-gcc, r-devel-osx-x86_64-clang, r-devel-windows-ix86+x86_64, r-patched-solaris-sparc, r-patched-solaris-x86

Version: 0.3-5
Check: whether package can be installed
Result: ERROR
    Installation failed.
Flavor: r-release-windows-ix86+x86_64