CRAN Package Check Results for Package sparr

Last updated on 2017-02-27 23:03:59.

Flavor Version Tinstall Tcheck Ttotal Status Flags
r-devel-linux-x86_64-debian-clang 0.3-8 4.14 50.72 54.86 OK
r-devel-linux-x86_64-debian-gcc 0.3-8 3.53 49.63 53.16 OK
r-devel-linux-x86_64-fedora-clang 0.3-8 137.91 OK --no-stop-on-test-error
r-devel-linux-x86_64-fedora-gcc 0.3-8 119.14 OK --no-stop-on-test-error
r-devel-macos-x86_64-clang 0.3-8 89.89 OK --no-stop-on-test-error
r-devel-windows-ix86+x86_64 0.3-8 18.00 174.00 192.00 OK
r-patched-linux-x86_64 0.3-8 3.37 50.28 53.65 OK
r-patched-solaris-sparc 0.3-8 621.20 OK
r-patched-solaris-x86 0.3-8 132.40 OK
r-release-linux-x86_64 0.3-8 3.56 49.04 52.60 OK
r-release-osx-x86_64-mavericks 0.3-8 WARN
r-release-windows-ix86+x86_64 0.3-8 14.00 111.00 125.00 OK
r-oldrel-windows-ix86+x86_64 0.3-8 19.00 113.00 132.00 OK

Check Details

Version: 0.3-8
Check: whether package can be installed
Result: WARN
    Found the following significant warnings:
     Warning: 'rgl_init' failed, running with rgl.useNULL = TRUE
Flavor: r-release-osx-x86_64-mavericks

Version: 0.3-8
Check: dependencies in R code
Result: NOTE
    Invalid MIT-MAGIC-COOKIE-1 key
Flavor: r-release-osx-x86_64-mavericks

Version: 0.3-8
Check: S3 generic/method consistency
Result: WARN
    Invalid MIT-MAGIC-COOKIE-1 key
    See section ‘Generic functions and methods’ in the ‘Writing R
    Extensions’ manual.
Flavor: r-release-osx-x86_64-mavericks

Version: 0.3-8
Check: replacement functions
Result: WARN
    Invalid MIT-MAGIC-COOKIE-1 key
    The argument of a replacement function which corresponds to the right
    hand side must be named ‘value’.
Flavor: r-release-osx-x86_64-mavericks

Version: 0.3-8
Check: foreign function calls
Result: NOTE
    Invalid MIT-MAGIC-COOKIE-1 key
    See chapter ‘System and foreign language interfaces’ in the ‘Writing R
    Extensions’ manual.
Flavor: r-release-osx-x86_64-mavericks

Version: 0.3-8
Check: R code for possible problems
Result: NOTE
    Invalid MIT-MAGIC-COOKIE-1 key
Flavor: r-release-osx-x86_64-mavericks

Version: 0.3-8
Check: for missing documentation entries
Result: WARN
    Invalid MIT-MAGIC-COOKIE-1 key
    All user-level objects in a package should have documentation entries.
    See chapter ‘Writing R documentation files’ in the ‘Writing R
    Extensions’ manual.
Flavor: r-release-osx-x86_64-mavericks

Version: 0.3-8
Check: for code/documentation mismatches
Result: WARN
    Invalid MIT-MAGIC-COOKIE-1 key
    Invalid MIT-MAGIC-COOKIE-1 key
    Invalid MIT-MAGIC-COOKIE-1 key
Flavor: r-release-osx-x86_64-mavericks

Version: 0.3-8
Check: Rd \usage sections
Result: NOTE
    Invalid MIT-MAGIC-COOKIE-1 key
    The \usage entries for S3 methods should use the \method markup and not
    their full name.
    See chapter ‘Writing R documentation files’ in the ‘Writing R
    Extensions’ manual.
Flavor: r-release-osx-x86_64-mavericks