CRAN Package Check Results for Package sparr

Last updated on 2015-08-30 21:47:02.

Flavor Version Tinstall Tcheck Ttotal Status Flags
r-devel-linux-x86_64-debian-clang 0.3-6 3.66 45.00 48.66 NOTE
r-devel-linux-x86_64-debian-gcc 0.3-6 2.90 42.54 45.43 NOTE
r-devel-linux-x86_64-fedora-clang 0.3-6 94.16 NOTE
r-devel-linux-x86_64-fedora-gcc 0.3-6 89.74 NOTE
r-devel-osx-x86_64-clang 0.3-6 73.41 OK
r-devel-windows-ix86+x86_64 0.3-6 14.00 73.00 87.00 NOTE
r-patched-linux-x86_64 0.3-6 3.13 46.10 49.23 OK
r-patched-solaris-sparc 0.3-6 612.00 OK
r-patched-solaris-x86 0.3-6 145.50 OK
r-release-linux-x86_64 0.3-6 3.13 46.68 49.81 OK
r-release-osx-x86_64-mavericks 0.3-6 OK
r-release-windows-ix86+x86_64 0.3-6 12.00 111.00 123.00 OK
r-oldrel-windows-ix86+x86_64 0.3-6 20.00 94.00 114.00 OK

Check Details

Version: 0.3-6
Check: R code for possible problems
Result: NOTE
    AREA_BASIC: no visible global function definition for ‘na.omit’
    LSCV.density: no visible global function definition for ‘na.omit’
    LSCV.density: no visible global function definition for ‘optimise’
    LSCV.density: no visible global function definition for
     ‘txtProgressBar’
    LSCV.density: no visible global function definition for
     ‘setTxtProgressBar’
    LSCV.density.single: no visible global function definition for
     ‘density’
    LSCV.risk: no visible global function definition for ‘na.omit’
    LSCV.risk: no visible global function definition for ‘optimise’
    LSCV.risk.single: no visible global function definition for ‘density’
    NS: no visible global function definition for ‘IQR’
    OS: no visible global function definition for ‘IQR’
    bivariate.density: no visible global function definition for ‘density’
    bivariate.density: no visible global function definition for ‘na.omit’
    bivariate.density: no visible global function definition for ‘median’
    bivariate.density: no visible global function definition for ‘quantile’
    plot.bivden: no visible global function definition for ‘plot’
    plot.bivden: no visible global function definition for ‘contour’
    plot.rrs: no visible global function definition for ‘plot’
    plot.rrs: no visible global function definition for ‘contour’
    risk: no visible global function definition for ‘plot’
    risk: no visible global function definition for ‘heat.colors’
    risk: no visible global function definition for ‘contour’
    run_ppp: no visible global function definition for ‘density’
    tol3d: no visible global function definition for ‘contourLines’
    tolerance: no visible global function definition for ‘quantile’
    tolerance: no visible global function definition for ‘pnorm’
    Undefined global functions or variables:
     IQR contour contourLines density heat.colors median na.omit optimise
     plot pnorm quantile setTxtProgressBar txtProgressBar
    Consider adding
     importFrom("grDevices", "contourLines", "heat.colors")
     importFrom("graphics", "contour", "plot")
     importFrom("stats", "IQR", "density", "median", "na.omit", "optimise",
     "pnorm", "quantile")
     importFrom("utils", "setTxtProgressBar", "txtProgressBar")
    to your NAMESPACE.
Flavors: r-devel-linux-x86_64-debian-clang, r-devel-linux-x86_64-debian-gcc, r-devel-linux-x86_64-fedora-clang, r-devel-linux-x86_64-fedora-gcc, r-devel-windows-ix86+x86_64