CRAN Package Check Results for Package sparr

Last updated on 2017-01-20 17:52:29.

Flavor Version Tinstall Tcheck Ttotal Status Flags
r-devel-linux-x86_64-debian-clang 0.3-8 3.44 50.44 53.88 OK
r-devel-linux-x86_64-debian-gcc 0.3-8 3.29 50.12 53.42 OK
r-devel-linux-x86_64-fedora-clang 0.3-8 115.76 OK --no-stop-on-test-error
r-devel-linux-x86_64-fedora-gcc 0.3-8 112.30 OK --no-stop-on-test-error
r-devel-macos-x86_64-clang 0.3-8 87.12 OK --no-stop-on-test-error
r-devel-windows-ix86+x86_64 0.3-8 14.00 120.00 134.00 OK
r-patched-linux-x86_64 0.3-8 3.38 45.99 49.37 OK
r-patched-solaris-sparc 0.3-8 621.20 OK
r-patched-solaris-x86 0.3-8 144.00 OK
r-release-linux-x86_64 0.3-8 3.57 46.25 49.81 OK
r-release-osx-x86_64-mavericks 0.3-8 WARN
r-release-windows-ix86+x86_64 0.3-8 9.00 82.00 91.00 OK
r-oldrel-windows-ix86+x86_64 0.3-8 16.00 85.00 101.00 OK

Check Details

Version: 0.3-8
Check: whether package can be installed
Result: WARN
    Found the following significant warnings:
     Warning: 'rgl_init' failed, running with rgl.useNULL = TRUE
Flavor: r-release-osx-x86_64-mavericks

Version: 0.3-8
Check: dependencies in R code
Result: NOTE
    Invalid MIT-MAGIC-COOKIE-1 key
Flavor: r-release-osx-x86_64-mavericks

Version: 0.3-8
Check: S3 generic/method consistency
Result: WARN
    Invalid MIT-MAGIC-COOKIE-1 key
    See section ‘Generic functions and methods’ in the ‘Writing R
    Extensions’ manual.
Flavor: r-release-osx-x86_64-mavericks

Version: 0.3-8
Check: replacement functions
Result: WARN
    Invalid MIT-MAGIC-COOKIE-1 key
    The argument of a replacement function which corresponds to the right
    hand side must be named ‘value’.
Flavor: r-release-osx-x86_64-mavericks

Version: 0.3-8
Check: foreign function calls
Result: NOTE
    Invalid MIT-MAGIC-COOKIE-1 key
    See chapter ‘System and foreign language interfaces’ in the ‘Writing R
    Extensions’ manual.
Flavor: r-release-osx-x86_64-mavericks

Version: 0.3-8
Check: R code for possible problems
Result: NOTE
    Invalid MIT-MAGIC-COOKIE-1 key
Flavor: r-release-osx-x86_64-mavericks

Version: 0.3-8
Check: for missing documentation entries
Result: WARN
    Invalid MIT-MAGIC-COOKIE-1 key
    All user-level objects in a package should have documentation entries.
    See chapter ‘Writing R documentation files’ in the ‘Writing R
    Extensions’ manual.
Flavor: r-release-osx-x86_64-mavericks

Version: 0.3-8
Check: for code/documentation mismatches
Result: WARN
    Invalid MIT-MAGIC-COOKIE-1 key
    Invalid MIT-MAGIC-COOKIE-1 key
    Invalid MIT-MAGIC-COOKIE-1 key
Flavor: r-release-osx-x86_64-mavericks

Version: 0.3-8
Check: Rd \usage sections
Result: NOTE
    Invalid MIT-MAGIC-COOKIE-1 key
    The \usage entries for S3 methods should use the \method markup and not
    their full name.
    See chapter ‘Writing R documentation files’ in the ‘Writing R
    Extensions’ manual.
Flavor: r-release-osx-x86_64-mavericks