CRAN Package Check Results for Package sparseBC

Last updated on 2017-10-22 09:48:56.

Flavor Version Tinstall Tcheck Ttotal Status Flags
r-devel-linux-x86_64-debian-clang 1.1 1.85 25.75 27.60 NOTE
r-devel-linux-x86_64-debian-gcc 1.1 1.72 26.52 28.24 NOTE
r-devel-linux-x86_64-fedora-clang 1.1 52.96 NOTE
r-devel-linux-x86_64-fedora-gcc 1.1 51.76 NOTE
r-devel-windows-ix86+x86_64 1.1 5.00 77.00 82.00 NOTE
r-patched-linux-x86_64 1.1 1.80 25.00 26.79 NOTE
r-patched-solaris-x86 1.1 74.60 NOTE
r-release-linux-x86_64 1.1 1.81 25.94 27.75 NOTE
r-release-windows-ix86+x86_64 1.1 8.00 72.00 80.00 NOTE
r-release-osx-x86_64 1.1 NOTE
r-oldrel-windows-ix86+x86_64 1.1 5.00 61.00 66.00 NOTE
r-oldrel-osx-x86_64 1.1 NOTE

Check Details

Version: 1.1
Check: R code for possible problems
Result: NOTE
    image.matrixBC: no visible global function definition for ‘dev.new’
    image.matrixBC: no visible global function definition for ‘image’
    image.matrixBC: no visible global function definition for ‘heat.colors’
    image.matrixBC: no visible global function definition for ‘axis’
    image.matrixBC: no visible global function definition for ‘title’
    image.sparseBC: no visible global function definition for ‘dev.new’
    image.sparseBC: no visible global function definition for ‘image’
    image.sparseBC: no visible global function definition for ‘heat.colors’
    image.sparseBC: no visible global function definition for ‘axis’
    image.sparseBC: no visible global function definition for ‘tail’
    image.sparseBC: no visible global function definition for ‘title’
    matrixBC: no visible global function definition for ‘kmeans’
    sparseBC: no visible global function definition for ‘kmeans’
    sparseBC.choosekr: no visible global function definition for ‘kmeans’
    sparseBC.choosekr: no visible binding for global variable ‘sd’
    Undefined global functions or variables:
     axis dev.new heat.colors image kmeans sd tail title
    Consider adding
     importFrom("grDevices", "dev.new", "heat.colors")
     importFrom("graphics", "axis", "image", "title")
     importFrom("stats", "kmeans", "sd")
     importFrom("utils", "tail")
    to your NAMESPACE file.
Flavors: r-devel-linux-x86_64-debian-clang, r-devel-linux-x86_64-debian-gcc, r-devel-linux-x86_64-fedora-clang, r-devel-linux-x86_64-fedora-gcc, r-devel-windows-ix86+x86_64, r-patched-linux-x86_64, r-patched-solaris-x86, r-release-linux-x86_64, r-release-windows-ix86+x86_64, r-release-osx-x86_64, r-oldrel-windows-ix86+x86_64, r-oldrel-osx-x86_64