CRAN Package Check Results for Package sparseBC

Last updated on 2018-07-20 09:49:09 CEST.

Flavor Version Tinstall Tcheck Ttotal Status Flags
r-devel-linux-x86_64-debian-clang 1.1 3.74 38.89 42.63 NOTE
r-devel-linux-x86_64-debian-gcc 1.1 3.22 35.20 38.42 NOTE
r-devel-linux-x86_64-fedora-clang 1.1 58.18 NOTE
r-devel-linux-x86_64-fedora-gcc 1.1 56.50 NOTE
r-devel-windows-ix86+x86_64 1.1 6.00 74.00 80.00 NOTE
r-patched-linux-x86_64 1.1 2.59 37.93 40.52 NOTE
r-patched-solaris-x86 1.1 89.40 NOTE
r-release-linux-x86_64 1.1 2.40 38.43 40.83 NOTE
r-release-windows-ix86+x86_64 1.1 8.00 50.00 58.00 NOTE
r-release-osx-x86_64 1.1 NOTE
r-oldrel-windows-ix86+x86_64 1.1 8.00 53.00 61.00 NOTE
r-oldrel-osx-x86_64 1.1 NOTE

Check Details

Version: 1.1
Check: R code for possible problems
Result: NOTE
    image.matrixBC: no visible global function definition for ‘dev.new’
    image.matrixBC: no visible global function definition for ‘image’
    image.matrixBC: no visible global function definition for ‘heat.colors’
    image.matrixBC: no visible global function definition for ‘axis’
    image.matrixBC: no visible global function definition for ‘title’
    image.sparseBC: no visible global function definition for ‘dev.new’
    image.sparseBC: no visible global function definition for ‘image’
    image.sparseBC: no visible global function definition for ‘heat.colors’
    image.sparseBC: no visible global function definition for ‘axis’
    image.sparseBC: no visible global function definition for ‘tail’
    image.sparseBC: no visible global function definition for ‘title’
    matrixBC: no visible global function definition for ‘kmeans’
    sparseBC: no visible global function definition for ‘kmeans’
    sparseBC.choosekr: no visible global function definition for ‘kmeans’
    sparseBC.choosekr: no visible binding for global variable ‘sd’
    Undefined global functions or variables:
     axis dev.new heat.colors image kmeans sd tail title
    Consider adding
     importFrom("grDevices", "dev.new", "heat.colors")
     importFrom("graphics", "axis", "image", "title")
     importFrom("stats", "kmeans", "sd")
     importFrom("utils", "tail")
    to your NAMESPACE file.
Flavors: r-devel-linux-x86_64-debian-clang, r-devel-linux-x86_64-debian-gcc, r-devel-linux-x86_64-fedora-clang, r-devel-linux-x86_64-fedora-gcc, r-devel-windows-ix86+x86_64, r-patched-linux-x86_64, r-patched-solaris-x86, r-release-linux-x86_64, r-release-windows-ix86+x86_64, r-release-osx-x86_64, r-oldrel-windows-ix86+x86_64, r-oldrel-osx-x86_64