CRAN Package Check Results for Package sparseHessianFD

Last updated on 2015-05-26 12:47:30.

Flavor Version Tinstall Tcheck Ttotal Status Flags
r-devel-linux-x86_64-debian-clang 0.2.0 10.55 47.58 58.13 OK
r-devel-linux-x86_64-debian-gcc 0.2.0 13.32 43.05 56.37 OK
r-devel-linux-x86_64-fedora-clang 0.2.0 116.51 OK
r-devel-linux-x86_64-fedora-gcc 0.2.0 111.31 OK
r-devel-osx-x86_64-clang 0.2.0 97.90 OK
r-devel-windows-ix86+x86_64 0.2.0 31.00 93.00 124.00 OK
r-patched-linux-x86_64 0.2.0 12.38 42.74 55.12 OK
r-patched-solaris-sparc 0.2.0 692.80 OK
r-patched-solaris-x86 0.2.0 150.90 OK
r-release-linux-x86_64 0.2.0 12.40 44.66 57.06 OK
r-release-osx-x86_64-mavericks 0.2.0 OK
r-release-osx-x86_64-snowleopard 0.2.0 ERROR
r-release-windows-ix86+x86_64 0.2.0 37.00 86.00 123.00 OK
r-oldrel-windows-ix86+x86_64 0.2.0 35.00 106.00 141.00 OK

Check Details

Version: 0.2.0
Check: whether package can be installed
Result: ERROR
    Installation failed.
Flavor: r-release-osx-x86_64-snowleopard