CRAN Package Check Results for Package sparseHessianFD

Last updated on 2016-07-25 18:50:39.

Flavor Version Tinstall Tcheck Ttotal Status Flags
r-devel-linux-x86_64-debian-clang 0.3.0 19.68 50.06 69.74 OK
r-devel-linux-x86_64-debian-gcc 0.3.0 20.95 47.23 68.19 OK
r-devel-linux-x86_64-fedora-clang 0.3.0 135.71 OK
r-devel-linux-x86_64-fedora-gcc 0.3.0 113.24 OK
r-devel-osx-x86_64-clang 0.3.0 89.38 OK
r-devel-windows-ix86+x86_64 0.3.0 71.00 107.00 178.00 OK
r-patched-linux-x86_64 0.3.0 15.98 48.18 64.15 OK
r-patched-solaris-sparc 0.3.0 602.50 NOTE
r-patched-solaris-x86 0.3.0 140.90 OK
r-release-linux-x86_64 0.3.0 16.25 48.26 64.50 OK
r-release-osx-x86_64-mavericks 0.3.0 OK
r-release-windows-ix86+x86_64 0.3.0 73.00 128.00 201.00 OK
r-oldrel-windows-ix86+x86_64 0.3.0 63.00 139.00 202.00 OK

Check Details

Version: 0.3.0
Check: installed package size
Result: NOTE
     installed size is 5.5Mb
     sub-directories of 1Mb or more:
     libs 4.9Mb
Flavor: r-patched-solaris-sparc