CRAN Package Check Results for Package sparseHessianFD

Last updated on 2016-09-28 18:50:14.

Flavor Version Tinstall Tcheck Ttotal Status Flags
r-devel-linux-x86_64-debian-clang 0.3.0 18.15 38.10 56.25 WARN
r-devel-linux-x86_64-debian-gcc 0.3.0 16.75 37.43 54.18 WARN
r-devel-linux-x86_64-fedora-clang 0.3.0 119.57 WARN
r-devel-linux-x86_64-fedora-gcc 0.3.0 113.13 WARN
r-devel-macos-x86_64-clang 0.3.0 83.11 WARN
r-devel-windows-ix86+x86_64 0.3.0 84.00 111.00 195.00 WARN
r-patched-linux-x86_64 0.3.0 13.51 38.09 51.60 OK
r-patched-solaris-sparc 0.3.0 606.30 OK
r-patched-solaris-x86 0.3.0 133.20 OK
r-release-linux-x86_64 0.3.0 14.21 38.26 52.47 OK
r-release-osx-x86_64-mavericks 0.3.0 OK
r-release-windows-ix86+x86_64 0.3.0 71.00 86.00 157.00 OK
r-oldrel-windows-ix86+x86_64 0.3.0 69.00 136.00 205.00 OK

Check Details

Version: 0.3.0
Check: files in ‘vignettes’
Result: WARN
    Files in the 'vignettes' directory newer than all files in 'inst/doc':
     ‘timings.pdf’
Flavors: r-devel-linux-x86_64-debian-clang, r-devel-linux-x86_64-debian-gcc, r-devel-linux-x86_64-fedora-clang, r-devel-linux-x86_64-fedora-gcc, r-devel-macos-x86_64-clang, r-devel-windows-ix86+x86_64