CRAN Package Check Results for Package sparseHessianFD

Last updated on 2014-08-31 11:47:18.

Flavor Version Tinstall Tcheck Ttotal Status Flags
r-devel-linux-x86_64-debian-clang 0.1.1 9.56 39.33 48.89 OK
r-devel-linux-x86_64-debian-gcc 0.1.1 11.35 37.84 49.19 OK
r-devel-linux-x86_64-fedora-clang 0.1.1 122.33 OK
r-devel-linux-x86_64-fedora-gcc 0.1.1 118.48 OK
r-devel-osx-x86_64-clang 0.1.1 101.80 OK
r-devel-windows-ix86+x86_64 0.1.1 37.00 82.00 119.00 OK
r-patched-linux-x86_64 0.1.1 11.23 40.12 51.35 OK
r-patched-solaris-sparc 0.1.1 673.30 OK
r-patched-solaris-x86 0.1.1 158.50 OK
r-release-linux-ix86 0.1.1 13.95 50.95 64.90 OK
r-release-linux-x86_64 0.1.1 11.44 40.43 51.87 OK
r-release-osx-x86_64-mavericks 0.1.1 NOTE
r-release-osx-x86_64-snowleopard 0.1.1 NOTE
r-release-windows-ix86+x86_64 0.1.1 31.00 124.00 155.00 OK
r-oldrel-windows-ix86+x86_64 0.1.1 31.00 80.00 111.00 OK

Check Details

Version: 0.1.1
Check: re-building of vignette outputs
Result: NOTE
    Error in re-building vignettes:
     ...
    Error in texi2dvi(file = file, pdf = TRUE, clean = clean, quiet = quiet, :
     Running 'texi2dvi' on 'sparseHessianFD.tex' failed.
    LaTeX errors:
    ! LaTeX Error: File `appendix.sty' not found.
    
    Type X to quit or <RETURN> to proceed,
    or enter new name. (Default extension: sty)
    Calls: buildVignettes -> texi2pdf -> texi2dvi
    Execution halted
Flavors: r-release-osx-x86_64-mavericks, r-release-osx-x86_64-snowleopard