CRAN Package Check Results for Package sparseHessianFD

Last updated on 2016-06-28 10:47:34.

Flavor Version Tinstall Tcheck Ttotal Status Flags
r-devel-linux-x86_64-debian-gcc 0.3.0 16.63 41.73 58.36 OK
r-devel-linux-x86_64-fedora-clang 0.3.0 132.53 OK
r-devel-linux-x86_64-fedora-gcc 0.3.0 110.16 OK
r-devel-osx-x86_64-clang 0.3.0 86.32 OK
r-devel-windows-ix86+x86_64 0.3.0 77.00 132.00 209.00 OK
r-patched-linux-x86_64 0.3.0 14.02 42.61 56.63 OK
r-patched-solaris-sparc 0.3.0 602.50 NOTE
r-patched-solaris-x86 0.3.0 142.30 NOTE
r-release-linux-x86_64 0.3.0 14.19 41.95 56.14 OK
r-release-osx-x86_64-mavericks 0.3.0 OK
r-release-windows-ix86+x86_64 0.3.0 77.00 133.00 210.00 OK
r-oldrel-windows-ix86+x86_64 0.3.0 60.00 108.00 168.00 OK

Check Details

Version: 0.3.0
Check: installed package size
Result: NOTE
     installed size is 5.5Mb
     sub-directories of 1Mb or more:
     libs 4.9Mb
Flavors: r-patched-solaris-sparc, r-patched-solaris-x86