CRAN Package Check Results for Package sparseHessianFD

Last updated on 2015-02-01 11:47:25.

Flavor Version Tinstall Tcheck Ttotal Status Flags
r-devel-linux-x86_64-debian-clang 0.1.1 9.00 33.42 42.43 OK
r-devel-linux-x86_64-debian-gcc 0.1.1 10.30 31.66 41.96 OK
r-devel-linux-x86_64-fedora-clang 0.1.1 121.31 OK
r-devel-linux-x86_64-fedora-gcc 0.1.1 88.20 OK
r-devel-osx-x86_64-clang 0.1.1 90.38 OK
r-devel-windows-ix86+x86_64 0.1.1 48.00 68.00 116.00 OK
r-patched-linux-x86_64 0.1.1 11.74 41.54 53.27 OK
r-patched-solaris-sparc 0.1.1 648.70 OK
r-patched-solaris-x86 0.1.1 156.40 OK
r-release-linux-ix86 0.1.1 13.16 51.56 64.72 OK
r-release-linux-x86_64 0.1.1 11.25 40.33 51.58 OK
r-release-osx-x86_64-mavericks 0.1.1 OK
r-release-osx-x86_64-snowleopard 0.1.1 NOTE
r-release-windows-ix86+x86_64 0.1.1 35.00 82.00 117.00 OK
r-oldrel-windows-ix86+x86_64 0.1.1 35.00 90.00 125.00 OK

Check Details

Version: 0.1.1
Check: re-building of vignette outputs
Result: NOTE
    Error in re-building vignettes:
     ...
    Error in texi2dvi(file = file, pdf = TRUE, clean = clean, quiet = quiet, :
     Running 'texi2dvi' on 'sparseHessianFD.tex' failed.
    LaTeX errors:
    ! LaTeX Error: File `appendix.sty' not found.
    
    Type X to quit or <RETURN> to proceed,
    or enter new name. (Default extension: sty)
    Calls: buildVignettes -> texi2pdf -> texi2dvi
    Execution halted
Flavor: r-release-osx-x86_64-snowleopard