CRAN Package Check Results for Package sparseHessianFD

Last updated on 2017-02-23 15:48:48.

Flavor Version Tinstall Tcheck Ttotal Status Flags
r-devel-linux-x86_64-debian-clang 0.3.2 17.70 48.07 65.76 NOTE
r-devel-linux-x86_64-debian-gcc 0.3.2 17.65 46.59 64.25 NOTE
r-devel-linux-x86_64-fedora-clang 0.3.2 143.91 NOTE --no-stop-on-test-error
r-devel-linux-x86_64-fedora-gcc 0.3.2 165.62 NOTE --no-stop-on-test-error
r-devel-macos-x86_64-clang 0.3.2 103.72 NOTE --no-stop-on-test-error
r-devel-windows-ix86+x86_64 0.3.2 74.00 153.00 227.00 OK
r-patched-linux-x86_64 0.3.2 14.07 40.57 54.64 OK
r-patched-solaris-sparc 0.3.2 644.20 OK
r-patched-solaris-x86 0.3.2 154.00 OK
r-release-linux-x86_64 0.3.2 14.34 40.74 55.08 OK
r-release-osx-x86_64-mavericks 0.3.2 OK
r-release-windows-ix86+x86_64 0.3.2 71.00 138.00 209.00 OK
r-oldrel-windows-ix86+x86_64 0.3.2 65.00 109.00 174.00 OK

Check Details

Version: 0.3.2
Check: compiled code
Result: NOTE
    File ‘sparseHessianFD/libs/sparseHessianFD.so’:
     Found no calls to: ‘R_registerRoutines’, ‘R_useDynamicSymbols’
    
    It is good practice to register native routines and to disable symbol
    search.
    
    See ‘Writing portable packages’ in the ‘Writing R Extensions’ manual.
Flavors: r-devel-linux-x86_64-debian-clang, r-devel-linux-x86_64-debian-gcc

Version: 0.3.2
Flags: --no-stop-on-test-error
Check: compiled code
Result: NOTE
    File ‘sparseHessianFD/libs/sparseHessianFD.so’:
     Found no calls to: ‘R_registerRoutines’, ‘R_useDynamicSymbols’
    
    It is good practice to register native routines and to disable symbol
    search.
    
    See ‘Writing portable packages’ in the ‘Writing R Extensions’ manual.
Flavors: r-devel-linux-x86_64-fedora-clang, r-devel-linux-x86_64-fedora-gcc, r-devel-macos-x86_64-clang