CRAN Package Check Results for Package sparseHessianFD

Last updated on 2017-03-31 01:49:30.

Flavor Version Tinstall Tcheck Ttotal Status Flags
r-devel-linux-x86_64-debian-clang 0.3.2 16.63 50.19 66.82 NOTE
r-devel-linux-x86_64-debian-gcc 0.3.2 15.65 46.44 62.10 NOTE
r-devel-linux-x86_64-fedora-clang 0.3.2 167.11 NOTE --no-stop-on-test-error
r-devel-linux-x86_64-fedora-gcc 0.3.2 136.38 NOTE --no-stop-on-test-error
r-devel-macos-x86_64-clang 0.3.2 101.52 NOTE --no-stop-on-test-error
r-devel-windows-ix86+x86_64 0.3.2 57.00 160.00 217.00 OK
r-patched-linux-x86_64 0.3.2 12.64 46.90 59.54 NOTE
r-patched-solaris-sparc 0.3.2 718.00 OK
r-patched-solaris-x86 0.3.2 180.30 OK
r-release-linux-x86_64 0.3.2 14.05 40.25 54.30 OK
r-release-osx-x86_64-mavericks 0.3.2 OK
r-release-windows-ix86+x86_64 0.3.2 71.00 132.00 203.00 WARN
r-oldrel-windows-ix86+x86_64 0.3.2 62.00 106.00 168.00 OK

Check Details

Version: 0.3.2
Check: compiled code
Result: NOTE
    File ‘sparseHessianFD/libs/sparseHessianFD.so’:
     Found no calls to: ‘R_registerRoutines’, ‘R_useDynamicSymbols’
    
    It is good practice to register native routines and to disable symbol
    search.
    
    See ‘Writing portable packages’ in the ‘Writing R Extensions’ manual.
Flavors: r-devel-linux-x86_64-debian-clang, r-devel-linux-x86_64-debian-gcc, r-patched-linux-x86_64

Version: 0.3.2
Flags: --no-stop-on-test-error
Check: compiled code
Result: NOTE
    File ‘sparseHessianFD/libs/sparseHessianFD.so’:
     Found no calls to: ‘R_registerRoutines’, ‘R_useDynamicSymbols’
    
    It is good practice to register native routines and to disable symbol
    search.
    
    See ‘Writing portable packages’ in the ‘Writing R Extensions’ manual.
Flavors: r-devel-linux-x86_64-fedora-clang, r-devel-linux-x86_64-fedora-gcc, r-devel-macos-x86_64-clang

Version: 0.3.2
Check: re-building of vignette outputs
Result: WARN
    Error in re-building vignettes:
     ...
    
    Sorry, but D:\compiler\texmf\miktex\bin\KPSEWH~1.EXE did not succeed.
    
    You may want to visit the MiKTeX project page, if you need help.
    Warning: running command 'kpsewhich framed.sty' had status 1
    Warning in test_latex_pkg("framed", system.file("misc", "framed.sty", package = "knitr")) :
     unable to find LaTeX package 'framed'; will use a copy from knitr
    
    Sorry, but D:\compiler\texmf\miktex\bin\KPSEWH~1.EXE did not succeed.
    
    You may want to visit the MiKTeX project page, if you need help.
    Warning: running command '"D:\compiler\texmf\miktex\bin\texify.exe" --quiet --pdf "sparseHessianFD.tex" --max-iterations=20 -I "D:/RCompile/recent/R-3.3.3/share/texmf/tex/latex" -I "D:/RCompile/recent/R-3.3.3/share/texmf/bibtex/bst"' had status 1
    Error in find_vignette_product(name, by = "texi2pdf", engine = engine) :
     Failed to locate the 'texi2pdf' output file (by engine 'knitr::knitr') for vignette with name 'sparseHessianFD'. The following files exist in directory '.': 'Sweave.sty', 'fig_timings.pdf', 'framed.sty', 'replication.R', 'sparseHessianFD.R', 'sparseHessianFD.Rnw', 'sparseHessianFD.bib', 'sparseHessianFD.tex', 'vignette_tab4.Rdata'
    Calls: buildVignettes -> find_vignette_product
    Execution halted
Flavor: r-release-windows-ix86+x86_64