CRAN Package Check Results for Package sparseHessianFD

Last updated on 2018-02-23 14:49:47 CET.

Flavor Version Tinstall Tcheck Ttotal Status Flags
r-devel-linux-x86_64-debian-clang 0.3.3.2 27.57 70.97 98.54 NOTE
r-devel-linux-x86_64-debian-gcc 0.3.3.2 21.93 56.02 77.95 NOTE
r-devel-linux-x86_64-fedora-clang 0.3.3.2 141.22 NOTE
r-devel-linux-x86_64-fedora-gcc 0.3.3.2 126.91 NOTE
r-devel-windows-ix86+x86_64 0.3.3.2 85.00 152.00 237.00 OK
r-patched-linux-x86_64 0.3.3.2 26.54 76.34 102.88 OK
r-patched-solaris-x86 0.3.3.2 186.70 OK
r-release-linux-x86_64 0.3.3.2 27.16 76.03 103.19 OK
r-release-windows-ix86+x86_64 0.3.3.2 78.00 151.00 229.00 OK
r-release-osx-x86_64 0.3.3.2 OK
r-oldrel-windows-ix86+x86_64 0.3.3 59.00 113.00 172.00 OK
r-oldrel-osx-x86_64 0.3.3.2 ERROR

Check Details

Version: 0.3.3.2
Check: DESCRIPTION meta-information
Result: NOTE
    Dependence on R version ‘3.4.2’ not with patchlevel 0
Flavors: r-devel-linux-x86_64-debian-clang, r-devel-linux-x86_64-debian-gcc, r-devel-linux-x86_64-fedora-clang, r-devel-linux-x86_64-fedora-gcc

Version: 0.3.3.2
Check: whether package can be installed
Result: ERROR
    Installation failed.
Flavor: r-oldrel-osx-x86_64