CRAN Package Check Results for Package sparseHessianFD

Last updated on 2017-09-20 15:49:07.

Flavor Version Tinstall Tcheck Ttotal Status Flags
r-devel-linux-x86_64-debian-clang 0.3.3 19.78 47.00 66.78 OK
r-devel-linux-x86_64-debian-gcc 0.3.3 19.46 47.66 67.12 OK
r-devel-linux-x86_64-fedora-clang 0.3.3 151.65 OK
r-devel-linux-x86_64-fedora-gcc 0.3.3 143.80 OK
r-devel-windows-ix86+x86_64 0.3.3 61.00 163.00 224.00 OK
r-patched-linux-x86_64 0.3.3 19.56 47.70 67.25 OK
r-patched-solaris-x86 0.3.3 188.60 OK
r-release-linux-x86_64 0.3.3 19.67 47.58 67.25 OK
r-release-windows-ix86+x86_64 0.3.3 63.00 120.00 183.00 OK
r-release-osx-x86_64 0.3.3 WARN
r-oldrel-windows-ix86+x86_64 0.3.3 57.00 97.00 154.00 OK
r-oldrel-osx-x86_64 0.3.3 OK

Check Details

Version: 0.3.3
Check: re-building of vignette outputs
Result: WARN
    Error in re-building vignettes:
     ...
    Warning: running command 'kpsewhich framed.sty' had status 1
    Warning in test_latex_pkg("framed", system.file("misc", "framed.sty", package = "knitr")) :
     unable to find LaTeX package 'framed'; will use a copy from knitr
    Error in texi2dvi(file = file, pdf = TRUE, clean = clean, quiet = quiet, :
     Running 'texi2dvi' on 'sparseHessianFD.tex' failed.
    LaTeX errors:
    ! LaTeX Error: File `algorithm.sty' not found.
    
    Type X to quit or <RETURN> to proceed,
    or enter new name. (Default extension: sty)
    
    ! Emergency stop.
    <read *>
    
    l.27 \usepackage
     {algorithmic}^^M
    ! ==> Fatal error occurred, no output PDF file produced!
    Calls: buildVignettes -> texi2pdf -> texi2dvi
    Execution halted
Flavor: r-release-osx-x86_64