CRAN Package Check Results for Package sparseHessianFD

Last updated on 2015-03-01 19:48:17.

Flavor Version Tinstall Tcheck Ttotal Status Flags
r-devel-linux-x86_64-debian-clang 0.2.0 9.85 51.67 61.52 OK
r-devel-linux-x86_64-debian-gcc 0.2.0 12.09 48.51 60.60 OK
r-devel-linux-x86_64-fedora-clang 0.2.0 125.84 OK
r-devel-linux-x86_64-fedora-gcc 0.2.0 116.89 OK
r-devel-osx-x86_64-clang 0.2.0 105.90 OK
r-devel-windows-ix86+x86_64 0.2.0 31.00 96.00 127.00 OK
r-patched-linux-x86_64 0.2.0 13.05 60.65 73.70 OK
r-patched-solaris-sparc 0.2.0 823.30 OK
r-patched-solaris-x86 0.2.0 204.20 OK
r-release-linux-ix86 0.2.0 15.13 73.05 88.18 OK
r-release-linux-x86_64 0.2.0 13.45 62.17 75.62 OK
r-release-osx-x86_64-mavericks 0.2.0 OK
r-release-osx-x86_64-snowleopard 0.2.0 ERROR
r-release-windows-ix86+x86_64 0.2.0 33.00 122.00 155.00 OK
r-oldrel-windows-ix86+x86_64 0.1.1 30.00 85.00 115.00 OK

Check Details

Version: 0.2.0
Check: whether package can be installed
Result: ERROR
    Installation failed.
Flavor: r-release-osx-x86_64-snowleopard