CRAN Package Check Results for Package sparseHessianFD

Last updated on 2017-07-25 03:49:51.

Flavor Version Tinstall Tcheck Ttotal Status Flags
r-devel-linux-x86_64-debian-clang 0.3.3 19.85 54.62 74.47 OK
r-devel-linux-x86_64-debian-gcc 0.3.3 20.05 52.30 72.35 OK
r-devel-linux-x86_64-fedora-clang 0.3.3 145.83 OK
r-devel-linux-x86_64-fedora-gcc 0.3.3 162.09 OK
r-devel-windows-ix86+x86_64 0.3.3 67.00 121.00 188.00 OK
r-patched-linux-x86_64 0.3.3 19.30 53.92 73.22 OK
r-patched-solaris-x86 0.3.3 183.10 OK
r-release-linux-x86_64 0.3.3 19.29 53.29 72.57 OK
r-release-windows-ix86+x86_64 0.3.3 62.00 154.00 216.00 OK
r-release-osx-x86_64 0.3.3 WARN
r-oldrel-windows-ix86+x86_64 0.3.3 62.00 108.00 170.00 OK
r-oldrel-osx-x86_64 0.3.3 OK

Check Details

Version: 0.3.3
Check: re-building of vignette outputs
Result: WARN
    Error in re-building vignettes:
     ...
    Warning: running command 'kpsewhich framed.sty' had status 1
    Warning in test_latex_pkg("framed", system.file("misc", "framed.sty", package = "knitr")) :
     unable to find LaTeX package 'framed'; will use a copy from knitr
    Error in texi2dvi(file = file, pdf = TRUE, clean = clean, quiet = quiet, :
     Running 'texi2dvi' on 'sparseHessianFD.tex' failed.
    LaTeX errors:
    ! LaTeX Error: File `algorithm.sty' not found.
    
    Type X to quit or <RETURN> to proceed,
    or enter new name. (Default extension: sty)
    
    ! Emergency stop.
    <read *>
    
    l.27 \usepackage
     {algorithmic}^^M
    ! ==> Fatal error occurred, no output PDF file produced!
    Calls: buildVignettes -> texi2pdf -> texi2dvi
    Execution halted
Flavor: r-release-osx-x86_64