CRAN Package Check Results for Package sparseHessianFD

Last updated on 2014-12-22 06:48:48.

Flavor Version Tinstall Tcheck Ttotal Status Flags
r-devel-linux-x86_64-debian-clang 0.1.1 9.80 40.22 50.02 OK
r-devel-linux-x86_64-debian-gcc 0.1.1 10.94 38.69 49.63 OK
r-devel-linux-x86_64-fedora-clang 0.1.1 123.35 OK
r-devel-linux-x86_64-fedora-gcc 0.1.1 117.48 OK
r-devel-osx-x86_64-clang 0.1.1 101.65 OK
r-devel-windows-ix86+x86_64 0.1.1 39.00 80.00 119.00 OK
r-patched-linux-x86_64 0.1.1 11.24 41.44 52.68 OK
r-patched-solaris-sparc 0.1.1 649.80 OK
r-patched-solaris-x86 0.1.1 155.00 OK
r-release-linux-ix86 0.1.1 13.16 49.64 62.80 OK
r-release-linux-x86_64 0.1.1 11.16 40.81 51.97 OK
r-release-osx-x86_64-mavericks 0.1.1 NOTE
r-release-osx-x86_64-snowleopard 0.1.1 NOTE
r-release-windows-ix86+x86_64 0.1.1 35.00 79.00 114.00 OK
r-oldrel-windows-ix86+x86_64 0.1.1 34.00 81.00 115.00 OK

Check Details

Version: 0.1.1
Check: re-building of vignette outputs
Result: NOTE
    Error in re-building vignettes:
     ...
    Error in texi2dvi(file = file, pdf = TRUE, clean = clean, quiet = quiet, :
     Running 'texi2dvi' on 'sparseHessianFD.tex' failed.
    LaTeX errors:
    ! LaTeX Error: File `appendix.sty' not found.
    
    Type X to quit or <RETURN> to proceed,
    or enter new name. (Default extension: sty)
    Calls: buildVignettes -> texi2pdf -> texi2dvi
    Execution halted
Flavors: r-release-osx-x86_64-mavericks, r-release-osx-x86_64-snowleopard