CRAN Package Check Results for Package sparseHessianFD

Last updated on 2014-04-17 21:47:57.

Flavor Version Tinstall Tcheck Ttotal Status Flags
r-devel-linux-x86_64-debian-clang 0.1.1 10.54 43.20 53.74 OK
r-devel-linux-x86_64-debian-gcc 0.1.1 11.64 42.44 54.07 OK
r-devel-linux-x86_64-fedora-clang 0.1.1 125.77 OK
r-devel-linux-x86_64-fedora-gcc 0.1.1 121.53 OK
r-devel-macosx-x86_64-clang 0.1.1 98.16 OK
r-devel-macosx-x86_64-gcc 0.1.1 OK
r-devel-windows-ix86+x86_64 0.1.1 35.00 80.00 115.00 OK
r-patched-linux-x86_64 0.1.1 11.46 42.36 53.82 OK
r-patched-solaris-sparc 0.1.1 634.40 OK
r-patched-solaris-x86 0.1.1 158.90 OK
r-release-linux-ix86 0.1.1 24.00 75.00 99.00 OK
r-release-linux-x86_64 0.1.1 11.84 42.49 54.33 OK
r-release-macosx-x86_64 0.1.1 NOTE
r-release-windows-ix86+x86_64 0.1.1 30.00 80.00 110.00 OK
r-oldrel-windows-ix86+x86_64 0.1.1 30.00 79.00 109.00 OK

Check Details

Version: 0.1.1
Check: re-building of vignette outputs
Result: NOTE
    Error in re-building vignettes:
     ...
    Error in texi2dvi(file = file, pdf = TRUE, clean = clean, quiet = quiet, :
     Running 'texi2dvi' on 'sparseHessianFD.tex' failed.
    LaTeX errors:
    ! LaTeX Error: File `appendix.sty' not found.
    
    Type X to quit or <RETURN> to proceed,
    or enter new name. (Default extension: sty)
    Calls: buildVignettes -> texi2pdf -> texi2dvi
    Execution halted
Flavor: r-release-macosx-x86_64