CRAN Package Check Results for Package sparseHessianFD

Last updated on 2014-10-31 21:48:05.

Flavor Version Tinstall Tcheck Ttotal Status Flags
r-devel-linux-x86_64-debian-clang 0.1.1 9.59 40.08 49.67 OK
r-devel-linux-x86_64-debian-gcc 0.1.1 11.04 39.19 50.22 OK
r-devel-linux-x86_64-fedora-clang 0.1.1 118.95 OK
r-devel-linux-x86_64-fedora-gcc 0.1.1 107.23 OK
r-devel-osx-x86_64-clang 0.1.1 101.67 OK
r-devel-windows-ix86+x86_64 0.1.1 35.00 75.00 110.00 OK
r-patched-linux-x86_64 0.1.1 11.56 39.83 51.38 OK
r-patched-solaris-sparc 0.1.1 673.30 OK
r-patched-solaris-x86 0.1.1 156.90 OK
r-release-linux-ix86 0.1.1 14.39 51.82 66.21 OK
r-release-linux-x86_64 0.1.1 11.34 40.62 51.96 OK
r-release-osx-x86_64-mavericks 0.1.1 NOTE
r-release-osx-x86_64-snowleopard 0.1.1 NOTE
r-release-windows-ix86+x86_64 0.1.1 33.00 81.00 114.00 OK
r-oldrel-windows-ix86+x86_64 0.1.1 31.00 80.00 111.00 OK

Check Details

Version: 0.1.1
Check: re-building of vignette outputs
Result: NOTE
    Error in re-building vignettes:
     ...
    Error in texi2dvi(file = file, pdf = TRUE, clean = clean, quiet = quiet, :
     Running 'texi2dvi' on 'sparseHessianFD.tex' failed.
    LaTeX errors:
    ! LaTeX Error: File `appendix.sty' not found.
    
    Type X to quit or <RETURN> to proceed,
    or enter new name. (Default extension: sty)
    Calls: buildVignettes -> texi2pdf -> texi2dvi
    Execution halted
Flavors: r-release-osx-x86_64-mavericks, r-release-osx-x86_64-snowleopard