CRAN Package Check Results for Package sparseHessianFD

Last updated on 2016-12-03 15:47:44.

Flavor Version Tinstall Tcheck Ttotal Status Flags
r-devel-linux-x86_64-debian-clang 0.3.0 17.43 44.94 62.37 WARN
r-devel-linux-x86_64-debian-gcc 0.3.0 17.49 44.94 62.43 WARN
r-devel-linux-x86_64-fedora-clang 0.3.0 138.19 WARN
r-devel-linux-x86_64-fedora-gcc 0.3.0 136.79 WARN
r-devel-macos-x86_64-clang 0.3.0 100.20 WARN
r-devel-windows-ix86+x86_64 0.3.0 51.00 133.00 184.00 WARN
r-patched-linux-x86_64 0.3.0 13.64 37.91 51.55 OK
r-patched-solaris-sparc 0.3.0 606.30 OK
r-patched-solaris-x86 0.3.0 135.40 OK
r-release-linux-x86_64 0.3.0 13.73 37.80 51.53 OK
r-release-osx-x86_64-mavericks 0.3.0 OK
r-release-windows-ix86+x86_64 0.3.0 72.00 115.00 187.00 OK
r-oldrel-windows-ix86+x86_64 0.3.0 60.00 109.00 169.00 OK

Check Details

Version: 0.3.0
Check: files in ‘vignettes’
Result: WARN
    Files in the 'vignettes' directory newer than all files in 'inst/doc':
     ‘timings.pdf’
Flavors: r-devel-linux-x86_64-debian-clang, r-devel-linux-x86_64-debian-gcc, r-devel-linux-x86_64-fedora-clang, r-devel-linux-x86_64-fedora-gcc, r-devel-macos-x86_64-clang, r-devel-windows-ix86+x86_64