CRAN Package Check Results for Package sparseHessianFD

Last updated on 2014-07-30 09:47:58.

Flavor Version Tinstall Tcheck Ttotal Status Flags
r-devel-linux-x86_64-debian-clang 0.1.1 9.48 39.51 48.99 OK
r-devel-linux-x86_64-debian-gcc 0.1.1 11.39 39.58 50.97 OK
r-devel-linux-x86_64-fedora-clang 0.1.1 125.37 OK
r-devel-linux-x86_64-fedora-gcc 0.1.1 118.14 OK
r-devel-osx-x86_64-clang 0.1.1 102.27 OK
r-devel-windows-ix86+x86_64 0.1.1 36.00 80.00 116.00 OK
r-patched-linux-x86_64 0.1.1 11.21 39.49 50.70 OK
r-patched-solaris-sparc 0.1.1 616.10 OK
r-patched-solaris-x86 0.1.1 159.00 OK
r-release-linux-ix86 0.1.1 13.73 50.20 63.92 OK
r-release-linux-x86_64 0.1.1 11.51 40.68 52.18 OK
r-release-osx-x86_64-mavericks 0.1.1 NOTE
r-release-osx-x86_64-snowleopard 0.1.1 NOTE
r-release-windows-ix86+x86_64 0.1.1 29.00 82.00 111.00 OK
r-oldrel-windows-ix86+x86_64 0.1.1 33.00 82.00 115.00 OK

Check Details

Version: 0.1.1
Check: re-building of vignette outputs
Result: NOTE
    Error in re-building vignettes:
     ...
    Error in texi2dvi(file = file, pdf = TRUE, clean = clean, quiet = quiet, :
     Running 'texi2dvi' on 'sparseHessianFD.tex' failed.
    LaTeX errors:
    ! LaTeX Error: File `appendix.sty' not found.
    
    Type X to quit or <RETURN> to proceed,
    or enter new name. (Default extension: sty)
    Calls: buildVignettes -> texi2pdf -> texi2dvi
    Execution halted
Flavors: r-release-osx-x86_64-mavericks, r-release-osx-x86_64-snowleopard