CRAN Package Check Results for Package sparseLDA

Last updated on 2015-05-23 05:48:03.

Flavor Version Tinstall Tcheck Ttotal Status Flags
r-devel-linux-x86_64-debian-clang 0.1-6 0.80 52.88 53.68 NOTE
r-devel-linux-x86_64-debian-gcc 0.1-6 0.75 48.41 49.16 NOTE
r-devel-linux-x86_64-fedora-clang 0.1-6 91.97 NOTE
r-devel-linux-x86_64-fedora-gcc 0.1-6 89.10 NOTE
r-devel-osx-x86_64-clang 0.1-6 70.11 NOTE
r-devel-windows-ix86+x86_64 0.1-6 3.00 72.00 75.00 NOTE
r-patched-linux-x86_64 0.1-6 0.77 51.00 51.78 NOTE
r-patched-solaris-sparc 0.1-6 577.40 NOTE
r-patched-solaris-x86 0.1-6 138.30 NOTE
r-release-linux-x86_64 0.1-6 0.72 53.21 53.93 NOTE
r-release-osx-x86_64-mavericks 0.1-6 NOTE
r-release-osx-x86_64-snowleopard 0.1-6 NOTE
r-release-windows-ix86+x86_64 0.1-6 3.00 73.00 76.00 NOTE
r-oldrel-windows-ix86+x86_64 0.1-6 5.00 88.00 93.00 NOTE

Check Details

Version: 0.1-6
Check: dependencies in R code
Result: NOTE
    'library' or 'require' call to ‘mda’ which was already attached by Depends.
     Please remove these calls from your code.
    Packages in Depends field not imported from:
     ‘MASS’ ‘elasticnet’ ‘lars’ ‘mda’
     These packages need to be imported from (in the NAMESPACE file)
     for when this namespace is loaded but not attached.
Flavors: r-devel-linux-x86_64-debian-clang, r-devel-linux-x86_64-debian-gcc, r-devel-linux-x86_64-fedora-clang, r-devel-linux-x86_64-fedora-gcc, r-devel-osx-x86_64-clang, r-devel-windows-ix86+x86_64, r-patched-linux-x86_64, r-patched-solaris-sparc, r-patched-solaris-x86, r-release-linux-x86_64, r-release-osx-x86_64-mavericks, r-release-osx-x86_64-snowleopard, r-release-windows-ix86+x86_64, r-oldrel-windows-ix86+x86_64

Version: 0.1-6
Check: R code for possible problems
Result: NOTE
    sda.default: no visible global function definition for ‘solvebeta’
    sda.default: no visible global function definition for ‘lda’
    smda.default: no visible global function definition for ‘mda.start’
    smda.default: no visible global function definition for ‘solvebeta’
    smda.default: no visible global function definition for ‘lda’
Flavors: r-devel-linux-x86_64-debian-clang, r-devel-linux-x86_64-debian-gcc, r-devel-linux-x86_64-fedora-clang, r-devel-linux-x86_64-fedora-gcc, r-devel-osx-x86_64-clang, r-devel-windows-ix86+x86_64, r-patched-linux-x86_64, r-patched-solaris-sparc, r-patched-solaris-x86, r-release-linux-x86_64, r-release-osx-x86_64-mavericks, r-release-osx-x86_64-snowleopard, r-release-windows-ix86+x86_64, r-oldrel-windows-ix86+x86_64