CRAN Package Check Results for Package sparseLDA

Last updated on 2015-09-03 03:48:44.

Flavor Version Tinstall Tcheck Ttotal Status Flags
r-devel-linux-x86_64-debian-clang 0.1-6 0.71 50.77 51.48 NOTE
r-devel-linux-x86_64-debian-gcc 0.1-6 0.62 43.44 44.05 NOTE
r-devel-linux-x86_64-fedora-clang 0.1-6 97.99 NOTE
r-devel-linux-x86_64-fedora-gcc 0.1-6 96.32 NOTE
r-devel-osx-x86_64-clang 0.1-6 54.96 NOTE
r-devel-windows-ix86+x86_64 0.1-6 5.00 96.00 101.00 NOTE
r-patched-linux-x86_64 0.1-6 0.75 49.70 50.44 NOTE
r-patched-solaris-sparc 0.1-6 570.10 NOTE
r-patched-solaris-x86 0.1-6 140.20 NOTE
r-release-linux-x86_64 0.1-6 0.87 52.44 53.31 NOTE
r-release-osx-x86_64-mavericks 0.1-6 NOTE
r-release-windows-ix86+x86_64 0.1-6 4.00 111.00 115.00 NOTE
r-oldrel-windows-ix86+x86_64 0.1-6 7.00 79.00 86.00 NOTE

Check Details

Version: 0.1-6
Check: dependencies in R code
Result: NOTE
    'library' or 'require' call to ‘mda’ which was already attached by Depends.
     Please remove these calls from your code.
    Packages in Depends field not imported from:
     ‘MASS’ ‘elasticnet’ ‘lars’ ‘mda’
     These packages need to be imported from (in the NAMESPACE file)
     for when this namespace is loaded but not attached.
Flavors: r-devel-linux-x86_64-debian-clang, r-devel-linux-x86_64-debian-gcc, r-devel-linux-x86_64-fedora-clang, r-devel-linux-x86_64-fedora-gcc, r-devel-osx-x86_64-clang, r-devel-windows-ix86+x86_64, r-patched-linux-x86_64, r-patched-solaris-sparc, r-patched-solaris-x86, r-release-linux-x86_64, r-release-osx-x86_64-mavericks, r-release-windows-ix86+x86_64, r-oldrel-windows-ix86+x86_64

Version: 0.1-6
Check: R code for possible problems
Result: NOTE
    predict.sda: no visible global function definition for ‘predict’
    sda.default : rtheta: no visible global function definition for ‘rnorm’
    sda.default: no visible global function definition for ‘solvebeta’
    sda.default: no visible global function definition for ‘lda’
    smda.default : rtheta: no visible global function definition for
     ‘rnorm’
    smda.default: no visible global function definition for ‘mda.start’
    smda.default: no visible global function definition for ‘solvebeta’
    smda.default: no visible global function definition for ‘lda’
    Undefined global functions or variables:
     lda mda.start predict rnorm solvebeta
    Consider adding
     importFrom("stats", "predict", "rnorm")
    to your NAMESPACE.
Flavors: r-devel-linux-x86_64-debian-clang, r-devel-linux-x86_64-debian-gcc, r-devel-linux-x86_64-fedora-clang, r-devel-linux-x86_64-fedora-gcc, r-devel-windows-ix86+x86_64

Version: 0.1-6
Check: R code for possible problems
Result: NOTE
    sda.default: no visible global function definition for ‘solvebeta’
    sda.default: no visible global function definition for ‘lda’
    smda.default: no visible global function definition for ‘mda.start’
    smda.default: no visible global function definition for ‘solvebeta’
    smda.default: no visible global function definition for ‘lda’
    Undefined global functions or variables:
     lda mda.start solvebeta
Flavor: r-devel-osx-x86_64-clang

Version: 0.1-6
Check: R code for possible problems
Result: NOTE
    sda.default: no visible global function definition for ‘solvebeta’
    sda.default: no visible global function definition for ‘lda’
    smda.default: no visible global function definition for ‘mda.start’
    smda.default: no visible global function definition for ‘solvebeta’
    smda.default: no visible global function definition for ‘lda’
Flavors: r-patched-linux-x86_64, r-patched-solaris-sparc, r-patched-solaris-x86, r-release-linux-x86_64, r-release-osx-x86_64-mavericks, r-release-windows-ix86+x86_64, r-oldrel-windows-ix86+x86_64