CRAN Package Check Results for Package sparseLDA

Last updated on 2015-04-18 10:00:44.

Flavor Version Tinstall Tcheck Ttotal Status Flags
r-devel-linux-x86_64-debian-clang 0.1-6 0.72 54.08 54.80 NOTE
r-devel-linux-x86_64-debian-gcc 0.1-6 0.70 60.01 60.71 NOTE
r-devel-linux-x86_64-fedora-clang 0.1-6 87.58 NOTE
r-devel-linux-x86_64-fedora-gcc 0.1-6 86.89 NOTE
r-devel-osx-x86_64-clang 0.1-6 69.79 NOTE
r-prerel-windows-ix86+x86_64 0.1-6 6.00 73.00 79.00 NOTE
r-prerel-linux-x86_64 0.1-6 0.70 50.91 51.61 NOTE
r-prerel-solaris-sparc 0.1-6 577.10 NOTE
r-prerel-solaris-x86 0.1-6 138.00 NOTE
r-release-linux-x86_64 0.1-6 0.70 50.60 51.29 NOTE
r-release-osx-x86_64-mavericks 0.1-6 NOTE
r-release-windows-ix86+x86_64 0.1-6 4.00 93.00 97.00 NOTE
r-oldrel-windows-ix86+x86_64 0.1-6 4.00 96.00 100.00 NOTE

Check Details

Version: 0.1-6
Check: dependencies in R code
Result: NOTE
    'library' or 'require' call to ‘mda’ which was already attached by Depends.
     Please remove these calls from your code.
    Packages in Depends field not imported from:
     ‘MASS’ ‘elasticnet’ ‘lars’ ‘mda’
     These packages need to be imported from (in the NAMESPACE file)
     for when this namespace is loaded but not attached.
Flavors: r-devel-linux-x86_64-debian-clang, r-devel-linux-x86_64-debian-gcc, r-devel-linux-x86_64-fedora-clang, r-devel-linux-x86_64-fedora-gcc, r-devel-osx-x86_64-clang, r-prerel-windows-ix86+x86_64, r-prerel-linux-x86_64, r-prerel-solaris-sparc, r-prerel-solaris-x86, r-release-linux-x86_64, r-release-windows-ix86+x86_64

Version: 0.1-6
Check: R code for possible problems
Result: NOTE
    sda.default: no visible global function definition for ‘solvebeta’
    sda.default: no visible global function definition for ‘lda’
    smda.default: no visible global function definition for ‘mda.start’
    smda.default: no visible global function definition for ‘solvebeta’
    smda.default: no visible global function definition for ‘lda’
Flavors: r-devel-linux-x86_64-debian-clang, r-devel-linux-x86_64-debian-gcc, r-devel-linux-x86_64-fedora-clang, r-devel-linux-x86_64-fedora-gcc, r-devel-osx-x86_64-clang, r-prerel-windows-ix86+x86_64, r-prerel-linux-x86_64, r-prerel-solaris-sparc, r-prerel-solaris-x86, r-release-linux-x86_64, r-release-osx-x86_64-mavericks, r-release-windows-ix86+x86_64

Version: 0.1-6
Check: dependencies in R code
Result: NOTE
    'library' or 'require' call to ‘mda’ which was already attached by Depends.
     Please remove these calls from your code.
    Packages in Depends field not imported from:
     ‘MASS’ ‘elasticnet’ ‘lars’ ‘mda’
     These packages need to be imported from (in the NAMESPACE file)
     for when this namespace is loaded but not attached.
    See the information on DESCRIPTION files in the chapter ‘Creating R
    packages’ of the ‘Writing R Extensions’ manual.
Flavors: r-release-osx-x86_64-mavericks, r-oldrel-windows-ix86+x86_64