CRAN Package Check Results for Package sparseLDA

Last updated on 2014-12-17 23:47:27.

Flavor Version Tinstall Tcheck Ttotal Status Flags
r-devel-linux-x86_64-debian-clang 0.1-6 0.90 48.08 48.98 NOTE
r-devel-linux-x86_64-debian-gcc 0.1-6 0.79 49.65 50.44 NOTE
r-devel-linux-x86_64-fedora-clang 0.1-6 110.60 NOTE
r-devel-linux-x86_64-fedora-gcc 0.1-6 99.09 NOTE
r-devel-osx-x86_64-clang 0.1-6 88.43 NOTE
r-devel-windows-ix86+x86_64 0.1-6 6.00 75.00 81.00 NOTE
r-patched-linux-x86_64 0.1-6 1.03 56.75 57.78 NOTE
r-patched-solaris-sparc 0.1-6 722.20 NOTE
r-patched-solaris-x86 0.1-6 199.20 NOTE
r-release-linux-ix86 0.1-6 1.18 61.68 62.86 NOTE
r-release-linux-x86_64 0.1-6 0.84 54.23 55.07 NOTE
r-release-osx-x86_64-mavericks 0.1-6 NOTE
r-release-windows-ix86+x86_64 0.1-6 5.00 78.00 83.00 NOTE
r-oldrel-windows-ix86+x86_64 0.1-6 4.00 76.00 80.00 NOTE

Check Details

Version: 0.1-6
Check: dependencies in R code
Result: NOTE
    'library' or 'require' call to ‘mda’ which was already attached by Depends.
     Please remove these calls from your code.
    Packages in Depends field not imported from:
     ‘MASS’ ‘elasticnet’ ‘lars’ ‘mda’
     These packages need to be imported from (in the NAMESPACE file)
     for when this namespace is loaded but not attached.
    See the information on DESCRIPTION files in the chapter ‘Creating R
    packages’ of the ‘Writing R Extensions’ manual.
Flavors: r-devel-linux-x86_64-debian-clang, r-devel-linux-x86_64-debian-gcc, r-devel-linux-x86_64-fedora-clang, r-devel-linux-x86_64-fedora-gcc, r-devel-osx-x86_64-clang, r-devel-windows-ix86+x86_64, r-patched-linux-x86_64, r-patched-solaris-sparc, r-patched-solaris-x86, r-release-linux-ix86, r-release-linux-x86_64, r-release-osx-x86_64-mavericks, r-release-windows-ix86+x86_64, r-oldrel-windows-ix86+x86_64

Version: 0.1-6
Check: R code for possible problems
Result: NOTE
    sda.default: no visible global function definition for ‘solvebeta’
    sda.default: no visible global function definition for ‘lda’
    smda.default: no visible global function definition for ‘mda.start’
    smda.default: no visible global function definition for ‘solvebeta’
    smda.default: no visible global function definition for ‘lda’
Flavors: r-devel-linux-x86_64-debian-clang, r-devel-linux-x86_64-debian-gcc, r-devel-linux-x86_64-fedora-clang, r-devel-linux-x86_64-fedora-gcc, r-devel-osx-x86_64-clang, r-devel-windows-ix86+x86_64, r-patched-linux-x86_64, r-patched-solaris-sparc, r-patched-solaris-x86, r-release-linux-ix86, r-release-linux-x86_64, r-release-windows-ix86+x86_64