CRAN Package Check Results for Package sparseLDA

Last updated on 2014-07-22 15:51:58.

Flavor Version Tinstall Tcheck Ttotal Status Flags
r-devel-linux-x86_64-debian-clang 0.1-6 0.80 51.23 52.03 NOTE
r-devel-linux-x86_64-debian-gcc 0.1-6 0.78 51.11 51.89 NOTE
r-devel-linux-x86_64-fedora-clang 0.1-6 113.81 NOTE
r-devel-linux-x86_64-fedora-gcc 0.1-6 112.23 NOTE
r-devel-osx-x86_64-clang 0.1-6 87.22 NOTE
r-devel-windows-ix86+x86_64 0.1-6 4.00 81.00 85.00 NOTE
r-patched-linux-x86_64 0.1-6 0.80 59.04 59.84 NOTE
r-patched-solaris-sparc 0.1-6 699.00 NOTE
r-patched-solaris-x86 0.1-6 188.00 NOTE
r-release-linux-ix86 0.1-6 1.23 64.20 65.42 NOTE
r-release-linux-x86_64 0.1-6 1.06 57.62 58.68 NOTE
r-release-osx-x86_64-mavericks 0.1-6 NOTE
r-release-windows-ix86+x86_64 0.1-6 3.00 83.00 86.00 NOTE
r-oldrel-windows-ix86+x86_64 0.1-6 4.00 74.00 78.00 NOTE

Check Details

Version: 0.1-6
Check: dependencies in R code
Result: NOTE
    'library' or 'require' call to ‘mda’ which was already attached by Depends.
     Please remove these calls from your code.
    Packages in Depends field not imported from:
     ‘MASS’ ‘elasticnet’ ‘lars’ ‘mda’
     These packages need to be imported from (in the NAMESPACE file)
     for when this namespace is loaded but not attached.
    See the information on DESCRIPTION files in the chapter ‘Creating R
    packages’ of the ‘Writing R Extensions’ manual.
Flavors: r-devel-linux-x86_64-debian-clang, r-devel-linux-x86_64-debian-gcc, r-devel-linux-x86_64-fedora-clang, r-devel-linux-x86_64-fedora-gcc, r-devel-osx-x86_64-clang, r-devel-windows-ix86+x86_64, r-patched-linux-x86_64, r-patched-solaris-sparc, r-patched-solaris-x86, r-release-linux-ix86, r-release-linux-x86_64, r-release-osx-x86_64-mavericks, r-release-windows-ix86+x86_64, r-oldrel-windows-ix86+x86_64