CRAN Package Check Results for Package sparseLDA

Last updated on 2015-07-31 18:48:37.

Flavor Version Tinstall Tcheck Ttotal Status Flags
r-devel-linux-x86_64-debian-clang 0.1-6 0.74 62.97 63.71 NOTE
r-devel-linux-x86_64-debian-gcc 0.1-6 1.04 57.15 58.18 NOTE
r-devel-linux-x86_64-fedora-clang 0.1-6 86.30 NOTE
r-devel-linux-x86_64-fedora-gcc 0.1-6 84.37 NOTE
r-devel-osx-x86_64-clang 0.1-6 60.88 NOTE
r-devel-windows-ix86+x86_64 0.1-6 6.00 74.00 80.00 NOTE
r-patched-linux-x86_64 0.1-6 0.90 51.32 52.22 NOTE
r-patched-solaris-sparc 0.1-6 570.10 NOTE
r-patched-solaris-x86 0.1-6 136.60 NOTE
r-release-linux-x86_64 0.1-6 0.96 56.48 57.44 NOTE
r-release-osx-x86_64-mavericks 0.1-6 NOTE
r-release-windows-ix86+x86_64 0.1-6 3.00 80.00 83.00 NOTE
r-oldrel-windows-ix86+x86_64 0.1-6 5.00 88.00 93.00 NOTE

Check Details

Version: 0.1-6
Check: dependencies in R code
Result: NOTE
    'library' or 'require' call to ‘mda’ which was already attached by Depends.
     Please remove these calls from your code.
    Packages in Depends field not imported from:
     ‘MASS’ ‘elasticnet’ ‘lars’ ‘mda’
     These packages need to be imported from (in the NAMESPACE file)
     for when this namespace is loaded but not attached.
Flavors: r-devel-linux-x86_64-debian-clang, r-devel-linux-x86_64-debian-gcc, r-devel-linux-x86_64-fedora-clang, r-devel-linux-x86_64-fedora-gcc, r-devel-osx-x86_64-clang, r-devel-windows-ix86+x86_64, r-patched-linux-x86_64, r-patched-solaris-sparc, r-patched-solaris-x86, r-release-linux-x86_64, r-release-osx-x86_64-mavericks, r-release-windows-ix86+x86_64, r-oldrel-windows-ix86+x86_64

Version: 0.1-6
Check: R code for possible problems
Result: NOTE
    predict.sda: no visible global function definition for ‘predict’
    sda.default : rtheta: no visible global function definition for ‘rnorm’
    sda.default: no visible global function definition for ‘solvebeta’
    sda.default: no visible global function definition for ‘lda’
    smda.default : rtheta: no visible global function definition for
     ‘rnorm’
    smda.default: no visible global function definition for ‘mda.start’
    smda.default: no visible global function definition for ‘solvebeta’
    smda.default: no visible global function definition for ‘lda’
    Undefined global functions or variables:
     lda mda.start predict rnorm solvebeta
    Consider adding
     importFrom("stats", "predict", "rnorm")
    to your NAMESPACE.
Flavors: r-devel-linux-x86_64-debian-clang, r-devel-linux-x86_64-debian-gcc, r-devel-linux-x86_64-fedora-clang, r-devel-linux-x86_64-fedora-gcc, r-devel-windows-ix86+x86_64

Version: 0.1-6
Check: R code for possible problems
Result: NOTE
    sda.default: no visible global function definition for ‘solvebeta’
    sda.default: no visible global function definition for ‘lda’
    smda.default: no visible global function definition for ‘mda.start’
    smda.default: no visible global function definition for ‘solvebeta’
    smda.default: no visible global function definition for ‘lda’
    Undefined global functions or variables:
     lda mda.start solvebeta
Flavor: r-devel-osx-x86_64-clang

Version: 0.1-6
Check: R code for possible problems
Result: NOTE
    sda.default: no visible global function definition for ‘solvebeta’
    sda.default: no visible global function definition for ‘lda’
    smda.default: no visible global function definition for ‘mda.start’
    smda.default: no visible global function definition for ‘solvebeta’
    smda.default: no visible global function definition for ‘lda’
Flavors: r-patched-linux-x86_64, r-patched-solaris-sparc, r-patched-solaris-x86, r-release-linux-x86_64, r-release-osx-x86_64-mavericks, r-release-windows-ix86+x86_64, r-oldrel-windows-ix86+x86_64