CRAN Package Check Results for Package sparseLDA

Last updated on 2014-04-25 05:47:26.

Flavor Version Tinstall Tcheck Ttotal Status Flags
r-devel-linux-x86_64-debian-clang 0.1-6 0.86 54.92 55.78 NOTE
r-devel-linux-x86_64-debian-gcc 0.1-6 0.86 65.84 66.70 NOTE
r-devel-linux-x86_64-fedora-clang 0.1-6 113.49 NOTE
r-devel-linux-x86_64-fedora-gcc 0.1-6 101.89 NOTE
r-devel-osx-x86_64-clang 0.1-6 89.46 NOTE
r-devel-osx-x86_64-gcc 0.1-6 NOTE
r-devel-windows-ix86+x86_64 0.1-6 4.00 83.00 87.00 NOTE
r-patched-linux-x86_64 0.1-6 0.87 57.27 58.14 NOTE
r-patched-solaris-sparc 0.1-6 699.00 NOTE
r-patched-solaris-x86 0.1-6 170.70 NOTE
r-release-linux-ix86 0.1-6 2.00 80.00 82.00 NOTE
r-release-linux-x86_64 0.1-6 0.92 55.92 56.84 NOTE
r-release-osx-x86_64-mavericks 0.1-6 WARN
r-release-windows-ix86+x86_64 0.1-6 4.00 85.00 89.00 NOTE
r-oldrel-windows-ix86+x86_64 0.1-6 4.00 74.00 78.00 NOTE

Check Details

Version: 0.1-6
Check: dependencies in R code
Result: NOTE
    'library' or 'require' call to ‘mda’ which was already attached by Depends.
     Please remove these calls from your code.
    Packages in Depends field not imported from:
     ‘MASS’ ‘elasticnet’ ‘lars’ ‘mda’
     These packages need to be imported from (in the NAMESPACE file)
     for when this namespace is loaded but not attached.
    See the information on DESCRIPTION files in the chapter ‘Creating R
    packages’ of the ‘Writing R Extensions’ manual.
Flavors: r-devel-linux-x86_64-debian-clang, r-devel-linux-x86_64-debian-gcc, r-devel-linux-x86_64-fedora-clang, r-devel-linux-x86_64-fedora-gcc, r-devel-osx-x86_64-clang, r-devel-osx-x86_64-gcc, r-devel-windows-ix86+x86_64, r-patched-linux-x86_64, r-patched-solaris-sparc, r-patched-solaris-x86, r-release-linux-ix86, r-release-linux-x86_64, r-release-osx-x86_64-mavericks, r-release-windows-ix86+x86_64, r-oldrel-windows-ix86+x86_64

Version: 0.1-6
Check: PDF version of manual
Result: WARNING
    LaTeX errors when creating PDF version.
    This typically indicates Rd problems.
    LaTeX errors found:
    ! LaTeX Error: File `upquote.sty' not found.
    
    Type X to quit or <RETURN> to proceed,
    or enter new name. (Default extension: sty)
    
    6dcebdd/Rd2.tex:8: ==> Fatal error occurred, no output PDF file produced!
Flavor: r-release-osx-x86_64-mavericks