CRAN Package Check Results for Package sparseLDA

Last updated on 2014-09-17 14:47:18.

Flavor Version Tinstall Tcheck Ttotal Status Flags
r-devel-linux-x86_64-debian-clang 0.1-6 0.80 64.98 65.79 NOTE
r-devel-linux-x86_64-debian-gcc 0.1-6 0.78 64.76 65.54 NOTE
r-devel-linux-x86_64-fedora-clang 0.1-6 117.84 NOTE
r-devel-linux-x86_64-fedora-gcc 0.1-6 116.62 NOTE
r-devel-osx-x86_64-clang 0.1-6 88.15 NOTE
r-devel-windows-ix86+x86_64 0.1-6 4.00 85.00 89.00 NOTE
r-patched-linux-x86_64 0.1-6 0.87 59.96 60.83 NOTE
r-patched-solaris-sparc 0.1-6 721.60 NOTE
r-patched-solaris-x86 0.1-6 179.80 NOTE
r-release-linux-ix86 0.1-6 1.20 64.02 65.21 NOTE
r-release-linux-x86_64 0.1-6 1.14 55.34 56.48 NOTE
r-release-osx-x86_64-mavericks 0.1-6 NOTE
r-release-windows-ix86+x86_64 0.1-6 4.00 81.00 85.00 NOTE
r-oldrel-windows-ix86+x86_64 0.1-6 4.00 68.00 72.00 NOTE

Check Details

Version: 0.1-6
Check: dependencies in R code
Result: NOTE
    'library' or 'require' call to ‘mda’ which was already attached by Depends.
     Please remove these calls from your code.
    Packages in Depends field not imported from:
     ‘MASS’ ‘elasticnet’ ‘lars’ ‘mda’
     These packages need to be imported from (in the NAMESPACE file)
     for when this namespace is loaded but not attached.
    See the information on DESCRIPTION files in the chapter ‘Creating R
    packages’ of the ‘Writing R Extensions’ manual.
Flavors: r-devel-linux-x86_64-debian-clang, r-devel-linux-x86_64-debian-gcc, r-devel-linux-x86_64-fedora-clang, r-devel-linux-x86_64-fedora-gcc, r-devel-osx-x86_64-clang, r-devel-windows-ix86+x86_64, r-patched-linux-x86_64, r-patched-solaris-sparc, r-patched-solaris-x86, r-release-linux-ix86, r-release-linux-x86_64, r-release-osx-x86_64-mavericks, r-release-windows-ix86+x86_64, r-oldrel-windows-ix86+x86_64

Version: 0.1-6
Check: R code for possible problems
Result: NOTE
    sda.default: no visible global function definition for ‘solvebeta’
    sda.default: no visible global function definition for ‘lda’
    smda.default: no visible global function definition for ‘mda.start’
    smda.default: no visible global function definition for ‘solvebeta’
    smda.default: no visible global function definition for ‘lda’
Flavors: r-devel-linux-x86_64-debian-clang, r-devel-linux-x86_64-debian-gcc, r-devel-linux-x86_64-fedora-clang, r-devel-linux-x86_64-fedora-gcc, r-devel-osx-x86_64-clang, r-devel-windows-ix86+x86_64