CRAN Package Check Results for Package sparseLTSEigen

Last updated on 2016-04-29 17:48:34.

Flavor Version Tinstall Tcheck Ttotal Status Flags
r-devel-linux-x86_64-debian-gcc 0.2.0 29.57 32.03 61.60 NOTE
r-devel-linux-x86_64-fedora-clang 0.2.0 143.46 NOTE
r-devel-linux-x86_64-fedora-gcc 0.2.0 122.54 NOTE
r-devel-osx-x86_64-clang 0.2.0 107.09 OK
r-devel-windows-ix86+x86_64 0.2.0 89.00 81.00 170.00 OK
r-patched-linux-x86_64 0.2.0 30.34 32.04 62.38 NOTE
r-patched-solaris-sparc 0.2.0 633.50 OK
r-patched-solaris-x86 0.2.0 143.10 OK
r-release-linux-x86_64 0.2.0 30.58 36.03 66.61 NOTE
r-release-osx-x86_64-mavericks 0.2.0 NOTE
r-release-windows-ix86+x86_64 0.2.0 87.00 86.00 173.00 OK
r-oldrel-windows-ix86+x86_64 0.2.0 119.00 125.00 244.00 OK

Check Details

Version: 0.2.0
Check: installed package size
Result: NOTE
     installed size is 12.8Mb
     sub-directories of 1Mb or more:
     libs 12.7Mb
Flavors: r-devel-linux-x86_64-debian-gcc, r-devel-linux-x86_64-fedora-clang, r-devel-linux-x86_64-fedora-gcc, r-patched-linux-x86_64, r-release-linux-x86_64, r-release-osx-x86_64-mavericks