CRAN Package Check Results for Package sparseLTSEigen

Last updated on 2015-02-28 19:51:20.

Flavor Version Tinstall Tcheck Ttotal Status Flags
r-devel-linux-x86_64-debian-clang 0.2.0 28.89 36.41 65.30 NOTE
r-devel-linux-x86_64-debian-gcc 0.2.0 30.32 34.37 64.70 NOTE
r-devel-linux-x86_64-fedora-clang 0.2.0 139.35 NOTE
r-devel-linux-x86_64-fedora-gcc 0.2.0 129.29 NOTE
r-devel-osx-x86_64-clang 0.2.0 98.90 OK
r-devel-windows-ix86+x86_64 0.2.0 60.00 75.00 135.00 OK
r-patched-linux-x86_64 0.2.0 36.76 52.44 89.20 NOTE
r-patched-solaris-sparc 0.2.0 957.90 NOTE
r-patched-solaris-x86 0.2.0 234.10 NOTE
r-release-linux-ix86 0.2.0 35.18 59.20 94.38 NOTE
r-release-linux-x86_64 0.2.0 32.46 49.86 82.31 NOTE
r-release-osx-x86_64-mavericks 0.2.0 NOTE
r-release-osx-x86_64-snowleopard 0.2.0 NOTE
r-release-windows-ix86+x86_64 0.2.0 85.00 122.00 207.00 OK
r-oldrel-windows-ix86+x86_64 0.2.0 77.00 112.00 189.00 OK

Memtest notes: UBSAN-gcc

Check Details

Version: 0.2.0
Check: installed package size
Result: NOTE
     installed size is 13.1Mb
     sub-directories of 1Mb or more:
     libs 13.0Mb
Flavors: r-devel-linux-x86_64-debian-clang, r-devel-linux-x86_64-debian-gcc, r-devel-linux-x86_64-fedora-clang, r-devel-linux-x86_64-fedora-gcc, r-patched-linux-x86_64, r-patched-solaris-sparc, r-patched-solaris-x86, r-release-linux-ix86, r-release-linux-x86_64, r-release-osx-x86_64-mavericks, r-release-osx-x86_64-snowleopard