CRAN Package Check Results for Package sparseLTSEigen

Last updated on 2017-10-20 04:47:31.

Flavor Version Tinstall Tcheck Ttotal Status Flags
r-devel-linux-x86_64-debian-clang 0.2.0 43.53 35.26 78.80 NOTE
r-devel-linux-x86_64-debian-gcc 0.2.0 44.90 40.84 85.74 NOTE
r-devel-linux-x86_64-fedora-clang 0.2.0 176.95 NOTE
r-devel-linux-x86_64-fedora-gcc 0.2.0 173.66 NOTE
r-devel-windows-ix86+x86_64 0.2.0 151.00 90.00 241.00 OK
r-patched-linux-x86_64 0.2.0 43.67 37.26 80.92 NOTE
r-patched-solaris-x86 0.2.0 188.40 OK
r-release-linux-x86_64 0.2.0 42.79 37.66 80.45 NOTE
r-release-windows-ix86+x86_64 0.2.0 136.00 91.00 227.00 OK
r-release-osx-x86_64 0.2.0 NOTE
r-oldrel-windows-ix86+x86_64 0.2.0 163.00 109.00 272.00 OK
r-oldrel-osx-x86_64 0.2.0 NOTE

Additional issues

gcc-ASAN

Check Details

Version: 0.2.0
Check: compiled code
Result: NOTE
    File ‘sparseLTSEigen/libs/sparseLTSEigen.so’:
     Found no calls to: ‘R_registerRoutines’, ‘R_useDynamicSymbols’
    
    It is good practice to register native routines and to disable symbol
    search.
    
    See ‘Writing portable packages’ in the ‘Writing R Extensions’ manual.
Flavors: r-devel-linux-x86_64-debian-clang, r-devel-linux-x86_64-debian-gcc, r-devel-linux-x86_64-fedora-clang, r-devel-linux-x86_64-fedora-gcc, r-patched-linux-x86_64, r-release-linux-x86_64

Version: 0.2.0
Check: installed package size
Result: NOTE
     installed size is 15.8Mb
     sub-directories of 1Mb or more:
     libs 15.7Mb
Flavors: r-devel-linux-x86_64-fedora-clang, r-devel-linux-x86_64-fedora-gcc, r-release-osx-x86_64, r-oldrel-osx-x86_64