CRAN Package Check Results for Package sparseLTSEigen

Last updated on 2018-06-22 18:47:01 CEST.

Flavor Version Tinstall Tcheck Ttotal Status Flags
r-devel-linux-x86_64-debian-clang 0.2.0 62.89 66.01 128.90 NOTE
r-devel-linux-x86_64-debian-gcc 0.2.0 53.85 52.58 106.43 NOTE
r-devel-linux-x86_64-fedora-clang 0.2.0 179.52 NOTE
r-devel-linux-x86_64-fedora-gcc 0.2.0 160.97 NOTE
r-devel-windows-ix86+x86_64 0.2.0 105.00 159.00 264.00 OK
r-patched-linux-x86_64 0.2.0 59.48 55.91 115.39 NOTE
r-patched-solaris-x86 0.2.0 184.70 OK
r-release-linux-x86_64 0.2.0 60.47 56.26 116.73 NOTE
r-release-windows-ix86+x86_64 0.2.0 105.00 94.00 199.00 OK
r-release-osx-x86_64 0.2.0 NOTE
r-oldrel-windows-ix86+x86_64 0.2.0 97.00 96.00 193.00 OK
r-oldrel-osx-x86_64 0.2.0 NOTE

Check Details

Version: 0.2.0
Check: compiled code
Result: NOTE
    File ‘sparseLTSEigen/libs/sparseLTSEigen.so’:
     Found no calls to: ‘R_registerRoutines’, ‘R_useDynamicSymbols’
    
    It is good practice to register native routines and to disable symbol
    search.
    
    See ‘Writing portable packages’ in the ‘Writing R Extensions’ manual.
Flavors: r-devel-linux-x86_64-debian-clang, r-devel-linux-x86_64-debian-gcc, r-devel-linux-x86_64-fedora-clang, r-devel-linux-x86_64-fedora-gcc, r-patched-linux-x86_64, r-release-linux-x86_64

Version: 0.2.0
Check: installed package size
Result: NOTE
     installed size is 15.8Mb
     sub-directories of 1Mb or more:
     libs 15.7Mb
Flavors: r-devel-linux-x86_64-fedora-clang, r-release-osx-x86_64, r-oldrel-osx-x86_64