CRAN Package Check Results for Package sparseLTSEigen

Last updated on 2014-07-25 17:48:09.

Flavor Version Tinstall Tcheck Ttotal Status Flags
r-devel-linux-x86_64-debian-clang 0.2.0 27.55 48.54 76.09 NOTE
r-devel-linux-x86_64-debian-gcc 0.2.0 31.04 47.41 78.46 NOTE
r-devel-linux-x86_64-fedora-clang 0.2.0 179.71 NOTE
r-devel-linux-x86_64-fedora-gcc 0.2.0 172.31 NOTE
r-devel-osx-x86_64-clang 0.2.0 142.53 OK
r-devel-windows-ix86+x86_64 0.2.0 73.00 101.00 174.00 OK
r-patched-linux-x86_64 0.2.0 30.82 48.31 79.14 NOTE
r-patched-solaris-sparc 0.2.0 893.20 NOTE
r-patched-solaris-x86 0.2.0 229.00 NOTE
r-release-linux-ix86 0.2.0 35.36 61.79 97.16 NOTE
r-release-linux-x86_64 0.2.0 30.85 51.48 82.32 NOTE
r-release-osx-x86_64-mavericks 0.2.0 NOTE
r-release-osx-x86_64-snowleopard 0.2.0 NOTE
r-release-windows-ix86+x86_64 0.2.0 79.00 105.00 184.00 OK
r-oldrel-windows-ix86+x86_64 0.2.0 83.00 108.00 191.00 OK

Check Details

Version: 0.2.0
Check: installed package size
Result: NOTE
     installed size is 11.4Mb
     sub-directories of 1Mb or more:
     libs 11.3Mb
Flavors: r-devel-linux-x86_64-debian-clang, r-devel-linux-x86_64-debian-gcc, r-devel-linux-x86_64-fedora-clang, r-devel-linux-x86_64-fedora-gcc, r-patched-linux-x86_64, r-patched-solaris-sparc, r-patched-solaris-x86, r-release-linux-ix86, r-release-linux-x86_64, r-release-osx-x86_64-mavericks, r-release-osx-x86_64-snowleopard