CRAN Package Check Results for Package sparseLTSEigen

Last updated on 2016-08-25 23:48:32.

Flavor Version Tinstall Tcheck Ttotal Status Flags
r-devel-linux-x86_64-debian-clang 0.2.0 35.67 34.60 70.28 NOTE
r-devel-linux-x86_64-debian-gcc 0.2.0 34.68 33.78 68.46 NOTE
r-devel-linux-x86_64-fedora-clang 0.2.0 151.62 NOTE
r-devel-linux-x86_64-fedora-gcc 0.2.0 134.84 NOTE
r-devel-osx-x86_64-clang 0.2.0 101.41 OK
r-devel-windows-ix86+x86_64 0.2.0 114.00 76.00 190.00 OK
r-patched-linux-x86_64 0.2.0 29.84 33.18 63.02 NOTE
r-patched-solaris-sparc 0.2.0 647.00 OK
r-patched-solaris-x86 0.2.0 149.40 OK
r-release-linux-x86_64 0.2.0 30.50 32.66 63.16 NOTE
r-release-osx-x86_64-mavericks 0.2.0 NOTE
r-release-windows-ix86+x86_64 0.2.0 83.00 70.00 153.00 OK
r-oldrel-windows-ix86+x86_64 0.2.0 80.00 87.00 167.00 OK

Check Details

Version: 0.2.0
Check: installed package size
Result: NOTE
     installed size is 12.8Mb
     sub-directories of 1Mb or more:
     libs 12.7Mb
Flavors: r-devel-linux-x86_64-debian-clang, r-devel-linux-x86_64-debian-gcc, r-devel-linux-x86_64-fedora-clang, r-devel-linux-x86_64-fedora-gcc, r-patched-linux-x86_64, r-release-linux-x86_64, r-release-osx-x86_64-mavericks