CRAN Package Check Results for Package sparseLTSEigen

Last updated on 2017-08-24 02:48:40.

Flavor Version Tinstall Tcheck Ttotal Status Flags
r-devel-linux-x86_64-debian-clang 0.2.0 44.27 35.22 79.49 NOTE
r-devel-linux-x86_64-debian-gcc 0.2.0 43.40 38.16 81.56 NOTE
r-devel-linux-x86_64-fedora-clang 0.2.0 174.90 NOTE
r-devel-linux-x86_64-fedora-gcc 0.2.0 163.94 NOTE
r-devel-windows-ix86+x86_64 0.2.0 101.00 84.00 185.00 OK
r-patched-linux-x86_64 0.2.0 43.67 36.25 79.92 NOTE
r-patched-solaris-x86 0.2.0 187.40 OK
r-release-linux-x86_64 0.2.0 44.85 36.76 81.61 NOTE
r-release-windows-ix86+x86_64 0.2.0 112.00 91.00 203.00 OK
r-release-osx-x86_64 0.2.0 NOTE
r-oldrel-windows-ix86+x86_64 0.2.0 144.00 110.00 254.00 OK
r-oldrel-osx-x86_64 0.2.0 NOTE

Check Details

Version: 0.2.0
Check: compiled code
Result: NOTE
    File ‘sparseLTSEigen/libs/sparseLTSEigen.so’:
     Found no calls to: ‘R_registerRoutines’, ‘R_useDynamicSymbols’
    
    It is good practice to register native routines and to disable symbol
    search.
    
    See ‘Writing portable packages’ in the ‘Writing R Extensions’ manual.
Flavors: r-devel-linux-x86_64-debian-clang, r-devel-linux-x86_64-debian-gcc, r-devel-linux-x86_64-fedora-clang, r-devel-linux-x86_64-fedora-gcc, r-patched-linux-x86_64, r-release-linux-x86_64

Version: 0.2.0
Check: installed package size
Result: NOTE
     installed size is 15.8Mb
     sub-directories of 1Mb or more:
     libs 15.7Mb
Flavors: r-devel-linux-x86_64-fedora-clang, r-devel-linux-x86_64-fedora-gcc, r-release-osx-x86_64, r-oldrel-osx-x86_64