CRAN Package Check Results for Package sparseLTSEigen

Last updated on 2014-04-24 19:54:09.

Flavor Version Tinstall Tcheck Ttotal Status Flags
r-devel-linux-x86_64-debian-clang 0.2.0 26.54 51.59 78.13 NOTE
r-devel-linux-x86_64-debian-gcc 0.2.0 31.91 51.60 83.51 NOTE
r-devel-linux-x86_64-fedora-clang 0.2.0 178.90 NOTE
r-devel-linux-x86_64-fedora-gcc 0.2.0 174.30 NOTE
r-devel-osx-x86_64-clang 0.2.0 156.61 OK
r-devel-osx-x86_64-gcc 0.2.0 ERROR
r-devel-windows-ix86+x86_64 0.2.0 68.00 104.00 172.00 OK
r-patched-linux-x86_64 0.2.0 31.31 52.65 83.96 NOTE
r-patched-solaris-sparc 0.2.0 961.00 NOTE
r-patched-solaris-x86 0.2.0 232.60 NOTE
r-release-linux-ix86 0.2.0 43.00 89.00 132.00 NOTE
r-release-linux-x86_64 0.2.0 31.20 52.44 83.65 NOTE
r-release-osx-x86_64-mavericks 0.2.0 WARN
r-release-osx-x86_64-snowleopard 0.2.0 NOTE
r-release-windows-ix86+x86_64 0.2.0 81.00 108.00 189.00 OK
r-oldrel-windows-ix86+x86_64 0.2.0 83.00 113.00 196.00 OK

Check Details

Version: 0.2.0
Check: installed package size
Result: NOTE
     installed size is 11.3Mb
     sub-directories of 1Mb or more:
     libs 11.2Mb
Flavors: r-devel-linux-x86_64-debian-clang, r-devel-linux-x86_64-debian-gcc, r-devel-linux-x86_64-fedora-clang, r-devel-linux-x86_64-fedora-gcc, r-patched-linux-x86_64, r-patched-solaris-sparc, r-patched-solaris-x86, r-release-linux-ix86, r-release-linux-x86_64, r-release-osx-x86_64-mavericks, r-release-osx-x86_64-snowleopard

Version: 0.2.0
Check: package dependencies
Result: ERROR
    Package required but not available: ‘robustHD’
    
    See the information on DESCRIPTION files in the chapter ‘Creating R
    packages’ of the ‘Writing R Extensions’ manual.
Flavor: r-devel-osx-x86_64-gcc

Version: 0.2.0
Check: PDF version of manual
Result: WARNING
    LaTeX errors when creating PDF version.
    This typically indicates Rd problems.
    LaTeX errors found:
    ! LaTeX Error: File `upquote.sty' not found.
    
    Type X to quit or <RETURN> to proceed,
    or enter new name. (Default extension: sty)
    
    2ee70e3/Rd2.tex:8: ==> Fatal error occurred, no output PDF file produced!
Flavor: r-release-osx-x86_64-mavericks