CRAN Package Check Results for Package sparseLTSEigen

Last updated on 2016-09-25 18:48:19.

Flavor Version Tinstall Tcheck Ttotal Status Flags
r-devel-linux-x86_64-debian-clang 0.2.0 35.48 28.44 63.92 NOTE
r-devel-linux-x86_64-debian-gcc 0.2.0 34.17 28.40 62.57 NOTE
r-devel-linux-x86_64-fedora-clang 0.2.0 146.89 NOTE
r-devel-linux-x86_64-fedora-gcc 0.2.0 134.39 NOTE
r-devel-macos-x86_64-clang 0.2.0 98.48 OK
r-devel-windows-ix86+x86_64 0.2.0 88.00 167.00 255.00 OK
r-patched-linux-x86_64 0.2.0 29.89 29.64 59.52 NOTE
r-patched-solaris-sparc 0.2.0 647.00 OK
r-patched-solaris-x86 0.2.0 141.60 OK
r-release-linux-x86_64 0.2.0 30.58 31.78 62.36 NOTE
r-release-osx-x86_64-mavericks 0.2.0 NOTE
r-release-windows-ix86+x86_64 0.2.0 87.00 128.00 215.00 OK
r-oldrel-windows-ix86+x86_64 0.2.0 122.00 109.00 231.00 OK

Check Details

Version: 0.2.0
Check: installed package size
Result: NOTE
     installed size is 12.8Mb
     sub-directories of 1Mb or more:
     libs 12.7Mb
Flavors: r-devel-linux-x86_64-debian-clang, r-devel-linux-x86_64-debian-gcc, r-devel-linux-x86_64-fedora-clang, r-devel-linux-x86_64-fedora-gcc, r-patched-linux-x86_64, r-release-linux-x86_64, r-release-osx-x86_64-mavericks