CRAN Package Check Results for Package sparseLTSEigen

Last updated on 2014-11-23 19:47:57.

Flavor Version Tinstall Tcheck Ttotal Status Flags
r-devel-linux-x86_64-debian-clang 0.2.0 29.62 48.66 78.28 NOTE
r-devel-linux-x86_64-debian-gcc 0.2.0 30.48 47.02 77.50 NOTE
r-devel-linux-x86_64-fedora-clang 0.2.0 182.65 NOTE
r-devel-linux-x86_64-fedora-gcc 0.2.0 173.98 NOTE
r-devel-osx-x86_64-clang 0.2.0 143.12 OK
r-devel-windows-ix86+x86_64 0.2.0 75.00 104.00 179.00 OK
r-patched-linux-x86_64 0.2.0 31.24 49.68 80.93 NOTE
r-patched-solaris-sparc 0.2.0 980.50 NOTE
r-patched-solaris-x86 0.2.0 229.70 NOTE
r-release-linux-ix86 0.2.0 35.34 59.02 94.36 NOTE
r-release-linux-x86_64 0.2.0 31.25 49.46 80.71 NOTE
r-release-osx-x86_64-mavericks 0.2.0 NOTE
r-release-osx-x86_64-snowleopard 0.2.0 NOTE
r-release-windows-ix86+x86_64 0.2.0 77.00 113.00 190.00 OK
r-oldrel-windows-ix86+x86_64 0.2.0 70.00 119.00 189.00 OK

Memtest notes: UBSAN-gcc

Check Details

Version: 0.2.0
Check: installed package size
Result: NOTE
     installed size is 12.2Mb
     sub-directories of 1Mb or more:
     libs 12.1Mb
Flavors: r-devel-linux-x86_64-debian-clang, r-devel-linux-x86_64-debian-gcc, r-devel-linux-x86_64-fedora-clang, r-devel-linux-x86_64-fedora-gcc, r-patched-linux-x86_64, r-patched-solaris-sparc, r-patched-solaris-x86, r-release-linux-ix86, r-release-linux-x86_64, r-release-osx-x86_64-mavericks, r-release-osx-x86_64-snowleopard