CRAN Package Check Results for Package sparseLTSEigen

Last updated on 2014-10-24 11:47:26.

Flavor Version Tinstall Tcheck Ttotal Status Flags
r-devel-linux-x86_64-debian-clang 0.2.0 28.78 48.16 76.94 NOTE
r-devel-linux-x86_64-debian-gcc 0.2.0 31.28 47.24 78.52 NOTE
r-devel-linux-x86_64-fedora-clang 0.2.0 183.09 NOTE
r-devel-linux-x86_64-fedora-gcc 0.2.0 168.59 NOTE
r-devel-osx-x86_64-clang 0.2.0 137.87 OK
r-devel-windows-ix86+x86_64 0.2.0 78.00 100.00 178.00 OK
r-patched-linux-x86_64 0.2.0 34.08 48.67 82.75 NOTE
r-patched-solaris-sparc 0.2.0 980.50 NOTE
r-patched-solaris-x86 0.2.0 228.50 NOTE
r-release-linux-ix86 0.2.0 36.18 62.23 98.41 NOTE
r-release-linux-x86_64 0.2.0 31.51 51.01 82.52 NOTE
r-release-osx-x86_64-mavericks 0.2.0 NOTE
r-release-osx-x86_64-snowleopard 0.2.0 NOTE
r-release-windows-ix86+x86_64 0.2.0 82.00 106.00 188.00 OK
r-oldrel-windows-ix86+x86_64 0.2.0 75.00 109.00 184.00 OK

Memtest notes: UBSAN-gcc

Check Details

Version: 0.2.0
Check: installed package size
Result: NOTE
     installed size is 12.2Mb
     sub-directories of 1Mb or more:
     libs 12.1Mb
Flavors: r-devel-linux-x86_64-debian-clang, r-devel-linux-x86_64-debian-gcc, r-devel-linux-x86_64-fedora-clang, r-devel-linux-x86_64-fedora-gcc, r-patched-linux-x86_64, r-patched-solaris-sparc, r-patched-solaris-x86, r-release-linux-ix86, r-release-linux-x86_64, r-release-osx-x86_64-mavericks, r-release-osx-x86_64-snowleopard