CRAN Package Check Results for Package sparseLTSEigen

Last updated on 2014-12-19 08:48:42.

Flavor Version Tinstall Tcheck Ttotal Status Flags
r-devel-linux-x86_64-debian-clang 0.2.0 28.98 48.09 77.08 NOTE
r-devel-linux-x86_64-debian-gcc 0.2.0 30.86 48.25 79.11 NOTE
r-devel-linux-x86_64-fedora-clang 0.2.0 185.49 NOTE
r-devel-linux-x86_64-fedora-gcc 0.2.0 161.14 NOTE
r-devel-osx-x86_64-clang 0.2.0 130.34 OK
r-devel-windows-ix86+x86_64 0.2.0 72.00 105.00 177.00 OK
r-patched-linux-x86_64 0.2.0 31.64 49.00 80.65 NOTE
r-patched-solaris-sparc 0.2.0 980.50 NOTE
r-patched-solaris-x86 0.2.0 226.90 NOTE
r-release-linux-ix86 0.2.0 34.20 58.66 92.86 NOTE
r-release-linux-x86_64 0.2.0 32.28 49.41 81.69 NOTE
r-release-osx-x86_64-mavericks 0.2.0 NOTE
r-release-osx-x86_64-snowleopard 0.2.0 NOTE
r-release-windows-ix86+x86_64 0.2.0 69.00 112.00 181.00 OK
r-oldrel-windows-ix86+x86_64 0.2.0 70.00 112.00 182.00 OK

Memtest notes: UBSAN-gcc

Check Details

Version: 0.2.0
Check: installed package size
Result: NOTE
     installed size is 12.2Mb
     sub-directories of 1Mb or more:
     libs 12.1Mb
Flavors: r-devel-linux-x86_64-debian-clang, r-devel-linux-x86_64-debian-gcc, r-devel-linux-x86_64-fedora-clang, r-devel-linux-x86_64-fedora-gcc, r-patched-linux-x86_64, r-patched-solaris-sparc, r-patched-solaris-x86, r-release-linux-ix86, r-release-linux-x86_64, r-release-osx-x86_64-mavericks, r-release-osx-x86_64-snowleopard