CRAN Package Check Results for Package sparseLTSEigen

Last updated on 2017-01-22 23:48:47.

Flavor Version Tinstall Tcheck Ttotal Status Flags
r-devel-linux-x86_64-debian-clang 0.2.0 35.63 33.11 68.75 OK
r-devel-linux-x86_64-debian-gcc 0.2.0 35.25 34.14 69.39 OK
r-devel-linux-x86_64-fedora-clang 0.2.0 151.43 NOTE --no-stop-on-test-error
r-devel-linux-x86_64-fedora-gcc 0.2.0 137.53 NOTE --no-stop-on-test-error
r-devel-macos-x86_64-clang 0.2.0 108.14 OK --no-stop-on-test-error
r-devel-windows-ix86+x86_64 0.2.0 83.00 88.00 171.00 OK
r-patched-linux-x86_64 0.2.0 30.40 31.59 61.99 OK
r-patched-solaris-sparc 0.2.0 640.60 OK
r-patched-solaris-x86 0.2.0 146.30 OK
r-release-linux-x86_64 0.2.0 29.27 29.79 59.06 OK
r-release-osx-x86_64-mavericks 0.2.0 NOTE
r-release-windows-ix86+x86_64 0.2.0 173.00 104.00 277.00 OK
r-oldrel-windows-ix86+x86_64 0.2.0 128.00 181.00 309.00 OK

Check Details

Version: 0.2.0
Flags: --no-stop-on-test-error
Check: installed package size
Result: NOTE
     installed size is 12.9Mb
     sub-directories of 1Mb or more:
     libs 12.8Mb
Flavors: r-devel-linux-x86_64-fedora-clang, r-devel-linux-x86_64-fedora-gcc

Version: 0.2.0
Check: installed package size
Result: NOTE
     installed size is 12.6Mb
     sub-directories of 1Mb or more:
     libs 12.5Mb
Flavor: r-release-osx-x86_64-mavericks