CRAN Package Check Results for Package sparseLTSEigen

Last updated on 2017-03-27 03:50:09.

Flavor Version Tinstall Tcheck Ttotal Status Flags
r-devel-linux-x86_64-debian-clang 0.2.0 37.65 35.16 72.81 NOTE
r-devel-linux-x86_64-debian-gcc 0.2.0 36.37 33.70 70.07 NOTE
r-devel-linux-x86_64-fedora-clang 0.2.0 193.02 NOTE --no-stop-on-test-error
r-devel-linux-x86_64-fedora-gcc 0.2.0 152.94 NOTE --no-stop-on-test-error
r-devel-macos-x86_64-clang 0.2.0 109.26 NOTE --no-stop-on-test-error
r-devel-windows-ix86+x86_64 0.2.0 100.00 109.00 209.00 OK
r-patched-linux-x86_64 0.2.0 29.49 34.23 63.72 NOTE
r-patched-solaris-sparc 0.2.0 690.30 OK
r-patched-solaris-x86 0.2.0 182.30 OK
r-release-linux-x86_64 0.2.0 29.66 30.56 60.21 OK
r-release-osx-x86_64-mavericks 0.2.0 NOTE
r-release-windows-ix86+x86_64 0.2.0 125.00 89.00 214.00 OK
r-oldrel-windows-ix86+x86_64 0.2.0 90.00 86.00 176.00 OK

Check Details

Version: 0.2.0
Check: compiled code
Result: NOTE
    File ‘sparseLTSEigen/libs/sparseLTSEigen.so’:
     Found no calls to: ‘R_registerRoutines’, ‘R_useDynamicSymbols’
    
    It is good practice to register native routines and to disable symbol
    search.
    
    See ‘Writing portable packages’ in the ‘Writing R Extensions’ manual.
Flavors: r-devel-linux-x86_64-debian-clang, r-devel-linux-x86_64-debian-gcc, r-patched-linux-x86_64

Version: 0.2.0
Flags: --no-stop-on-test-error
Check: installed package size
Result: NOTE
     installed size is 12.5Mb
     sub-directories of 1Mb or more:
     libs 12.4Mb
Flavors: r-devel-linux-x86_64-fedora-clang, r-devel-linux-x86_64-fedora-gcc

Version: 0.2.0
Flags: --no-stop-on-test-error
Check: compiled code
Result: NOTE
    File ‘sparseLTSEigen/libs/sparseLTSEigen.so’:
     Found no calls to: ‘R_registerRoutines’, ‘R_useDynamicSymbols’
    
    It is good practice to register native routines and to disable symbol
    search.
    
    See ‘Writing portable packages’ in the ‘Writing R Extensions’ manual.
Flavors: r-devel-linux-x86_64-fedora-clang, r-devel-linux-x86_64-fedora-gcc, r-devel-macos-x86_64-clang

Version: 0.2.0
Check: installed package size
Result: NOTE
     installed size is 12.6Mb
     sub-directories of 1Mb or more:
     libs 12.5Mb
Flavor: r-release-osx-x86_64-mavericks