CRAN Package Check Results for Package sparseLTSEigen

Last updated on 2015-07-05 03:47:46.

Flavor Version Tinstall Tcheck Ttotal Status Flags
r-devel-linux-x86_64-debian-clang 0.2.0 30.09 37.28 67.37 NOTE
r-devel-linux-x86_64-debian-gcc 0.2.0 33.60 37.22 70.82 NOTE
r-devel-linux-x86_64-fedora-clang 0.2.0 143.95 NOTE
r-devel-linux-x86_64-fedora-gcc 0.2.0 134.56 NOTE
r-devel-osx-x86_64-clang 0.2.0 92.86 OK
r-devel-windows-ix86+x86_64 0.2.0 98.00 88.00 186.00 OK
r-patched-linux-x86_64 0.2.0 30.92 36.51 67.43 NOTE
r-patched-solaris-sparc 0.2.0 790.20 NOTE
r-patched-solaris-x86 0.2.0 188.00 NOTE
r-release-linux-x86_64 0.2.0 32.03 36.59 68.62 NOTE
r-release-osx-x86_64-mavericks 0.2.0 NOTE
r-release-windows-ix86+x86_64 0.2.0 116.00 89.00 205.00 OK
r-oldrel-windows-ix86+x86_64 0.2.0 89.00 126.00 215.00 OK

Memtest notes: UBSAN-gcc

Check Details

Version: 0.2.0
Check: installed package size
Result: NOTE
     installed size is 12.9Mb
     sub-directories of 1Mb or more:
     libs 12.7Mb
Flavors: r-devel-linux-x86_64-debian-clang, r-devel-linux-x86_64-debian-gcc, r-devel-linux-x86_64-fedora-clang, r-devel-linux-x86_64-fedora-gcc, r-patched-linux-x86_64, r-patched-solaris-sparc, r-patched-solaris-x86, r-release-linux-x86_64, r-release-osx-x86_64-mavericks