CRAN Package Check Results for Package sparseLTSEigen

Last updated on 2017-12-11 02:49:01 CET.

Flavor Version Tinstall Tcheck Ttotal Status Flags
r-devel-linux-x86_64-debian-clang 0.2.0 54.89 44.25 99.14 NOTE
r-devel-linux-x86_64-debian-gcc 0.2.0 48.91 40.93 89.84 NOTE
r-devel-linux-x86_64-fedora-clang 0.2.0 160.98 NOTE
r-devel-linux-x86_64-fedora-gcc 0.2.0 158.98 NOTE
r-devel-windows-ix86+x86_64 0.2.0 151.00 90.00 241.00 OK
r-patched-linux-x86_64 0.2.0 55.33 57.78 113.11 NOTE
r-patched-solaris-x86 0.2.0 189.90 OK
r-release-linux-x86_64 0.2.0 60.20 57.31 117.51 NOTE
r-release-windows-ix86+x86_64 0.2.0 114.00 97.00 211.00 OK
r-release-osx-x86_64 0.2.0 NOTE
r-oldrel-windows-ix86+x86_64 0.2.0 99.00 90.00 189.00 OK
r-oldrel-osx-x86_64 0.2.0 NOTE

Additional issues

gcc-ASAN

Check Details

Version: 0.2.0
Check: compiled code
Result: NOTE
    File ‘sparseLTSEigen/libs/sparseLTSEigen.so’:
     Found no calls to: ‘R_registerRoutines’, ‘R_useDynamicSymbols’
    
    It is good practice to register native routines and to disable symbol
    search.
    
    See ‘Writing portable packages’ in the ‘Writing R Extensions’ manual.
Flavors: r-devel-linux-x86_64-debian-clang, r-devel-linux-x86_64-debian-gcc, r-devel-linux-x86_64-fedora-clang, r-devel-linux-x86_64-fedora-gcc, r-patched-linux-x86_64, r-release-linux-x86_64

Version: 0.2.0
Check: installed package size
Result: NOTE
     installed size is 15.8Mb
     sub-directories of 1Mb or more:
     libs 15.7Mb
Flavors: r-devel-linux-x86_64-fedora-clang, r-devel-linux-x86_64-fedora-gcc, r-release-osx-x86_64, r-oldrel-osx-x86_64