CRAN Package Check Results for Package sparseLTSEigen

Last updated on 2017-06-23 20:48:52.

Flavor Version Tinstall Tcheck Ttotal Status Flags
r-devel-linux-x86_64-debian-clang 0.2.0 43.45 34.87 78.32 NOTE
r-devel-linux-x86_64-debian-gcc 0.2.0 42.44 35.03 77.47 NOTE
r-devel-linux-x86_64-fedora-clang 0.2.0 175.32 NOTE
r-devel-linux-x86_64-fedora-gcc 0.2.0 166.74 NOTE
r-devel-windows-ix86+x86_64 0.2.0 154.00 128.00 282.00 OK
r-patched-linux-x86_64 0.2.0 36.47 35.49 71.96 NOTE
r-patched-solaris-sparc 0.2.0 690.30 OK
r-patched-solaris-x86 0.2.0 186.30 OK
r-release-linux-x86_64 0.2.0 37.24 35.08 72.31 NOTE
r-release-windows-ix86+x86_64 0.2.0 113.00 118.00 231.00 OK
r-release-osx-x86_64 0.2.0 NOTE
r-oldrel-windows-ix86+x86_64 0.2.0 143.00 123.00 266.00 OK
r-oldrel-osx-x86_64 0.2.0 NOTE

Check Details

Version: 0.2.0
Check: compiled code
Result: NOTE
    File ‘sparseLTSEigen/libs/sparseLTSEigen.so’:
     Found no calls to: ‘R_registerRoutines’, ‘R_useDynamicSymbols’
    
    It is good practice to register native routines and to disable symbol
    search.
    
    See ‘Writing portable packages’ in the ‘Writing R Extensions’ manual.
Flavors: r-devel-linux-x86_64-debian-clang, r-devel-linux-x86_64-debian-gcc, r-devel-linux-x86_64-fedora-clang, r-devel-linux-x86_64-fedora-gcc, r-patched-linux-x86_64, r-release-linux-x86_64

Version: 0.2.0
Check: installed package size
Result: NOTE
     installed size is 15.7Mb
     sub-directories of 1Mb or more:
     libs 15.6Mb
Flavors: r-devel-linux-x86_64-fedora-clang, r-devel-linux-x86_64-fedora-gcc, r-release-osx-x86_64, r-oldrel-osx-x86_64