CRAN Package Check Results for Package sparseLTSEigen

Last updated on 2016-12-10 23:49:03.

Flavor Version Tinstall Tcheck Ttotal Status Flags
r-devel-linux-x86_64-debian-clang 0.2.0 36.20 34.16 70.36 OK
r-devel-linux-x86_64-debian-gcc 0.2.0 34.80 34.72 69.52 OK
r-devel-linux-x86_64-fedora-clang 0.2.0 159.47 NOTE --no-stop-on-test-error
r-devel-linux-x86_64-fedora-gcc 0.2.0 149.07 NOTE --no-stop-on-test-error
r-devel-macos-x86_64-clang 0.2.0 108.23 OK --no-stop-on-test-error
r-devel-windows-ix86+x86_64 0.2.0 90.00 117.00 207.00 OK
r-patched-linux-x86_64 0.2.0 28.91 30.29 59.20 OK
r-patched-solaris-sparc 0.2.0 660.90 OK
r-patched-solaris-x86 0.2.0 144.60 OK
r-release-linux-x86_64 0.2.0 29.74 29.78 59.52 OK
r-release-osx-x86_64-mavericks 0.2.0 NOTE
r-release-windows-ix86+x86_64 0.2.0 124.00 72.00 196.00 OK
r-oldrel-windows-ix86+x86_64 0.2.0 118.00 87.00 205.00 OK

Check Details

Version: 0.2.0
Flags: --no-stop-on-test-error
Check: installed package size
Result: NOTE
     installed size is 12.9Mb
     sub-directories of 1Mb or more:
     libs 12.8Mb
Flavors: r-devel-linux-x86_64-fedora-clang, r-devel-linux-x86_64-fedora-gcc

Version: 0.2.0
Check: installed package size
Result: NOTE
     installed size is 12.6Mb
     sub-directories of 1Mb or more:
     libs 12.5Mb
Flavor: r-release-osx-x86_64-mavericks