CRAN Package Check Results for Package sparseLTSEigen

Last updated on 2017-02-24 23:52:55.

Flavor Version Tinstall Tcheck Ttotal Status Flags
r-devel-linux-x86_64-debian-clang 0.2.0 36.50 34.72 71.23 NOTE
r-devel-linux-x86_64-debian-gcc 0.2.0 35.19 34.22 69.41 NOTE
r-devel-linux-x86_64-fedora-clang 0.2.0 162.98 NOTE --no-stop-on-test-error
r-devel-linux-x86_64-fedora-gcc 0.2.0 185.15 NOTE --no-stop-on-test-error
r-devel-macos-x86_64-clang 0.2.0 110.07 NOTE --no-stop-on-test-error
r-devel-windows-ix86+x86_64 0.2.0 131.00 124.00 255.00 OK
r-patched-linux-x86_64 0.2.0 29.70 30.94 60.64 OK
r-patched-solaris-sparc 0.2.0 640.60 OK
r-patched-solaris-x86 0.2.0 158.50 OK
r-release-linux-x86_64 0.2.0 30.04 31.33 61.38 OK
r-release-osx-x86_64-mavericks 0.2.0 NOTE
r-release-windows-ix86+x86_64 0.2.0 125.00 120.00 245.00 OK
r-oldrel-windows-ix86+x86_64 0.2.0 113.00 123.00 236.00 OK

Check Details

Version: 0.2.0
Check: compiled code
Result: NOTE
    File ‘sparseLTSEigen/libs/sparseLTSEigen.so’:
     Found no calls to: ‘R_registerRoutines’, ‘R_useDynamicSymbols’
    
    It is good practice to register native routines and to disable symbol
    search.
    
    See ‘Writing portable packages’ in the ‘Writing R Extensions’ manual.
Flavors: r-devel-linux-x86_64-debian-clang, r-devel-linux-x86_64-debian-gcc

Version: 0.2.0
Flags: --no-stop-on-test-error
Check: installed package size
Result: NOTE
     installed size is 12.9Mb
     sub-directories of 1Mb or more:
     libs 12.8Mb
Flavors: r-devel-linux-x86_64-fedora-clang, r-devel-linux-x86_64-fedora-gcc

Version: 0.2.0
Flags: --no-stop-on-test-error
Check: compiled code
Result: NOTE
    File ‘sparseLTSEigen/libs/sparseLTSEigen.so’:
     Found no calls to: ‘R_registerRoutines’, ‘R_useDynamicSymbols’
    
    It is good practice to register native routines and to disable symbol
    search.
    
    See ‘Writing portable packages’ in the ‘Writing R Extensions’ manual.
Flavors: r-devel-linux-x86_64-fedora-clang, r-devel-linux-x86_64-fedora-gcc, r-devel-macos-x86_64-clang

Version: 0.2.0
Check: installed package size
Result: NOTE
     installed size is 12.6Mb
     sub-directories of 1Mb or more:
     libs 12.5Mb
Flavor: r-release-osx-x86_64-mavericks