CRAN Package Check Results for Package sparseLTSEigen

Last updated on 2015-04-26 17:47:52.

Flavor Version Tinstall Tcheck Ttotal Status Flags
r-devel-linux-x86_64-debian-clang 0.2.0 29.33 35.86 65.18 NOTE
r-devel-linux-x86_64-debian-gcc 0.2.0 31.60 34.80 66.40 NOTE
r-devel-linux-x86_64-fedora-clang 0.2.0 143.92 NOTE
r-devel-linux-x86_64-fedora-gcc 0.2.0 132.26 NOTE
r-devel-osx-x86_64-clang 0.2.0 106.09 OK
r-devel-windows-ix86+x86_64 0.2.0 90.00 79.00 169.00 OK
r-patched-linux-x86_64 0.2.0 31.10 34.89 65.99 NOTE
r-patched-solaris-sparc 0.2.0 782.60 NOTE
r-patched-solaris-x86 0.2.0 179.60 NOTE
r-release-linux-x86_64 0.2.0 30.79 34.92 65.72 NOTE
r-release-osx-x86_64-mavericks 0.2.0 NOTE
r-release-osx-x86_64-snowleopard 0.2.0 ERROR
r-release-windows-ix86+x86_64 0.2.0 85.00 82.00 167.00 OK
r-oldrel-windows-ix86+x86_64 0.2.0 84.00 115.00 199.00 OK

Memtest notes: UBSAN-gcc

Check Details

Version: 0.2.0
Check: installed package size
Result: NOTE
     installed size is 12.9Mb
     sub-directories of 1Mb or more:
     libs 12.8Mb
Flavors: r-devel-linux-x86_64-fedora-clang, r-devel-linux-x86_64-fedora-gcc, r-patched-solaris-sparc, r-patched-solaris-x86, r-release-osx-x86_64-mavericks

Version: 0.2.0
Check: package dependencies
Result: ERROR
    Package required but not available: ‘robustHD’
    
    See section ‘The DESCRIPTION file’ in the ‘Writing R Extensions’
    manual.
Flavor: r-release-osx-x86_64-snowleopard