CRAN Package Check Results for Package sparseLTSEigen

Last updated on 2016-07-30 08:48:32.

Flavor Version Tinstall Tcheck Ttotal Status Flags
r-devel-linux-x86_64-debian-clang 0.2.0 38.89 34.24 73.12 NOTE
r-devel-linux-x86_64-debian-gcc 0.2.0 38.35 34.01 72.36 NOTE
r-devel-linux-x86_64-fedora-clang 0.2.0 163.42 NOTE
r-devel-linux-x86_64-fedora-gcc 0.2.0 130.29 NOTE
r-devel-osx-x86_64-clang 0.2.0 100.99 OK
r-devel-windows-ix86+x86_64 0.2.0 91.00 77.00 168.00 OK
r-patched-linux-x86_64 0.2.0 36.03 35.99 72.02 NOTE
r-patched-solaris-sparc 0.2.0 647.00 OK
r-patched-solaris-x86 0.2.0 147.90 OK
r-release-linux-x86_64 0.2.0 35.59 37.37 72.97 NOTE
r-release-osx-x86_64-mavericks 0.2.0 NOTE
r-release-windows-ix86+x86_64 0.2.0 121.00 106.00 227.00 OK
r-oldrel-windows-ix86+x86_64 0.2.0 121.00 131.00 252.00 OK

Check Details

Version: 0.2.0
Check: installed package size
Result: NOTE
     installed size is 12.7Mb
     sub-directories of 1Mb or more:
     libs 12.6Mb
Flavors: r-devel-linux-x86_64-debian-clang, r-devel-linux-x86_64-debian-gcc, r-devel-linux-x86_64-fedora-clang, r-devel-linux-x86_64-fedora-gcc, r-patched-linux-x86_64, r-release-linux-x86_64, r-release-osx-x86_64-mavericks