CRAN Package Check Results for Package sparseLTSEigen

Last updated on 2015-03-27 12:48:45.

Flavor Version Tinstall Tcheck Ttotal Status Flags
r-devel-linux-x86_64-debian-clang 0.2.0 30.50 37.47 67.96 NOTE
r-devel-linux-x86_64-debian-gcc 0.2.0 34.99 34.44 69.43 NOTE
r-devel-linux-x86_64-fedora-clang 0.2.0 139.14 NOTE
r-devel-linux-x86_64-fedora-gcc 0.2.0 133.47 NOTE
r-devel-osx-x86_64-clang 0.2.0 99.12 OK
r-prerel-windows-ix86+x86_64 0.2.0 88.00 78.00 166.00 OK
r-prerel-linux-x86_64 0.2.0 34.20 34.86 69.06 NOTE
r-prerel-solaris-sparc 0.2.0 782.60 NOTE
r-prerel-solaris-x86 0.2.0 175.20 NOTE
r-release-linux-x86_64 0.2.0 33.46 51.30 84.76 NOTE
r-release-osx-x86_64-mavericks 0.2.0 NOTE
r-release-osx-x86_64-snowleopard 0.2.0 NOTE
r-release-windows-ix86+x86_64 0.2.0 85.00 108.00 193.00 OK
r-oldrel-windows-ix86+x86_64 0.2.0 81.00 115.00 196.00 OK

Check Details

Version: 0.2.0
Check: installed package size
Result: NOTE
     installed size is 12.9Mb
     sub-directories of 1Mb or more:
     libs 12.7Mb
Flavors: r-devel-linux-x86_64-debian-clang, r-devel-linux-x86_64-debian-gcc, r-devel-linux-x86_64-fedora-clang, r-devel-linux-x86_64-fedora-gcc, r-prerel-linux-x86_64, r-prerel-solaris-sparc, r-prerel-solaris-x86, r-release-linux-x86_64, r-release-osx-x86_64-mavericks, r-release-osx-x86_64-snowleopard