CRAN Package Check Results for Package sparseLTSEigen

Last updated on 2015-01-27 19:50:32.

Flavor Version Tinstall Tcheck Ttotal Status Flags
r-devel-linux-x86_64-debian-clang 0.2.0 31.06 39.36 70.43 NOTE
r-devel-linux-x86_64-debian-gcc 0.2.0 32.76 37.88 70.63 NOTE
r-devel-linux-x86_64-fedora-clang 0.2.0 184.08 NOTE
r-devel-linux-x86_64-fedora-gcc 0.2.0 180.78 NOTE
r-devel-osx-x86_64-clang 0.2.0 133.77 OK
r-devel-windows-ix86+x86_64 0.2.0 59.00 76.00 135.00 OK
r-patched-linux-x86_64 0.2.0 32.63 49.33 81.96 NOTE
r-patched-solaris-sparc 0.2.0 957.90 NOTE
r-patched-solaris-x86 0.2.0 228.60 NOTE
r-release-linux-ix86 0.2.0 34.83 59.22 94.05 NOTE
r-release-linux-x86_64 0.2.0 32.77 51.70 84.47 NOTE
r-release-osx-x86_64-mavericks 0.2.0 NOTE
r-release-osx-x86_64-snowleopard 0.2.0 NOTE
r-release-windows-ix86+x86_64 0.2.0 84.00 111.00 195.00 OK
r-oldrel-windows-ix86+x86_64 0.2.0 80.00 110.00 190.00 OK

Memtest notes: UBSAN-gcc

Check Details

Version: 0.2.0
Check: installed package size
Result: NOTE
     installed size is 13.1Mb
     sub-directories of 1Mb or more:
     libs 13.0Mb
Flavors: r-devel-linux-x86_64-debian-clang, r-devel-linux-x86_64-debian-gcc, r-devel-linux-x86_64-fedora-clang, r-devel-linux-x86_64-fedora-gcc, r-patched-linux-x86_64, r-patched-solaris-sparc, r-patched-solaris-x86, r-release-linux-ix86, r-release-linux-x86_64, r-release-osx-x86_64-mavericks, r-release-osx-x86_64-snowleopard