CRAN Package Check Results for Package sparseLTSEigen

Last updated on 2018-04-25 23:55:06 CEST.

Flavor Version Tinstall Tcheck Ttotal Status Flags
r-devel-linux-x86_64-debian-clang 0.2.0 57.93 47.33 105.26 NOTE
r-devel-linux-x86_64-debian-gcc 0.2.0 49.70 45.20 94.90 NOTE
r-devel-linux-x86_64-fedora-clang 0.2.0 167.37 NOTE
r-devel-linux-x86_64-fedora-gcc 0.2.0 153.91 NOTE
r-devel-windows-ix86+x86_64 0.2.0 142.00 95.00 237.00 OK
r-patched-linux-x86_64 0.2.0 66.33 55.55 121.88 NOTE
r-patched-solaris-x86 0.2.0 189.90 OK
r-release-linux-x86_64 0.2.0 59.47 55.72 115.19 NOTE
r-release-windows-ix86+x86_64 0.2.0 142.00 95.00 237.00 OK
r-release-osx-x86_64 0.2.0 NOTE
r-oldrel-windows-ix86+x86_64 0.2.0 108.00 122.00 230.00 OK
r-oldrel-osx-x86_64 0.2.0 NOTE

Check Details

Version: 0.2.0
Check: compiled code
Result: NOTE
    File ‘sparseLTSEigen/libs/sparseLTSEigen.so’:
     Found no calls to: ‘R_registerRoutines’, ‘R_useDynamicSymbols’
    
    It is good practice to register native routines and to disable symbol
    search.
    
    See ‘Writing portable packages’ in the ‘Writing R Extensions’ manual.
Flavors: r-devel-linux-x86_64-debian-clang, r-devel-linux-x86_64-debian-gcc, r-devel-linux-x86_64-fedora-clang, r-devel-linux-x86_64-fedora-gcc, r-patched-linux-x86_64, r-release-linux-x86_64

Version: 0.2.0
Check: installed package size
Result: NOTE
     installed size is 15.8Mb
     sub-directories of 1Mb or more:
     libs 15.7Mb
Flavors: r-devel-linux-x86_64-fedora-clang, r-devel-linux-x86_64-fedora-gcc, r-release-osx-x86_64, r-oldrel-osx-x86_64