CRAN Package Check Results for Package sparseLTSEigen

Last updated on 2019-08-20 22:47:28 CEST.

Flavor Version Tinstall Tcheck Ttotal Status Flags
r-devel-linux-x86_64-debian-clang 0.2.0 68.30 66.11 134.41 NOTE
r-devel-linux-x86_64-debian-gcc 0.2.0 56.89 51.73 108.62 NOTE
r-devel-linux-x86_64-fedora-clang 0.2.0 187.74 NOTE
r-devel-linux-x86_64-fedora-gcc 0.2.0 202.86 NOTE
r-devel-windows-ix86+x86_64 0.2.0 167.00 119.00 286.00 NOTE
r-patched-linux-x86_64 0.2.0 63.66 65.60 129.26 NOTE
r-patched-solaris-x86 0.2.0 218.30 NOTE
r-release-linux-x86_64 0.2.0 65.08 64.63 129.71 NOTE
r-release-windows-ix86+x86_64 0.2.0 120.00 107.00 227.00 NOTE
r-release-osx-x86_64 0.2.0 NOTE
r-oldrel-windows-ix86+x86_64 0.2.0 145.00 141.00 286.00 OK
r-oldrel-osx-x86_64 0.2.0 NOTE

Check Details

Version: 0.2.0
Check: line endings in C/C++/Fortran sources/headers
Result: NOTE
    Found the following sources/headers with CR or CRLF line endings:
     inst/include/MatrixAddons.h
     inst/include/sparseLTSEigen.h
    Some Unix compilers require LF line endings.
Flavors: r-devel-linux-x86_64-debian-clang, r-devel-linux-x86_64-debian-gcc, r-devel-linux-x86_64-fedora-clang, r-devel-linux-x86_64-fedora-gcc, r-devel-windows-ix86+x86_64, r-patched-linux-x86_64, r-patched-solaris-x86, r-release-linux-x86_64, r-release-windows-ix86+x86_64, r-release-osx-x86_64

Version: 0.2.0
Check: installed package size
Result: NOTE
     installed size is 16.4Mb
     sub-directories of 1Mb or more:
     libs 16.3Mb
Flavors: r-devel-linux-x86_64-fedora-clang, r-release-osx-x86_64, r-oldrel-osx-x86_64

Version: 0.2.0
Check: compiled code
Result: NOTE
    File ‘sparseLTSEigen/libs/sparseLTSEigen.so’:
     Found no calls to: ‘R_registerRoutines’, ‘R_useDynamicSymbols’
    
    It is good practice to register native routines and to disable symbol
    search.
    
    See ‘Writing portable packages’ in the ‘Writing R Extensions’ manual.
Flavors: r-devel-linux-x86_64-fedora-clang, r-devel-linux-x86_64-fedora-gcc