CRAN Package Check Results for Package sparseLTSEigen

Last updated on 2016-02-08 09:49:47.

Flavor Version Tinstall Tcheck Ttotal Status Flags
r-devel-linux-x86_64-debian-gcc 0.2.0 29.45 31.63 61.08 NOTE
r-devel-linux-x86_64-fedora-clang 0.2.0 134.09 NOTE
r-devel-linux-x86_64-fedora-gcc 0.2.0 123.68 NOTE
r-devel-osx-x86_64-clang 0.2.0 102.50 OK
r-devel-windows-ix86+x86_64 0.2.0 114.00 99.00 213.00 OK
r-patched-linux-x86_64 0.2.0 30.06 34.06 64.12 NOTE
r-patched-solaris-sparc 0.2.0 670.10 OK
r-patched-solaris-x86 0.2.0 153.00 OK
r-release-linux-x86_64 0.2.0 30.37 34.54 64.91 NOTE
r-release-osx-x86_64-mavericks 0.2.0 NOTE
r-release-windows-ix86+x86_64 0.2.0 108.00 92.00 200.00 OK
r-oldrel-windows-ix86+x86_64 0.2.0 117.00 169.00 286.00 OK

Memtest notes: gcc6-UBSAN gcc-UBSAN

Check Details

Version: 0.2.0
Check: installed package size
Result: NOTE
     installed size is 12.7Mb
     sub-directories of 1Mb or more:
     libs 12.6Mb
Flavors: r-devel-linux-x86_64-debian-gcc, r-devel-linux-x86_64-fedora-clang, r-devel-linux-x86_64-fedora-gcc, r-patched-linux-x86_64, r-release-linux-x86_64, r-release-osx-x86_64-mavericks