CRAN Package Check Results for Package sparseLTSEigen

Last updated on 2015-05-30 03:48:59.

Flavor Version Tinstall Tcheck Ttotal Status Flags
r-devel-linux-x86_64-debian-clang 0.2.0 29.58 38.87 68.45 NOTE
r-devel-linux-x86_64-debian-gcc 0.2.0 30.42 35.63 66.05 NOTE
r-devel-linux-x86_64-fedora-clang 0.2.0 144.88 NOTE
r-devel-linux-x86_64-fedora-gcc 0.2.0 134.65 NOTE
r-devel-osx-x86_64-clang 0.2.0 104.27 OK
r-devel-windows-ix86+x86_64 0.2.0 87.00 83.00 170.00 OK
r-patched-linux-x86_64 0.2.0 31.68 35.94 67.62 NOTE
r-patched-solaris-sparc 0.2.0 790.20 NOTE
r-patched-solaris-x86 0.2.0 188.60 NOTE
r-release-linux-x86_64 0.2.0 30.81 37.10 67.92 NOTE
r-release-osx-x86_64-mavericks 0.2.0 NOTE
r-release-osx-x86_64-snowleopard 0.2.0 ERROR
r-release-windows-ix86+x86_64 0.2.0 77.00 81.00 158.00 OK
r-oldrel-windows-ix86+x86_64 0.2.0 80.00 127.00 207.00 OK

Memtest notes: UBSAN-gcc

Check Details

Version: 0.2.0
Check: installed package size
Result: NOTE
     installed size is 12.9Mb
     sub-directories of 1Mb or more:
     libs 12.7Mb
Flavors: r-devel-linux-x86_64-debian-clang, r-devel-linux-x86_64-debian-gcc, r-devel-linux-x86_64-fedora-clang, r-devel-linux-x86_64-fedora-gcc, r-patched-linux-x86_64, r-patched-solaris-sparc, r-patched-solaris-x86, r-release-linux-x86_64, r-release-osx-x86_64-mavericks

Version: 0.2.0
Check: package dependencies
Result: ERROR
    Package required but not available: ‘robustHD’
    
    See section ‘The DESCRIPTION file’ in the ‘Writing R Extensions’
    manual.
Flavor: r-release-osx-x86_64-snowleopard