CRAN Package Check Results for Package sparseLTSEigen

Last updated on 2016-06-27 23:47:20.

Flavor Version Tinstall Tcheck Ttotal Status Flags
r-devel-linux-x86_64-debian-gcc 0.2.0 38.69 32.99 71.67 NOTE
r-devel-linux-x86_64-fedora-clang 0.2.0 158.80 NOTE
r-devel-linux-x86_64-fedora-gcc 0.2.0 125.51 NOTE
r-devel-osx-x86_64-clang 0.2.0 98.59 OK
r-devel-windows-ix86+x86_64 0.2.0 104.00 81.00 185.00 OK
r-patched-linux-x86_64 0.2.0 30.66 33.47 64.13 NOTE
r-patched-solaris-sparc 0.2.0 647.50 NOTE
r-patched-solaris-x86 0.2.0 153.70 OK
r-release-linux-x86_64 0.2.0 30.21 32.13 62.34 NOTE
r-release-osx-x86_64-mavericks 0.2.0 NOTE
r-release-windows-ix86+x86_64 0.2.0 123.00 106.00 229.00 OK
r-oldrel-windows-ix86+x86_64 0.2.0 92.00 114.00 206.00 OK

Check Details

Version: 0.2.0
Check: installed package size
Result: NOTE
     installed size is 13.2Mb
     sub-directories of 1Mb or more:
     libs 13.1Mb
Flavors: r-devel-linux-x86_64-debian-gcc, r-devel-linux-x86_64-fedora-clang, r-devel-linux-x86_64-fedora-gcc, r-patched-linux-x86_64, r-patched-solaris-sparc, r-release-linux-x86_64, r-release-osx-x86_64-mavericks