CRAN Package Check Results for Package sparseLTSEigen

Last updated on 2017-04-29 23:50:50.

Flavor Version Tinstall Tcheck Ttotal Status Flags
r-devel-linux-x86_64-debian-clang 0.2.0 38.02 36.27 74.30 NOTE
r-devel-linux-x86_64-debian-gcc 0.2.0 36.50 34.37 70.87 NOTE
r-devel-linux-x86_64-fedora-clang 0.2.0 176.52 NOTE --no-stop-on-test-error
r-devel-linux-x86_64-fedora-gcc 0.2.0 148.11 NOTE --no-stop-on-test-error
r-devel-windows-ix86+x86_64 0.2.0 147.00 121.00 268.00 OK
r-patched-linux-x86_64 0.2.0 31.10 34.00 65.10 NOTE
r-patched-solaris-sparc 0.2.0 690.30 OK
r-patched-solaris-x86 0.2.0 170.40 OK
r-release-linux-x86_64 0.2.0 30.58 34.95 65.53 NOTE
r-release-windows-ix86+x86_64 0.2.0 130.00 92.00 222.00 OK
r-release-osx-x86_64 0.2.0 NOTE
r-oldrel-windows-ix86+x86_64 0.2.0 130.00 116.00 246.00 OK
r-oldrel-osx-x86_64 0.2.0 NOTE

Check Details

Version: 0.2.0
Check: compiled code
Result: NOTE
    File ‘sparseLTSEigen/libs/sparseLTSEigen.so’:
     Found no calls to: ‘R_registerRoutines’, ‘R_useDynamicSymbols’
    
    It is good practice to register native routines and to disable symbol
    search.
    
    See ‘Writing portable packages’ in the ‘Writing R Extensions’ manual.
Flavors: r-devel-linux-x86_64-debian-clang, r-devel-linux-x86_64-debian-gcc, r-patched-linux-x86_64, r-release-linux-x86_64

Version: 0.2.0
Flags: --no-stop-on-test-error
Check: installed package size
Result: NOTE
     installed size is 12.5Mb
     sub-directories of 1Mb or more:
     libs 12.4Mb
Flavors: r-devel-linux-x86_64-fedora-clang, r-devel-linux-x86_64-fedora-gcc

Version: 0.2.0
Flags: --no-stop-on-test-error
Check: compiled code
Result: NOTE
    File ‘sparseLTSEigen/libs/sparseLTSEigen.so’:
     Found no calls to: ‘R_registerRoutines’, ‘R_useDynamicSymbols’
    
    It is good practice to register native routines and to disable symbol
    search.
    
    See ‘Writing portable packages’ in the ‘Writing R Extensions’ manual.
Flavors: r-devel-linux-x86_64-fedora-clang, r-devel-linux-x86_64-fedora-gcc

Version: 0.2.0
Check: installed package size
Result: NOTE
     installed size is 12.4Mb
     sub-directories of 1Mb or more:
     libs 12.3Mb
Flavors: r-release-osx-x86_64, r-oldrel-osx-x86_64