CRAN Package Check Results for Package sparseLTSEigen

Last updated on 2018-02-18 07:50:36 CET.

Flavor Version Tinstall Tcheck Ttotal Status Flags
r-devel-linux-x86_64-debian-clang 0.2.0 56.63 55.40 112.03 NOTE
r-devel-linux-x86_64-debian-gcc 0.2.0 48.43 44.41 92.84 NOTE
r-devel-linux-x86_64-fedora-clang 0.2.0 168.63 NOTE
r-devel-linux-x86_64-fedora-gcc 0.2.0 153.63 NOTE
r-devel-windows-ix86+x86_64 0.2.0 104.00 90.00 194.00 OK
r-patched-linux-x86_64 0.2.0 57.01 55.89 112.90 NOTE
r-patched-solaris-x86 0.2.0 190.70 OK
r-release-linux-x86_64 0.2.0 61.01 55.72 116.73 NOTE
r-release-windows-ix86+x86_64 0.2.0 151.00 127.00 278.00 OK
r-release-osx-x86_64 0.2.0 NOTE
r-oldrel-windows-ix86+x86_64 0.2.0 102.00 124.00 226.00 OK
r-oldrel-osx-x86_64 0.2.0 NOTE

Check Details

Version: 0.2.0
Check: compiled code
Result: NOTE
    File ‘sparseLTSEigen/libs/sparseLTSEigen.so’:
     Found no calls to: ‘R_registerRoutines’, ‘R_useDynamicSymbols’
    
    It is good practice to register native routines and to disable symbol
    search.
    
    See ‘Writing portable packages’ in the ‘Writing R Extensions’ manual.
Flavors: r-devel-linux-x86_64-debian-clang, r-devel-linux-x86_64-debian-gcc, r-devel-linux-x86_64-fedora-clang, r-devel-linux-x86_64-fedora-gcc, r-patched-linux-x86_64, r-release-linux-x86_64

Version: 0.2.0
Check: installed package size
Result: NOTE
     installed size is 15.8Mb
     sub-directories of 1Mb or more:
     libs 15.7Mb
Flavors: r-devel-linux-x86_64-fedora-clang, r-devel-linux-x86_64-fedora-gcc, r-release-osx-x86_64, r-oldrel-osx-x86_64