CRAN Package Check Results for Package sparseLTSEigen

Last updated on 2016-05-31 09:47:13.

Flavor Version Tinstall Tcheck Ttotal Status Flags
r-devel-linux-x86_64-debian-gcc 0.2.0 39.13 33.20 72.33 NOTE
r-devel-linux-x86_64-fedora-clang 0.2.0 143.21 NOTE
r-devel-linux-x86_64-fedora-gcc 0.2.0 126.34 NOTE
r-devel-osx-x86_64-clang 0.2.0 108.56 OK
r-devel-windows-ix86+x86_64 0.2.0 88.00 97.00 185.00 OK
r-patched-linux-x86_64 0.2.0 30.02 32.94 62.96 NOTE
r-patched-solaris-sparc 0.2.0 635.70 OK
r-patched-solaris-x86 0.2.0 147.70 OK
r-release-linux-x86_64 0.2.0 30.85 32.10 62.96 NOTE
r-release-osx-x86_64-mavericks 0.2.0 NOTE
r-release-windows-ix86+x86_64 0.2.0 127.00 80.00 207.00 OK
r-oldrel-windows-ix86+x86_64 0.2.0 82.00 91.00 173.00 OK

Check Details

Version: 0.2.0
Check: installed package size
Result: NOTE
     installed size is 13.2Mb
     sub-directories of 1Mb or more:
     libs 13.1Mb
Flavors: r-devel-linux-x86_64-debian-gcc, r-devel-linux-x86_64-fedora-clang, r-devel-linux-x86_64-fedora-gcc, r-patched-linux-x86_64, r-release-linux-x86_64, r-release-osx-x86_64-mavericks