CRAN Package Check Results for Package sparseLTSEigen

Last updated on 2015-09-03 22:48:15.

Flavor Version Tinstall Tcheck Ttotal Status Flags
r-devel-linux-x86_64-debian-clang 0.2.0 29.86 34.88 64.73 NOTE
r-devel-linux-x86_64-debian-gcc 0.2.0 30.93 34.68 65.62 NOTE
r-devel-linux-x86_64-fedora-clang 0.2.0 142.47 NOTE
r-devel-linux-x86_64-fedora-gcc 0.2.0 129.15 NOTE
r-devel-osx-x86_64-clang 0.2.0 89.21 OK
r-devel-windows-ix86+x86_64 0.2.0 87.00 77.00 164.00 OK
r-patched-linux-x86_64 0.2.0 31.33 38.29 69.62 NOTE
r-patched-solaris-sparc 0.2.0 762.50 OK
r-patched-solaris-x86 0.2.0 166.20 OK
r-release-linux-x86_64 0.2.0 30.46 37.88 68.34 NOTE
r-release-osx-x86_64-mavericks 0.2.0 NOTE
r-release-windows-ix86+x86_64 0.2.0 114.00 134.00 248.00 OK
r-oldrel-windows-ix86+x86_64 0.2.0 121.00 128.00 249.00 OK

Memtest notes: gcc-UBSAN

Check Details

Version: 0.2.0
Check: installed package size
Result: NOTE
     installed size is 12.8Mb
     sub-directories of 1Mb or more:
     libs 12.7Mb
Flavors: r-devel-linux-x86_64-debian-clang, r-devel-linux-x86_64-debian-gcc, r-devel-linux-x86_64-fedora-clang, r-devel-linux-x86_64-fedora-gcc, r-patched-linux-x86_64, r-release-linux-x86_64, r-release-osx-x86_64-mavericks