CRAN Package Check Results for Package sparseLTSEigen

Last updated on 2014-09-20 08:51:55.

Flavor Version Tinstall Tcheck Ttotal Status Flags
r-devel-linux-x86_64-debian-clang 0.2.0 29.41 47.97 77.38 NOTE
r-devel-linux-x86_64-debian-gcc 0.2.0 31.20 46.34 77.55 NOTE
r-devel-linux-x86_64-fedora-clang 0.2.0 180.60 NOTE
r-devel-linux-x86_64-fedora-gcc 0.2.0 170.19 NOTE
r-devel-osx-x86_64-clang 0.2.0 144.77 OK
r-devel-windows-ix86+x86_64 0.2.0 58.00 105.00 163.00 OK
r-patched-linux-x86_64 0.2.0 31.04 48.62 79.67 NOTE
r-patched-solaris-sparc 0.2.0 980.50 NOTE
r-patched-solaris-x86 0.2.0 230.90 NOTE
r-release-linux-ix86 0.2.0 36.01 62.96 98.97 NOTE
r-release-linux-x86_64 0.2.0 35.39 50.48 85.88 NOTE
r-release-osx-x86_64-mavericks 0.2.0 NOTE
r-release-osx-x86_64-snowleopard 0.2.0 NOTE
r-release-windows-ix86+x86_64 0.2.0 76.00 110.00 186.00 OK
r-oldrel-windows-ix86+x86_64 0.2.0 82.00 107.00 189.00 OK

Memtest notes: UBSAN-gcc

Check Details

Version: 0.2.0
Check: installed package size
Result: NOTE
     installed size is 12.2Mb
     sub-directories of 1Mb or more:
     libs 12.1Mb
Flavors: r-devel-linux-x86_64-debian-clang, r-devel-linux-x86_64-debian-gcc, r-devel-linux-x86_64-fedora-clang, r-devel-linux-x86_64-fedora-gcc, r-patched-linux-x86_64, r-patched-solaris-sparc, r-patched-solaris-x86, r-release-linux-ix86, r-release-linux-x86_64, r-release-osx-x86_64-mavericks, r-release-osx-x86_64-snowleopard