CRAN Package Check Results for Package sparseMVN

Last updated on 2015-08-01 21:47:35.

Flavor Version Tinstall Tcheck Ttotal Status Flags
r-devel-linux-x86_64-debian-clang 0.2.0 2.89 34.58 37.48 NOTE
r-devel-linux-x86_64-debian-gcc 0.2.0 2.38 34.16 36.54 NOTE
r-devel-linux-x86_64-fedora-clang 0.2.0 76.37 NOTE
r-devel-linux-x86_64-fedora-gcc 0.2.0 70.16 NOTE
r-devel-osx-x86_64-clang 0.2.0 64.00 NOTE
r-devel-windows-ix86+x86_64 0.2.0 10.00 57.00 67.00 NOTE
r-patched-linux-x86_64 0.2.0 2.43 35.17 37.60 NOTE
r-patched-solaris-sparc 0.2.0 449.20 NOTE
r-patched-solaris-x86 0.2.0 104.30 NOTE
r-release-linux-x86_64 0.2.0 3.22 33.57 36.79 NOTE
r-release-osx-x86_64-mavericks 0.2.0 NOTE
r-release-windows-ix86+x86_64 0.2.0 9.00 57.00 66.00 NOTE
r-oldrel-windows-ix86+x86_64 0.2.0 13.00 63.00 76.00 OK

Check Details

Version: 0.2.0
Check: DESCRIPTION meta-information
Result: NOTE
    Malformed Title field: should not end in a period.
Flavors: r-devel-linux-x86_64-debian-clang, r-devel-linux-x86_64-debian-gcc, r-devel-linux-x86_64-fedora-clang, r-devel-linux-x86_64-fedora-gcc, r-devel-osx-x86_64-clang, r-devel-windows-ix86+x86_64, r-patched-linux-x86_64, r-patched-solaris-sparc, r-patched-solaris-x86, r-release-linux-x86_64, r-release-osx-x86_64-mavericks, r-release-windows-ix86+x86_64

Version: 0.2.0
Check: R code for possible problems
Result: NOTE
    rmvn.sparse: no visible global function definition for ‘rnorm’
    rmvn.sparse: no visible global function definition for ‘as’
    Undefined global functions or variables:
     as rnorm
    Consider adding
     importFrom("methods", "as")
     importFrom("stats", "rnorm")
    to your NAMESPACE.
Flavors: r-devel-linux-x86_64-debian-clang, r-devel-linux-x86_64-debian-gcc, r-devel-linux-x86_64-fedora-clang, r-devel-linux-x86_64-fedora-gcc, r-devel-windows-ix86+x86_64