CRAN Package Check Results for Package sparseMVN

Last updated on 2015-09-02 00:47:58.

Flavor Version Tinstall Tcheck Ttotal Status Flags
r-devel-linux-x86_64-debian-clang 0.2.0 2.38 33.12 35.50 NOTE
r-devel-linux-x86_64-debian-gcc 0.2.0 2.34 31.98 34.32 NOTE
r-devel-linux-x86_64-fedora-clang 0.2.0 72.06 NOTE
r-devel-linux-x86_64-fedora-gcc 0.2.0 70.43 NOTE
r-devel-osx-x86_64-clang 0.2.0 55.95 NOTE
r-devel-windows-ix86+x86_64 0.2.0 10.00 83.00 93.00 NOTE
r-patched-linux-x86_64 0.2.0 2.50 34.67 37.18 NOTE
r-patched-solaris-sparc 0.2.0 449.20 NOTE
r-patched-solaris-x86 0.2.0 107.10 NOTE
r-release-linux-x86_64 0.2.0 2.50 35.41 37.90 NOTE
r-release-osx-x86_64-mavericks 0.2.0 NOTE
r-release-windows-ix86+x86_64 0.2.0 10.00 81.00 91.00 NOTE
r-oldrel-windows-ix86+x86_64 0.2.0 12.00 73.00 85.00 OK

Check Details

Version: 0.2.0
Check: DESCRIPTION meta-information
Result: NOTE
    Malformed Title field: should not end in a period.
Flavors: r-devel-linux-x86_64-debian-clang, r-devel-linux-x86_64-debian-gcc, r-devel-linux-x86_64-fedora-clang, r-devel-linux-x86_64-fedora-gcc, r-devel-osx-x86_64-clang, r-devel-windows-ix86+x86_64, r-patched-linux-x86_64, r-patched-solaris-sparc, r-patched-solaris-x86, r-release-linux-x86_64, r-release-osx-x86_64-mavericks, r-release-windows-ix86+x86_64

Version: 0.2.0
Check: R code for possible problems
Result: NOTE
    rmvn.sparse: no visible global function definition for ‘rnorm’
    rmvn.sparse: no visible global function definition for ‘as’
    Undefined global functions or variables:
     as rnorm
    Consider adding
     importFrom("methods", "as")
     importFrom("stats", "rnorm")
    to your NAMESPACE (and ensure that your DESCRIPTION Imports field
    contains 'methods').
Flavors: r-devel-linux-x86_64-debian-clang, r-devel-linux-x86_64-debian-gcc, r-devel-linux-x86_64-fedora-clang, r-devel-linux-x86_64-fedora-gcc, r-devel-windows-ix86+x86_64