CRAN Package Check Results for Package sparseMVN

Last updated on 2016-05-29 23:47:54.

Flavor Version Tinstall Tcheck Ttotal Status Flags
r-devel-linux-x86_64-debian-gcc 0.2.0 2.52 32.43 34.95 NOTE
r-devel-linux-x86_64-fedora-clang 0.2.0 69.62 NOTE
r-devel-linux-x86_64-fedora-gcc 0.2.0 67.49 NOTE
r-devel-osx-x86_64-clang 0.2.0 71.02 NOTE
r-devel-windows-ix86+x86_64 0.2.0 6.00 78.00 84.00 NOTE
r-patched-linux-x86_64 0.2.0 2.47 31.45 33.92 NOTE
r-patched-solaris-sparc 0.2.0 386.40 NOTE
r-patched-solaris-x86 0.2.0 94.70 NOTE
r-release-linux-x86_64 0.2.0 2.32 31.76 34.08 NOTE
r-release-osx-x86_64-mavericks 0.2.0 NOTE
r-release-windows-ix86+x86_64 0.2.0 10.00 64.00 74.00 NOTE
r-oldrel-windows-ix86+x86_64 0.2.0 7.00 62.00 69.00 NOTE

Check Details

Version: 0.2.0
Check: DESCRIPTION meta-information
Result: NOTE
    Malformed Title field: should not end in a period.
Flavors: r-devel-linux-x86_64-debian-gcc, r-devel-linux-x86_64-fedora-clang, r-devel-linux-x86_64-fedora-gcc, r-devel-osx-x86_64-clang, r-devel-windows-ix86+x86_64, r-patched-linux-x86_64, r-patched-solaris-sparc, r-patched-solaris-x86, r-release-linux-x86_64, r-release-osx-x86_64-mavericks, r-release-windows-ix86+x86_64, r-oldrel-windows-ix86+x86_64

Version: 0.2.0
Check: R code for possible problems
Result: NOTE
    rmvn.sparse: no visible global function definition for ‘rnorm’
    rmvn.sparse: no visible global function definition for ‘as’
    Undefined global functions or variables:
     as rnorm
    Consider adding
     importFrom("methods", "as")
     importFrom("stats", "rnorm")
    to your NAMESPACE file (and ensure that your DESCRIPTION Imports field
    contains 'methods').
Flavors: r-devel-linux-x86_64-debian-gcc, r-devel-linux-x86_64-fedora-clang, r-devel-linux-x86_64-fedora-gcc, r-devel-osx-x86_64-clang, r-devel-windows-ix86+x86_64, r-patched-linux-x86_64, r-patched-solaris-sparc, r-patched-solaris-x86, r-release-linux-x86_64, r-release-osx-x86_64-mavericks, r-release-windows-ix86+x86_64