CRAN Package Check Results for Package sparseMVN

Last updated on 2014-08-22 19:47:59.

Flavor Version Tinstall Tcheck Ttotal Status Flags
r-devel-linux-x86_64-debian-clang 0.1.0 3.16 36.22 39.38 NOTE
r-devel-linux-x86_64-debian-gcc 0.1.0 3.04 36.49 39.53 OK
r-devel-linux-x86_64-fedora-clang 0.1.0 95.47 NOTE
r-devel-linux-x86_64-fedora-gcc 0.1.0 89.62 NOTE
r-devel-osx-x86_64-clang 0.1.0 82.48 NOTE
r-devel-windows-ix86+x86_64 0.1.0 9.00 51.00 60.00 OK
r-patched-linux-x86_64 0.1.0 3.14 37.17 40.31 OK
r-patched-solaris-sparc 0.1.0 528.30 OK
r-patched-solaris-x86 0.1.0 131.00 OK
r-release-linux-ix86 0.1.0 3.79 47.40 51.18 OK
r-release-linux-x86_64 0.1.0 4.46 37.13 41.59 OK
r-release-osx-x86_64-mavericks 0.1.0 NOTE
r-release-osx-x86_64-snowleopard 0.1.0 NOTE
r-release-windows-ix86+x86_64 0.1.0 9.00 54.00 63.00 OK
r-oldrel-windows-ix86+x86_64 0.1.0 8.00 48.00 56.00 OK

Check Details

Version: 0.1.0
Check: R code for possible problems
Result: NOTE
    .mvnSparse.compare: no visible global function definition for ‘tril’
    .mvnSparse.compare: no visible global function definition for ‘Matrix’
    .mvnSparse.compare: no visible global function definition for ‘cBind’
    .mvnSparse.compare: no visible global function definition for ‘rBind’
    .mvnSparse.compare: no visible global function definition for
     ‘Diagonal’
    .mvnSparse.compare: no visible global function definition for
     ‘Cholesky’
    .mvnSparse.compare: no visible global function definition for ‘dmvnorm’
    .mvnSparse.compare: no visible global function definition for ‘rmvnorm’
    .run.compare: no visible global function definition for ‘dcast’
    .run.compare: no visible global function definition for ‘melt’
    dmvn.sparse: no visible global function definition for ‘expand’
    rmvn.sparse: no visible global function definition for ‘expand’
Flavors: r-devel-linux-x86_64-debian-clang, r-devel-linux-x86_64-fedora-clang, r-devel-linux-x86_64-fedora-gcc, r-devel-osx-x86_64-clang

Version: 0.1.0
Check: re-building of vignette outputs
Result: NOTE
    Error in re-building vignettes:
     ...
    Error in texi2dvi(file = file, pdf = TRUE, clean = clean, quiet = quiet, :
     Running 'texi2dvi' on 'sparseMVN-vignette.tex' failed.
    LaTeX errors:
    ! LaTeX Error: File `placeins.sty' not found.
    
    Type X to quit or <RETURN> to proceed,
    or enter new name. (Default extension: sty)
    
    gn_test/sparseMVN/vignettes/sparseMVN-vignette.tex:11: ==> Fatal error occurre
    d, no output PDF file produced!
    Calls: buildVignettes -> texi2pdf -> texi2dvi
    Execution halted
Flavor: r-release-osx-x86_64-mavericks

Version: 0.1.0
Check: re-building of vignette outputs
Result: NOTE
    Error in re-building vignettes:
     ...
    Error in texi2dvi(file = file, pdf = TRUE, clean = clean, quiet = quiet, :
     Running 'texi2dvi' on 'sparseMVN-vignette.tex' failed.
    LaTeX errors:
    ! LaTeX Error: File `placeins.sty' not found.
    
    Type X to quit or <RETURN> to proceed,
    or enter new name. (Default extension: sty)
    Calls: buildVignettes -> texi2pdf -> texi2dvi
    Execution halted
Flavor: r-release-osx-x86_64-snowleopard