CRAN Package Check Results for Package sparseMVN

Last updated on 2015-04-27 23:47:39.

Flavor Version Tinstall Tcheck Ttotal Status Flags
r-devel-linux-x86_64-debian-clang 0.2.0 2.63 35.34 37.97 NOTE
r-devel-linux-x86_64-debian-gcc 0.2.0 2.45 34.73 37.18 NOTE
r-devel-linux-x86_64-fedora-clang 0.2.0 81.45 NOTE
r-devel-linux-x86_64-fedora-gcc 0.2.0 74.68 NOTE
r-devel-osx-x86_64-clang 0.2.0 66.91 NOTE
r-devel-windows-ix86+x86_64 0.2.0 7.00 55.00 62.00 NOTE
r-patched-linux-x86_64 0.2.0 2.48 34.81 37.29 NOTE
r-patched-solaris-sparc 0.2.0 459.90 NOTE
r-patched-solaris-x86 0.2.0 105.20 NOTE
r-release-linux-x86_64 0.2.0 2.46 34.55 37.01 NOTE
r-release-osx-x86_64-mavericks 0.2.0 NOTE
r-release-osx-x86_64-snowleopard 0.2.0 ERROR
r-release-windows-ix86+x86_64 0.2.0 8.00 74.00 82.00 NOTE
r-oldrel-windows-ix86+x86_64 0.2.0 9.00 55.00 64.00 OK

Check Details

Version: 0.2.0
Check: DESCRIPTION meta-information
Result: NOTE
    Malformed Title field: should not end in a period.
Flavors: r-devel-linux-x86_64-debian-clang, r-devel-linux-x86_64-debian-gcc, r-devel-linux-x86_64-fedora-clang, r-devel-linux-x86_64-fedora-gcc, r-devel-osx-x86_64-clang, r-devel-windows-ix86+x86_64, r-patched-solaris-sparc, r-patched-solaris-x86, r-release-linux-x86_64, r-release-osx-x86_64-mavericks, r-release-windows-ix86+x86_64

Version: 0.2.0
Check: package dependencies
Result: ERROR
    Package suggested but not available for checking: ‘knitr’
    
    VignetteBuilder package required for checking but not installed: ‘knitr’
    
    See section ‘The DESCRIPTION file’ in the ‘Writing R Extensions’
    manual.
Flavor: r-release-osx-x86_64-snowleopard