CRAN Package Check Results for Package sparseMVN

Last updated on 2016-07-30 14:49:58.

Flavor Version Tinstall Tcheck Ttotal Status Flags
r-devel-linux-x86_64-debian-clang 0.2.0 2.49 33.08 35.57 NOTE
r-devel-linux-x86_64-debian-gcc 0.2.0 2.34 32.38 34.71 NOTE
r-devel-linux-x86_64-fedora-clang 0.2.0 82.69 NOTE
r-devel-linux-x86_64-fedora-gcc 0.2.0 71.23 NOTE
r-devel-osx-x86_64-clang 0.2.0 55.77 NOTE
r-devel-windows-ix86+x86_64 0.2.0 6.00 69.00 75.00 NOTE
r-patched-linux-x86_64 0.2.0 2.41 31.94 34.36 NOTE
r-patched-solaris-sparc 0.2.0 389.60 NOTE
r-patched-solaris-x86 0.2.0 95.70 NOTE
r-release-linux-x86_64 0.2.0 2.72 35.57 38.29 NOTE
r-release-osx-x86_64-mavericks 0.2.0 NOTE
r-release-windows-ix86+x86_64 0.2.0 9.00 65.00 74.00 NOTE
r-oldrel-windows-ix86+x86_64 0.2.0 8.00 83.00 91.00 NOTE

Check Details

Version: 0.2.0
Check: DESCRIPTION meta-information
Result: NOTE
    Malformed Title field: should not end in a period.
Flavors: r-devel-linux-x86_64-debian-clang, r-devel-linux-x86_64-debian-gcc, r-devel-linux-x86_64-fedora-clang, r-devel-linux-x86_64-fedora-gcc, r-devel-osx-x86_64-clang, r-devel-windows-ix86+x86_64, r-patched-linux-x86_64, r-patched-solaris-sparc, r-patched-solaris-x86, r-release-linux-x86_64, r-release-osx-x86_64-mavericks, r-release-windows-ix86+x86_64, r-oldrel-windows-ix86+x86_64

Version: 0.2.0
Check: R code for possible problems
Result: NOTE
    rmvn.sparse: no visible global function definition for ‘rnorm’
    rmvn.sparse: no visible global function definition for ‘as’
    Undefined global functions or variables:
     as rnorm
    Consider adding
     importFrom("methods", "as")
     importFrom("stats", "rnorm")
    to your NAMESPACE file (and ensure that your DESCRIPTION Imports field
    contains 'methods').
Flavors: r-devel-linux-x86_64-debian-clang, r-devel-linux-x86_64-debian-gcc, r-devel-linux-x86_64-fedora-clang, r-devel-linux-x86_64-fedora-gcc, r-devel-osx-x86_64-clang, r-devel-windows-ix86+x86_64, r-patched-linux-x86_64, r-patched-solaris-sparc, r-patched-solaris-x86, r-release-linux-x86_64, r-release-osx-x86_64-mavericks, r-release-windows-ix86+x86_64