CRAN Package Check Results for Package sparseMVN

Last updated on 2017-01-24 13:51:53.

Flavor Version Tinstall Tcheck Ttotal Status Flags
r-devel-linux-x86_64-debian-clang 0.2.0 2.17 34.72 36.89 NOTE
r-devel-linux-x86_64-debian-gcc 0.2.0 2.36 34.27 36.63 NOTE
r-devel-linux-x86_64-fedora-clang 0.2.0 75.09 NOTE --no-stop-on-test-error
r-devel-linux-x86_64-fedora-gcc 0.2.0 71.82 NOTE --no-stop-on-test-error
r-devel-macos-x86_64-clang 0.2.0 55.71 NOTE --no-stop-on-test-error
r-devel-windows-ix86+x86_64 0.2.0 12.00 83.00 95.00 NOTE
r-patched-linux-x86_64 0.2.0 2.23 30.36 32.59 NOTE
r-patched-solaris-sparc 0.2.0 388.70 NOTE
r-patched-solaris-x86 0.2.0 94.20 NOTE
r-release-linux-x86_64 0.2.0 2.28 29.26 31.54 NOTE
r-release-osx-x86_64-mavericks 0.2.0 NOTE
r-release-windows-ix86+x86_64 0.2.0 9.00 73.00 82.00 NOTE
r-oldrel-windows-ix86+x86_64 0.2.0 13.00 75.00 88.00 NOTE

Check Details

Version: 0.2.0
Check: DESCRIPTION meta-information
Result: NOTE
    Malformed Title field: should not end in a period.
Flavors: r-devel-linux-x86_64-debian-clang, r-devel-linux-x86_64-debian-gcc, r-devel-windows-ix86+x86_64, r-patched-linux-x86_64, r-patched-solaris-sparc, r-patched-solaris-x86, r-release-linux-x86_64, r-release-osx-x86_64-mavericks, r-release-windows-ix86+x86_64, r-oldrel-windows-ix86+x86_64

Version: 0.2.0
Check: R code for possible problems
Result: NOTE
    rmvn.sparse: no visible global function definition for ‘rnorm’
    rmvn.sparse: no visible global function definition for ‘as’
    Undefined global functions or variables:
     as rnorm
    Consider adding
     importFrom("methods", "as")
     importFrom("stats", "rnorm")
    to your NAMESPACE file (and ensure that your DESCRIPTION Imports field
    contains 'methods').
Flavors: r-devel-linux-x86_64-debian-clang, r-devel-linux-x86_64-debian-gcc, r-devel-windows-ix86+x86_64, r-patched-linux-x86_64, r-patched-solaris-sparc, r-patched-solaris-x86, r-release-linux-x86_64, r-release-osx-x86_64-mavericks, r-release-windows-ix86+x86_64

Version: 0.2.0
Flags: --no-stop-on-test-error
Check: DESCRIPTION meta-information
Result: NOTE
    Malformed Title field: should not end in a period.
Flavors: r-devel-linux-x86_64-fedora-clang, r-devel-linux-x86_64-fedora-gcc, r-devel-macos-x86_64-clang

Version: 0.2.0
Flags: --no-stop-on-test-error
Check: R code for possible problems
Result: NOTE
    rmvn.sparse: no visible global function definition for ‘rnorm’
    rmvn.sparse: no visible global function definition for ‘as’
    Undefined global functions or variables:
     as rnorm
    Consider adding
     importFrom("methods", "as")
     importFrom("stats", "rnorm")
    to your NAMESPACE file (and ensure that your DESCRIPTION Imports field
    contains 'methods').
Flavors: r-devel-linux-x86_64-fedora-clang, r-devel-linux-x86_64-fedora-gcc, r-devel-macos-x86_64-clang