CRAN Package Check Results for Package sparseMVN

Last updated on 2016-02-10 02:49:22.

Flavor Version Tinstall Tcheck Ttotal Status Flags
r-devel-linux-x86_64-debian-gcc 0.2.0 2.49 30.76 33.26 NOTE
r-devel-linux-x86_64-fedora-clang 0.2.0 71.42 NOTE
r-devel-linux-x86_64-fedora-gcc 0.2.0 67.31 NOTE
r-devel-osx-x86_64-clang 0.2.0 70.87 NOTE
r-devel-windows-ix86+x86_64 0.2.0 9.00 56.00 65.00 NOTE
r-patched-linux-x86_64 0.2.0 2.69 33.93 36.61 NOTE
r-patched-solaris-sparc 0.2.0 427.80 NOTE
r-patched-solaris-x86 0.2.0 100.40 NOTE
r-release-linux-x86_64 0.2.0 2.59 34.34 36.93 NOTE
r-release-osx-x86_64-mavericks 0.2.0 NOTE
r-release-windows-ix86+x86_64 0.2.0 9.00 57.00 66.00 NOTE
r-oldrel-windows-ix86+x86_64 0.2.0 13.00 64.00 77.00 OK

Check Details

Version: 0.2.0
Check: DESCRIPTION meta-information
Result: NOTE
    Malformed Title field: should not end in a period.
Flavors: r-devel-linux-x86_64-debian-gcc, r-devel-linux-x86_64-fedora-clang, r-devel-linux-x86_64-fedora-gcc, r-devel-osx-x86_64-clang, r-devel-windows-ix86+x86_64, r-patched-linux-x86_64, r-patched-solaris-sparc, r-patched-solaris-x86, r-release-linux-x86_64, r-release-osx-x86_64-mavericks, r-release-windows-ix86+x86_64

Version: 0.2.0
Check: R code for possible problems
Result: NOTE
    rmvn.sparse: no visible global function definition for ‘rnorm’
    rmvn.sparse: no visible global function definition for ‘as’
    Undefined global functions or variables:
     as rnorm
    Consider adding
     importFrom("methods", "as")
     importFrom("stats", "rnorm")
    to your NAMESPACE file (and ensure that your DESCRIPTION Imports field
    contains 'methods').
Flavors: r-devel-linux-x86_64-debian-gcc, r-devel-linux-x86_64-fedora-clang, r-devel-linux-x86_64-fedora-gcc, r-devel-osx-x86_64-clang, r-devel-windows-ix86+x86_64