CRAN Package Check Results for Package sparseMVN

Last updated on 2014-07-29 05:47:11.

Flavor Version Tinstall Tcheck Ttotal Status Flags
r-devel-linux-x86_64-debian-clang 0.1.0 3.13 37.63 40.76 OK
r-devel-linux-x86_64-debian-gcc 0.1.0 4.32 36.02 40.34 OK
r-devel-linux-x86_64-fedora-clang 0.1.0 101.04 OK
r-devel-linux-x86_64-fedora-gcc 0.1.0 92.97 OK
r-devel-osx-x86_64-clang 0.1.0 85.72 OK
r-devel-windows-ix86+x86_64 0.1.0 9.00 55.00 64.00 OK
r-patched-linux-x86_64 0.1.0 3.50 37.57 41.07 OK
r-patched-solaris-sparc 0.1.0 502.10 OK
r-patched-solaris-x86 0.1.0 131.20 OK
r-release-linux-ix86 0.1.0 3.74 46.28 50.02 OK
r-release-linux-x86_64 0.1.0 3.19 37.97 41.16 OK
r-release-osx-x86_64-mavericks 0.1.0 NOTE
r-release-osx-x86_64-snowleopard 0.1.0 NOTE
r-release-windows-ix86+x86_64 0.1.0 8.00 54.00 62.00 OK
r-oldrel-windows-ix86+x86_64 0.1.0 9.00 52.00 61.00 OK

Check Details

Version: 0.1.0
Check: re-building of vignette outputs
Result: NOTE
    Error in re-building vignettes:
     ...
    Error in texi2dvi(file = file, pdf = TRUE, clean = clean, quiet = quiet, :
     Running 'texi2dvi' on 'sparseMVN-vignette.tex' failed.
    LaTeX errors:
    ! LaTeX Error: File `placeins.sty' not found.
    
    Type X to quit or <RETURN> to proceed,
    or enter new name. (Default extension: sty)
    
    gn_test/sparseMVN/vignettes/sparseMVN-vignette.tex:11: ==> Fatal error occurre
    d, no output PDF file produced!
    Calls: buildVignettes -> texi2pdf -> texi2dvi
    Execution halted
Flavor: r-release-osx-x86_64-mavericks

Version: 0.1.0
Check: re-building of vignette outputs
Result: NOTE
    Error in re-building vignettes:
     ...
    Error in texi2dvi(file = file, pdf = TRUE, clean = clean, quiet = quiet, :
     Running 'texi2dvi' on 'sparseMVN-vignette.tex' failed.
    LaTeX errors:
    ! LaTeX Error: File `placeins.sty' not found.
    
    Type X to quit or <RETURN> to proceed,
    or enter new name. (Default extension: sty)
    Calls: buildVignettes -> texi2pdf -> texi2dvi
    Execution halted
Flavor: r-release-osx-x86_64-snowleopard