CRAN Package Check Results for Package sparseMVN

Last updated on 2015-07-06 19:47:55.

Flavor Version Tinstall Tcheck Ttotal Status Flags
r-devel-linux-x86_64-debian-clang 0.2.0 2.45 34.15 36.60 NOTE
r-devel-linux-x86_64-debian-gcc 0.2.0 2.44 33.73 36.17 NOTE
r-devel-linux-x86_64-fedora-clang 0.2.0 75.70 NOTE
r-devel-linux-x86_64-fedora-gcc 0.2.0 71.90 NOTE
r-devel-osx-x86_64-clang 0.2.0 59.33 NOTE
r-devel-windows-ix86+x86_64 0.2.0 10.00 53.00 63.00 NOTE
r-patched-linux-x86_64 0.2.0 2.46 34.53 36.99 NOTE
r-patched-solaris-sparc 0.2.0 454.30 NOTE
r-patched-solaris-x86 0.2.0 105.00 NOTE
r-release-linux-x86_64 0.2.0 2.48 33.87 36.35 NOTE
r-release-osx-x86_64-mavericks 0.2.0 NOTE
r-release-windows-ix86+x86_64 0.2.0 9.00 51.00 60.00 NOTE
r-oldrel-windows-ix86+x86_64 0.2.0 12.00 64.00 76.00 OK

Check Details

Version: 0.2.0
Check: DESCRIPTION meta-information
Result: NOTE
    Malformed Title field: should not end in a period.
Flavors: r-devel-linux-x86_64-debian-clang, r-devel-linux-x86_64-debian-gcc, r-devel-linux-x86_64-fedora-clang, r-devel-linux-x86_64-fedora-gcc, r-devel-osx-x86_64-clang, r-devel-windows-ix86+x86_64, r-patched-linux-x86_64, r-patched-solaris-sparc, r-patched-solaris-x86, r-release-linux-x86_64, r-release-osx-x86_64-mavericks, r-release-windows-ix86+x86_64

Version: 0.2.0
Check: R code for possible problems
Result: NOTE
    rmvn.sparse: no visible global function definition for ‘rnorm’
    rmvn.sparse: no visible global function definition for ‘as’
    Undefined global functions or variables:
     as rnorm
Flavors: r-devel-linux-x86_64-debian-clang, r-devel-linux-x86_64-debian-gcc, r-devel-linux-x86_64-fedora-clang, r-devel-linux-x86_64-fedora-gcc, r-devel-windows-ix86+x86_64