CRAN Package Check Results for Package sparseMVN

Last updated on 2015-05-27 11:49:36.

Flavor Version Tinstall Tcheck Ttotal Status Flags
r-devel-linux-x86_64-debian-clang 0.2.0 2.53 35.06 37.59 NOTE
r-devel-linux-x86_64-debian-gcc 0.2.0 2.46 36.34 38.79 NOTE
r-devel-linux-x86_64-fedora-clang 0.2.0 78.59 NOTE
r-devel-linux-x86_64-fedora-gcc 0.2.0 73.25 NOTE
r-devel-osx-x86_64-clang 0.2.0 67.16 NOTE
r-devel-windows-ix86+x86_64 0.2.0 7.00 50.00 57.00 NOTE
r-patched-linux-x86_64 0.2.0 2.48 35.25 37.72 NOTE
r-patched-solaris-sparc 0.2.0 454.30 NOTE
r-patched-solaris-x86 0.2.0 105.10 NOTE
r-release-linux-x86_64 0.2.0 2.86 35.68 38.54 NOTE
r-release-osx-x86_64-mavericks 0.2.0 NOTE
r-release-osx-x86_64-snowleopard 0.2.0 ERROR
r-release-windows-ix86+x86_64 0.2.0 8.00 50.00 58.00 NOTE
r-oldrel-windows-ix86+x86_64 0.2.0 10.00 58.00 68.00 OK

Check Details

Version: 0.2.0
Check: DESCRIPTION meta-information
Result: NOTE
    Malformed Title field: should not end in a period.
Flavors: r-devel-linux-x86_64-debian-clang, r-devel-linux-x86_64-debian-gcc, r-devel-linux-x86_64-fedora-clang, r-devel-linux-x86_64-fedora-gcc, r-devel-osx-x86_64-clang, r-devel-windows-ix86+x86_64, r-patched-linux-x86_64, r-patched-solaris-sparc, r-patched-solaris-x86, r-release-linux-x86_64, r-release-osx-x86_64-mavericks, r-release-windows-ix86+x86_64

Version: 0.2.0
Check: package dependencies
Result: ERROR
    Package suggested but not available for checking: ‘knitr’
    
    VignetteBuilder package required for checking but not installed: ‘knitr’
    
    See section ‘The DESCRIPTION file’ in the ‘Writing R Extensions’
    manual.
Flavor: r-release-osx-x86_64-snowleopard