CRAN Package Check Results for Package sparseMVN

Last updated on 2014-04-23 17:47:54.

Flavor Version Tinstall Tcheck Ttotal Status Flags
r-devel-linux-x86_64-debian-clang 0.1.0 3.50 38.86 42.36 OK
r-devel-linux-x86_64-debian-gcc 0.1.0 3.43 38.36 41.79 OK
r-devel-linux-x86_64-fedora-clang 0.1.0 97.37 OK
r-devel-linux-x86_64-fedora-gcc 0.1.0 95.15 OK
r-devel-osx-x86_64-clang 0.1.0 86.14 OK
r-devel-osx-x86_64-gcc 0.1.0 OK
r-devel-windows-ix86+x86_64 0.1.0 9.00 53.00 62.00 OK
r-patched-linux-x86_64 0.1.0 3.39 38.44 41.84 OK
r-patched-solaris-sparc 0.1.0 502.10 OK
r-patched-solaris-x86 0.1.0 130.00 OK
r-release-linux-ix86 0.1.0 5.00 63.00 68.00 OK
r-release-linux-x86_64 0.1.0 3.51 39.08 42.59 OK
r-release-osx-x86_64-mavericks 0.1.0 WARN
r-release-osx-x86_64-snowleopard 0.1.0 NOTE
r-release-windows-ix86+x86_64 0.1.0 8.00 54.00 62.00 OK
r-oldrel-windows-ix86+x86_64 0.1.0 9.00 49.00 58.00 OK

Check Details

Version: 0.1.0
Check: re-building of vignette outputs
Result: NOTE
    Error in re-building vignettes:
     ...
    Error in texi2dvi(file = file, pdf = TRUE, clean = clean, quiet = quiet, :
     Running 'texi2dvi' on 'sparseMVN-vignette.tex' failed.
    LaTeX errors:
    ! LaTeX Error: File `placeins.sty' not found.
    
    Type X to quit or <RETURN> to proceed,
    or enter new name. (Default extension: sty)
    
    gn_test/sparseMVN/vignettes/sparseMVN-vignette.tex:11: ==> Fatal error occurre
    d, no output PDF file produced!
    Calls: buildVignettes -> texi2pdf -> texi2dvi
    Execution halted
Flavor: r-release-osx-x86_64-mavericks

Version: 0.1.0
Check: PDF version of manual
Result: WARNING
    LaTeX errors when creating PDF version.
    This typically indicates Rd problems.
    LaTeX errors found:
    ! LaTeX Error: File `upquote.sty' not found.
    
    Type X to quit or <RETURN> to proceed,
    or enter new name. (Default extension: sty)
    
    65b50ec/Rd2.tex:8: ==> Fatal error occurred, no output PDF file produced!
Flavor: r-release-osx-x86_64-mavericks

Version: 0.1.0
Check: re-building of vignette outputs
Result: NOTE
    Error in re-building vignettes:
     ...
    Error in texi2dvi(file = file, pdf = TRUE, clean = clean, quiet = quiet, :
     Running 'texi2dvi' on 'sparseMVN-vignette.tex' failed.
    LaTeX errors:
    ! LaTeX Error: File `placeins.sty' not found.
    
    Type X to quit or <RETURN> to proceed,
    or enter new name. (Default extension: sty)
    Calls: buildVignettes -> texi2pdf -> texi2dvi
    Execution halted
Flavor: r-release-osx-x86_64-snowleopard