CRAN Package Check Results for Package sparseMVN

Last updated on 2015-01-27 19:50:32.

Flavor Version Tinstall Tcheck Ttotal Status Flags
r-devel-linux-x86_64-debian-clang 0.1.0 3.05 36.00 39.05 NOTE
r-devel-linux-x86_64-debian-gcc 0.1.0 2.75 34.04 36.79 NOTE
r-devel-linux-x86_64-fedora-clang 0.1.0 99.16 NOTE
r-devel-linux-x86_64-fedora-gcc 0.1.0 94.05 NOTE
r-devel-osx-x86_64-clang 0.1.0 87.45 NOTE
r-devel-windows-ix86+x86_64 0.1.0 7.00 45.00 52.00 NOTE
r-patched-linux-x86_64 0.1.0 3.25 38.29 41.54 NOTE
r-patched-solaris-sparc 0.1.0 512.10 NOTE
r-patched-solaris-x86 0.1.0 127.30 NOTE
r-release-linux-ix86 0.1.0 3.60 46.40 50.00 NOTE
r-release-linux-x86_64 0.1.0 3.14 40.77 43.92 NOTE
r-release-osx-x86_64-mavericks 0.1.0 NOTE
r-release-osx-x86_64-snowleopard 0.1.0 NOTE
r-release-windows-ix86+x86_64 0.1.0 10.00 55.00 65.00 NOTE
r-oldrel-windows-ix86+x86_64 0.1.0 9.00 50.00 59.00 OK

Check Details

Version: 0.1.0
Check: dependencies in R code
Result: NOTE
    'library' or 'require' calls in package code:
     ‘mvtnorm’ ‘reshape2’
     Please use :: or requireNamespace() instead.
     See section 'Suggested packages' in the 'Writing R Extensions' manual.
Flavors: r-devel-linux-x86_64-debian-clang, r-devel-linux-x86_64-debian-gcc, r-devel-linux-x86_64-fedora-clang, r-devel-linux-x86_64-fedora-gcc, r-devel-osx-x86_64-clang, r-devel-windows-ix86+x86_64

Version: 0.1.0
Check: R code for possible problems
Result: NOTE
    .mvnSparse.compare: no visible global function definition for ‘tril’
    .mvnSparse.compare: no visible global function definition for ‘Matrix’
    .mvnSparse.compare: no visible global function definition for ‘cBind’
    .mvnSparse.compare: no visible global function definition for ‘rBind’
    .mvnSparse.compare: no visible global function definition for
     ‘Diagonal’
    .mvnSparse.compare: no visible global function definition for
     ‘Cholesky’
    .mvnSparse.compare: no visible global function definition for ‘dmvnorm’
    .mvnSparse.compare: no visible global function definition for ‘rmvnorm’
    .run.compare: no visible global function definition for ‘dcast’
    .run.compare: no visible global function definition for ‘melt’
    dmvn.sparse: no visible global function definition for ‘expand’
    rmvn.sparse: no visible global function definition for ‘expand’
Flavors: r-devel-linux-x86_64-debian-clang, r-devel-linux-x86_64-debian-gcc, r-devel-linux-x86_64-fedora-clang, r-devel-linux-x86_64-fedora-gcc, r-devel-osx-x86_64-clang, r-devel-windows-ix86+x86_64, r-patched-linux-x86_64, r-patched-solaris-sparc, r-patched-solaris-x86, r-release-linux-ix86, r-release-linux-x86_64, r-release-osx-x86_64-mavericks, r-release-windows-ix86+x86_64

Version: 0.1.0
Check: re-building of vignette outputs
Result: NOTE
    Error in re-building vignettes:
     ...
    Error in texi2dvi(file = file, pdf = TRUE, clean = clean, quiet = quiet, :
     Running 'texi2dvi' on 'sparseMVN-vignette.tex' failed.
    LaTeX errors:
    ! LaTeX Error: File `placeins.sty' not found.
    
    Type X to quit or <RETURN> to proceed,
    or enter new name. (Default extension: sty)
    Calls: buildVignettes -> texi2pdf -> texi2dvi
    Execution halted
Flavor: r-release-osx-x86_64-snowleopard