CRAN Package Check Results for Package sparseMVN

Last updated on 2015-03-30 05:48:50.

Flavor Version Tinstall Tcheck Ttotal Status Flags
r-devel-linux-x86_64-debian-clang 0.2.0 2.38 35.71 38.09 NOTE
r-devel-linux-x86_64-debian-gcc 0.2.0 2.38 34.36 36.74 NOTE
r-devel-linux-x86_64-fedora-clang 0.2.0 80.52 NOTE
r-devel-linux-x86_64-fedora-gcc 0.2.0 76.99 NOTE
r-devel-osx-x86_64-clang 0.2.0 74.34 NOTE
r-prerel-windows-ix86+x86_64 0.2.0 6.00 49.00 55.00 NOTE
r-prerel-linux-x86_64 0.2.0 2.33 33.48 35.81 NOTE
r-prerel-solaris-sparc 0.2.0 459.90 NOTE
r-prerel-solaris-x86 0.2.0 107.00 NOTE
r-release-linux-x86_64 0.2.0 3.14 44.05 47.19 OK
r-release-osx-x86_64-mavericks 0.2.0 OK
r-release-osx-x86_64-snowleopard 0.2.0 OK
r-release-windows-ix86+x86_64 0.2.0 11.00 63.00 74.00 OK
r-oldrel-windows-ix86+x86_64 0.1.0 9.00 80.00 89.00 OK

Check Details

Version: 0.2.0
Check: DESCRIPTION meta-information
Result: NOTE
    Malformed Title field: should not end in a period.
Flavors: r-devel-linux-x86_64-debian-clang, r-devel-linux-x86_64-debian-gcc, r-devel-linux-x86_64-fedora-clang, r-devel-linux-x86_64-fedora-gcc, r-devel-osx-x86_64-clang, r-prerel-windows-ix86+x86_64, r-prerel-linux-x86_64, r-prerel-solaris-sparc, r-prerel-solaris-x86