CRAN Package Check Results for Package sparseMVN

Last updated on 2017-08-17 12:54:21.

Flavor Version Tinstall Tcheck Ttotal Status Flags
r-devel-linux-x86_64-debian-clang 0.2.1 2.20 47.60 49.79 OK
r-devel-linux-x86_64-debian-gcc 0.2.1 2.20 49.29 51.49 OK
r-devel-linux-x86_64-fedora-clang 0.2.1 109.23 OK
r-devel-linux-x86_64-fedora-gcc 0.2.1 104.55 OK
r-devel-windows-ix86+x86_64 0.2.1 7.00 78.00 85.00 OK
r-patched-linux-x86_64 0.2.1 2.29 49.88 52.18 OK
r-patched-solaris-x86 0.2.1 152.60 OK
r-release-linux-x86_64 0.2.1 2.24 45.62 47.86 OK
r-release-windows-ix86+x86_64 0.2.1 6.00 92.00 98.00 OK
r-release-osx-x86_64 0.2.1 WARN
r-oldrel-windows-ix86+x86_64 0.2.0 8.00 74.00 82.00 NOTE
r-oldrel-osx-x86_64 0.2.1 ERROR

Check Details

Version: 0.2.1
Check: re-building of vignette outputs
Result: WARN
    Error in re-building vignettes:
     ...
    Warning: running command 'kpsewhich framed.sty' had status 1
    Warning in test_latex_pkg("framed", system.file("misc", "framed.sty", package = "knitr")) :
     unable to find LaTeX package 'framed'; will use a copy from knitr
    Error in texi2dvi(file = file, pdf = TRUE, clean = clean, quiet = quiet, :
     Running 'texi2dvi' on 'sparseMVN.tex' failed.
    LaTeX errors:
    ! LaTeX Error: File `placeins.sty' not found.
    
    Type X to quit or <RETURN> to proceed,
    or enter new name. (Default extension: sty)
    
    ! Emergency stop.
    <read *>
    
    l.30 \usepackage
     {array}^^M
    ! ==> Fatal error occurred, no output PDF file produced!
    Calls: buildVignettes -> texi2pdf -> texi2dvi
    Execution halted
Flavor: r-release-osx-x86_64

Version: 0.2.0
Check: DESCRIPTION meta-information
Result: NOTE
    Malformed Title field: should not end in a period.
Flavor: r-oldrel-windows-ix86+x86_64

Version: 0.2.0
Check: R code for possible problems
Result: NOTE
    rmvn.sparse: no visible global function definition for 'rnorm'
    rmvn.sparse: no visible global function definition for 'as'
    Undefined global functions or variables:
     as rnorm
    Consider adding
     importFrom("methods", "as")
     importFrom("stats", "rnorm")
    to your NAMESPACE file (and ensure that your DESCRIPTION Imports field
    contains 'methods').
Flavor: r-oldrel-windows-ix86+x86_64

Version: 0.2.1
Check: whether package can be installed
Result: ERROR
    Installation failed.
Flavor: r-oldrel-osx-x86_64