CRAN Package Check Results for Package sparsediscrim

Last updated on 2017-01-17 12:51:18.

Flavor Version Tinstall Tcheck Ttotal Status Flags
r-devel-linux-x86_64-debian-clang 0.2.3 2.18 30.85 33.03 ERROR
r-devel-linux-x86_64-debian-gcc 0.2.3 2.27 30.66 32.94 ERROR
r-devel-linux-x86_64-fedora-clang 0.2.3 61.98 ERROR --no-stop-on-test-error
r-devel-linux-x86_64-fedora-gcc 0.2.3 58.99 ERROR --no-stop-on-test-error
r-devel-macos-x86_64-clang 0.2.3 50.11 ERROR --no-stop-on-test-error
r-devel-windows-ix86+x86_64 0.2.3 14.00 60.00 74.00 ERROR
r-patched-linux-x86_64 0.2.3 2.45 28.88 31.33 OK
r-patched-solaris-sparc 0.2.3 350.90 OK
r-patched-solaris-x86 0.2.3 73.50 OK
r-release-linux-x86_64 0.2.3 2.30 28.32 30.62 OK
r-release-osx-x86_64-mavericks 0.2.3 OK
r-release-windows-ix86+x86_64 0.2.3 9.00 93.00 102.00 OK
r-oldrel-windows-ix86+x86_64 0.2.3 9.00 49.00 58.00 OK

Check Details

Version: 0.2.3
Check: for unstated dependencies in ‘tests’
Result: WARN
    'library' or 'require' call not declared from: ‘testthat’
Flavors: r-devel-linux-x86_64-debian-clang, r-devel-linux-x86_64-debian-gcc, r-devel-windows-ix86+x86_64

Version: 0.2.3
Check: tests
Result: ERROR
     Running ‘testthat.r’ [0s/0s]
    Running the tests in ‘tests/testthat.r’ failed.
    Complete output:
     > library(testthat)
     Error in library(testthat) : there is no package called 'testthat'
     Execution halted
Flavors: r-devel-linux-x86_64-debian-clang, r-devel-linux-x86_64-debian-gcc

Version: 0.2.3
Flags: --no-stop-on-test-error
Check: for unstated dependencies in ‘tests’
Result: WARN
    'library' or 'require' call not declared from: ‘testthat’
Flavors: r-devel-linux-x86_64-fedora-clang, r-devel-linux-x86_64-fedora-gcc, r-devel-macos-x86_64-clang

Version: 0.2.3
Flags: --no-stop-on-test-error
Check: tests
Result: ERROR
     Running ‘testthat.r’
    Running the tests in ‘tests/testthat.r’ failed.
    Complete output:
     > library(testthat)
     Error in library(testthat) : there is no package called 'testthat'
     Execution halted
Flavors: r-devel-linux-x86_64-fedora-clang, r-devel-linux-x86_64-fedora-gcc, r-devel-macos-x86_64-clang

Version: 0.2.3
Check: tests
Result: ERROR
     Running 'testthat.r' [0s]
    Running the tests in 'tests/testthat.r' failed.
    Complete output:
     > library(testthat)
     Error in library(testthat) : there is no package called 'testthat'
     Execution halted
Flavor: r-devel-windows-ix86+x86_64