CRAN Package Check Results for Package sparsediscrim

Last updated on 2016-05-27 03:50:06.

Flavor Version Tinstall Tcheck Ttotal Status Flags
r-devel-linux-x86_64-debian-gcc 0.2 1.44 18.94 20.38 NOTE
r-devel-linux-x86_64-fedora-clang 0.2 38.38 NOTE
r-devel-linux-x86_64-fedora-gcc 0.2 35.22 NOTE
r-devel-osx-x86_64-clang 0.2 43.17 NOTE
r-devel-windows-ix86+x86_64 0.2 5.00 41.00 46.00 NOTE
r-patched-linux-x86_64 0.2 1.26 18.92 20.18 NOTE
r-patched-solaris-sparc 0.2 237.50 NOTE
r-patched-solaris-x86 0.2 51.20 NOTE
r-release-linux-x86_64 0.2 1.31 18.77 20.08 NOTE
r-release-osx-x86_64-mavericks 0.2 NOTE
r-release-windows-ix86+x86_64 0.2 6.00 54.00 60.00 NOTE
r-oldrel-windows-ix86+x86_64 0.2 6.00 36.00 42.00 OK

Check Details

Version: 0.2
Check: R code for possible problems
Result: NOTE
    cov_mle: no visible binding for global variable ‘var’
    cov_mle: no visible global function definition for ‘cov’
    cov_pool : <anonymous>: no visible global function definition for ‘cov’
    dlda.formula: no visible global function definition for ‘model.frame’
    dlda.formula: no visible global function definition for ‘model.matrix’
    dlda.formula: no visible global function definition for
     ‘model.response’
    dqda.formula: no visible global function definition for ‘model.frame’
    dqda.formula: no visible global function definition for ‘model.matrix’
    dqda.formula: no visible global function definition for
     ‘model.response’
    hdrda.formula: no visible global function definition for ‘model.frame’
    hdrda.formula: no visible global function definition for ‘model.matrix’
    hdrda.formula: no visible global function definition for
     ‘model.response’
    hdrda_cv : <anonymous> : <anonymous>: no visible global function
     definition for ‘predict’
    lda_pseudo.formula: no visible global function definition for
     ‘model.frame’
    lda_pseudo.formula: no visible global function definition for
     ‘model.matrix’
    lda_pseudo.formula: no visible global function definition for
     ‘model.response’
    lda_schafer.formula: no visible global function definition for
     ‘model.frame’
    lda_schafer.formula: no visible global function definition for
     ‘model.matrix’
    lda_schafer.formula: no visible global function definition for
     ‘model.response’
    lda_thomaz.formula: no visible global function definition for
     ‘model.frame’
    lda_thomaz.formula: no visible global function definition for
     ‘model.matrix’
    lda_thomaz.formula: no visible global function definition for
     ‘model.response’
    mdeb.formula: no visible global function definition for ‘model.frame’
    mdeb.formula: no visible global function definition for ‘model.matrix’
    mdeb.formula: no visible global function definition for
     ‘model.response’
    mdmeb.formula: no visible global function definition for ‘model.frame’
    mdmeb.formula: no visible global function definition for ‘model.matrix’
    mdmeb.formula: no visible global function definition for
     ‘model.response’
    mdmp.formula: no visible global function definition for ‘model.frame’
    mdmp.formula: no visible global function definition for ‘model.matrix’
    mdmp.formula: no visible global function definition for
     ‘model.response’
    no_intercept: no visible global function definition for ‘update’
    no_intercept: no visible global function definition for ‘terms’
    sdlda.formula: no visible global function definition for ‘model.frame’
    sdlda.formula: no visible global function definition for ‘model.matrix’
    sdlda.formula: no visible global function definition for
     ‘model.response’
    sdqda.formula: no visible global function definition for ‘model.frame’
    sdqda.formula: no visible global function definition for ‘model.matrix’
    sdqda.formula: no visible global function definition for
     ‘model.response’
    smdlda.formula: no visible global function definition for ‘model.frame’
    smdlda.formula: no visible global function definition for
     ‘model.matrix’
    smdlda.formula: no visible global function definition for
     ‘model.response’
    smdqda.formula: no visible global function definition for ‘model.frame’
    smdqda.formula: no visible global function definition for
     ‘model.matrix’
    smdqda.formula: no visible global function definition for
     ‘model.response’
    tong_mean_shrinkage: no visible binding for global variable ‘var’
    Undefined global functions or variables:
     cov model.frame model.matrix model.response predict terms update var
    Consider adding
     importFrom("stats", "cov", "model.frame", "model.matrix",
     "model.response", "predict", "terms", "update", "var")
    to your NAMESPACE file.
Flavors: r-devel-linux-x86_64-debian-gcc, r-devel-linux-x86_64-fedora-clang, r-devel-linux-x86_64-fedora-gcc, r-devel-osx-x86_64-clang, r-devel-windows-ix86+x86_64, r-patched-linux-x86_64, r-patched-solaris-sparc, r-patched-solaris-x86, r-release-linux-x86_64, r-release-osx-x86_64-mavericks, r-release-windows-ix86+x86_64