CRAN Package Check Results for Package sparsediscrim

Last updated on 2015-07-04 23:47:34.

Flavor Version Tinstall Tcheck Ttotal Status Flags
r-devel-linux-x86_64-debian-clang 0.2 1.32 19.37 20.69 NOTE
r-devel-linux-x86_64-debian-gcc 0.2 1.39 18.73 20.12 NOTE
r-devel-linux-x86_64-fedora-clang 0.2 40.17 NOTE
r-devel-linux-x86_64-fedora-gcc 0.2 36.68 NOTE
r-devel-osx-x86_64-clang 0.2 34.29 OK
r-devel-windows-ix86+x86_64 0.2 5.00 32.00 37.00 OK
r-patched-linux-x86_64 0.2 1.35 19.97 21.32 OK
r-patched-solaris-sparc 0.2 260.60 OK
r-patched-solaris-x86 0.2 53.60 OK
r-release-linux-x86_64 0.2 1.37 19.25 20.62 OK
r-release-osx-x86_64-mavericks 0.2 OK
r-release-windows-ix86+x86_64 0.2 6.00 30.00 36.00 OK
r-oldrel-windows-ix86+x86_64 0.2 8.00 36.00 44.00 OK

Check Details

Version: 0.2
Check: R code for possible problems
Result: NOTE
    cov_mle: no visible binding for global variable ‘var’
    cov_mle: no visible global function definition for ‘cov’
    cov_pool : <anonymous>: no visible global function definition for ‘cov’
    dlda.formula: no visible global function definition for ‘model.frame’
    dlda.formula: no visible global function definition for ‘model.matrix’
    dlda.formula: no visible global function definition for
     ‘model.response’
    dqda.formula: no visible global function definition for ‘model.frame’
    dqda.formula: no visible global function definition for ‘model.matrix’
    dqda.formula: no visible global function definition for
     ‘model.response’
    hdrda.formula: no visible global function definition for ‘model.frame’
    hdrda.formula: no visible global function definition for ‘model.matrix’
    hdrda.formula: no visible global function definition for
     ‘model.response’
    hdrda_cv : <anonymous> : <anonymous>: no visible global function
     definition for ‘predict’
    lda_pseudo.formula: no visible global function definition for
     ‘model.frame’
    lda_pseudo.formula: no visible global function definition for
     ‘model.matrix’
    lda_pseudo.formula: no visible global function definition for
     ‘model.response’
    lda_schafer.formula: no visible global function definition for
     ‘model.frame’
    lda_schafer.formula: no visible global function definition for
     ‘model.matrix’
    lda_schafer.formula: no visible global function definition for
     ‘model.response’
    lda_thomaz.formula: no visible global function definition for
     ‘model.frame’
    lda_thomaz.formula: no visible global function definition for
     ‘model.matrix’
    lda_thomaz.formula: no visible global function definition for
     ‘model.response’
    mdeb.formula: no visible global function definition for ‘model.frame’
    mdeb.formula: no visible global function definition for ‘model.matrix’
    mdeb.formula: no visible global function definition for
     ‘model.response’
    mdmeb.formula: no visible global function definition for ‘model.frame’
    mdmeb.formula: no visible global function definition for ‘model.matrix’
    mdmeb.formula: no visible global function definition for
     ‘model.response’
    mdmp.formula: no visible global function definition for ‘model.frame’
    mdmp.formula: no visible global function definition for ‘model.matrix’
    mdmp.formula: no visible global function definition for
     ‘model.response’
    no_intercept: no visible global function definition for ‘update’
    no_intercept: no visible global function definition for ‘terms’
    sdlda.formula: no visible global function definition for ‘model.frame’
    sdlda.formula: no visible global function definition for ‘model.matrix’
    sdlda.formula: no visible global function definition for
     ‘model.response’
    sdqda.formula: no visible global function definition for ‘model.frame’
    sdqda.formula: no visible global function definition for ‘model.matrix’
    sdqda.formula: no visible global function definition for
     ‘model.response’
    smdlda.formula: no visible global function definition for ‘model.frame’
    smdlda.formula: no visible global function definition for
     ‘model.matrix’
    smdlda.formula: no visible global function definition for
     ‘model.response’
    smdqda.formula: no visible global function definition for ‘model.frame’
    smdqda.formula: no visible global function definition for
     ‘model.matrix’
    smdqda.formula: no visible global function definition for
     ‘model.response’
    tong_mean_shrinkage: no visible binding for global variable ‘var’
    Undefined global functions or variables:
     cov model.frame model.matrix model.response predict terms update var
Flavors: r-devel-linux-x86_64-debian-clang, r-devel-linux-x86_64-debian-gcc, r-devel-linux-x86_64-fedora-clang, r-devel-linux-x86_64-fedora-gcc