CRAN Package Check Results for Package sparsediscrim

Last updated on 2017-06-27 15:49:13.

Flavor Version Tinstall Tcheck Ttotal Status Flags
r-release-osx-x86_64 0.2.3 WARN

Check Details

Version: 0.2.3
Check: for unstated dependencies in ‘tests’
Result: WARN
    'library' or 'require' call not declared from: ‘testthat’
Flavor: r-release-osx-x86_64