CRAN Package Check Results for Package sparsediscrim

Last updated on 2016-12-03 08:49:11.

Flavor Version Tinstall Tcheck Ttotal Status Flags
r-devel-linux-x86_64-debian-clang 0.2.3 2.32 30.87 33.19 ERROR
r-devel-linux-x86_64-debian-gcc 0.2.3 2.28 31.25 33.54 ERROR
r-devel-linux-x86_64-fedora-clang 0.2.3 63.08 ERROR --no-stop-on-test-error
r-devel-linux-x86_64-fedora-gcc 0.2.3 60.36 ERROR --no-stop-on-test-error
r-devel-macos-x86_64-clang 0.2.3 52.20 ERROR
r-devel-windows-ix86+x86_64 0.2.3 9.00 76.00 85.00 ERROR
r-patched-linux-x86_64 0.2.3 2.33 28.73 31.06 OK
r-patched-solaris-sparc 0.2.3 351.90 OK
r-patched-solaris-x86 0.2.3 71.30 OK
r-release-linux-x86_64 0.2.3 2.14 29.14 31.28 OK
r-release-osx-x86_64-mavericks 0.2.3 OK
r-release-windows-ix86+x86_64 0.2.3 9.00 73.00 82.00 OK
r-oldrel-windows-ix86+x86_64 0.2.3 10.00 47.00 57.00 OK

Check Details

Version: 0.2.3
Check: for unstated dependencies in ‘tests’
Result: WARN
    'library' or 'require' call not declared from: ‘testthat’
Flavors: r-devel-linux-x86_64-debian-clang, r-devel-linux-x86_64-debian-gcc, r-devel-macos-x86_64-clang, r-devel-windows-ix86+x86_64

Version: 0.2.3
Check: tests
Result: ERROR
    Running the tests in ‘tests/testthat.r’ failed.
    Last 13 lines of output:
     R is free software and comes with ABSOLUTELY NO WARRANTY.
     You are welcome to redistribute it under certain conditions.
     Type 'license()' or 'licence()' for distribution details.
    
     R is a collaborative project with many contributors.
     Type 'contributors()' for more information and
     'citation()' on how to cite R or R packages in publications.
    
     Type 'demo()' for some demos, 'help()' for on-line help, or
     'help.start()' for an HTML browser interface to help.
     Type 'q()' to quit R.
    
     > library(testthat)
     Error in library(testthat) : there is no package called 'testthat'
     Execution halted
Flavors: r-devel-linux-x86_64-debian-clang, r-devel-linux-x86_64-debian-gcc, r-devel-macos-x86_64-clang, r-devel-windows-ix86+x86_64

Version: 0.2.3
Flags: --no-stop-on-test-error
Check: for unstated dependencies in ‘tests’
Result: WARN
    'library' or 'require' call not declared from: ‘testthat’
Flavors: r-devel-linux-x86_64-fedora-clang, r-devel-linux-x86_64-fedora-gcc

Version: 0.2.3
Flags: --no-stop-on-test-error
Check: tests
Result: ERROR
    Running the tests in ‘tests/testthat.r’ failed.
    Last 13 lines of output:
     R is free software and comes with ABSOLUTELY NO WARRANTY.
     You are welcome to redistribute it under certain conditions.
     Type 'license()' or 'licence()' for distribution details.
    
     R is a collaborative project with many contributors.
     Type 'contributors()' for more information and
     'citation()' on how to cite R or R packages in publications.
    
     Type 'demo()' for some demos, 'help()' for on-line help, or
     'help.start()' for an HTML browser interface to help.
     Type 'q()' to quit R.
    
     > library(testthat)
     Error in library(testthat) : there is no package called 'testthat'
     Execution halted
Flavors: r-devel-linux-x86_64-fedora-clang, r-devel-linux-x86_64-fedora-gcc