CRAN Package Check Results for Package sparsediscrim

Last updated on 2017-03-24 06:48:40.

Flavor Version Tinstall Tcheck Ttotal Status Flags
r-devel-linux-x86_64-debian-clang 0.2.3 2.10 30.95 33.05 ERROR
r-devel-linux-x86_64-debian-gcc 0.2.3 2.12 30.11 32.23 ERROR
r-devel-linux-x86_64-fedora-clang 0.2.3 72.87 ERROR --no-stop-on-test-error
r-devel-linux-x86_64-fedora-gcc 0.2.3 61.57 ERROR --no-stop-on-test-error
r-devel-macos-x86_64-clang 0.2.3 49.50 ERROR --no-stop-on-test-error
r-devel-windows-ix86+x86_64 0.2.3 7.00 56.00 63.00 ERROR
r-patched-linux-x86_64 0.2.3 2.14 28.04 30.17 OK
r-patched-solaris-sparc 0.2.3 364.00 ERROR
r-patched-solaris-x86 0.2.3 86.60 ERROR
r-release-linux-x86_64 0.2.3 2.36 29.54 31.90 OK
r-release-osx-x86_64-mavericks 0.2.3 OK
r-release-windows-ix86+x86_64 0.2.3 9.00 47.00 56.00 OK
r-oldrel-windows-ix86+x86_64 0.2.3 10.00 86.00 96.00 OK

Check Details

Version: 0.2.3
Check: for unstated dependencies in ‘tests’
Result: WARN
    'library' or 'require' call not declared from: ‘testthat’
Flavors: r-devel-linux-x86_64-debian-clang, r-devel-linux-x86_64-debian-gcc, r-devel-windows-ix86+x86_64, r-patched-solaris-sparc, r-patched-solaris-x86

Version: 0.2.3
Check: tests
Result: ERROR
     Running ‘testthat.r’ [0s/0s]
    Running the tests in ‘tests/testthat.r’ failed.
    Complete output:
     > library(testthat)
     Error in library(testthat) : there is no package called 'testthat'
     Execution halted
Flavors: r-devel-linux-x86_64-debian-clang, r-devel-linux-x86_64-debian-gcc

Version: 0.2.3
Flags: --no-stop-on-test-error
Check: for unstated dependencies in ‘tests’
Result: WARN
    'library' or 'require' call not declared from: ‘testthat’
Flavors: r-devel-linux-x86_64-fedora-clang, r-devel-linux-x86_64-fedora-gcc, r-devel-macos-x86_64-clang

Version: 0.2.3
Flags: --no-stop-on-test-error
Check: tests
Result: ERROR
     Running ‘testthat.r’
    Running the tests in ‘tests/testthat.r’ failed.
    Complete output:
     > library(testthat)
     Error in library(testthat) : there is no package called 'testthat'
     Execution halted
Flavors: r-devel-linux-x86_64-fedora-clang, r-devel-linux-x86_64-fedora-gcc, r-devel-macos-x86_64-clang

Version: 0.2.3
Check: tests
Result: ERROR
     Running 'testthat.r' [0s]
    Running the tests in 'tests/testthat.r' failed.
    Complete output:
     > library(testthat)
     Error in library(testthat) : there is no package called 'testthat'
     Execution halted
Flavor: r-devel-windows-ix86+x86_64

Version: 0.2.3
Check: tests
Result: ERROR
     Running ‘testthat.r’
    Running the tests in ‘tests/testthat.r’ failed.
    Complete output:
     > library(testthat)
     Error in library(testthat) : there is no package called 'testthat'
     Execution halted
Flavors: r-patched-solaris-sparc, r-patched-solaris-x86