CRAN Package Check Results for Package sparsediscrim

Last updated on 2016-09-24 23:48:26.

Flavor Version Tinstall Tcheck Ttotal Status Flags
r-devel-linux-x86_64-debian-clang 0.2.3 1.94 26.74 28.68 ERROR
r-devel-linux-x86_64-debian-gcc 0.2.3 2.05 26.71 28.76 ERROR
r-devel-linux-x86_64-fedora-clang 0.2.3 55.57 ERROR
r-devel-linux-x86_64-fedora-gcc 0.2.3 54.30 ERROR
r-devel-macos-x86_64-clang 0.2.3 45.47 ERROR
r-devel-windows-ix86+x86_64 0.2.3 9.00 48.00 57.00 ERROR
r-patched-linux-x86_64 0.2.3 2.24 27.84 30.08 OK
r-patched-solaris-sparc 0.2.3 336.60 OK
r-patched-solaris-x86 0.2.3 71.30 OK
r-release-linux-x86_64 0.2.3 2.17 28.37 30.54 OK
r-release-osx-x86_64-mavericks 0.2.3 OK
r-release-windows-ix86+x86_64 0.2.3 7.00 55.00 62.00 OK
r-oldrel-windows-ix86+x86_64 0.2.3 10.00 76.00 86.00 OK

Check Details

Version: 0.2.3
Check: for unstated dependencies in ‘tests’
Result: WARN
    'library' or 'require' call not declared from: ‘testthat’
Flavors: r-devel-linux-x86_64-debian-clang, r-devel-linux-x86_64-debian-gcc, r-devel-linux-x86_64-fedora-clang, r-devel-linux-x86_64-fedora-gcc, r-devel-macos-x86_64-clang, r-devel-windows-ix86+x86_64

Version: 0.2.3
Check: tests
Result: ERROR
    Running the tests in ‘tests/testthat.r’ failed.
    Last 13 lines of output:
     R is free software and comes with ABSOLUTELY NO WARRANTY.
     You are welcome to redistribute it under certain conditions.
     Type 'license()' or 'licence()' for distribution details.
    
     R is a collaborative project with many contributors.
     Type 'contributors()' for more information and
     'citation()' on how to cite R or R packages in publications.
    
     Type 'demo()' for some demos, 'help()' for on-line help, or
     'help.start()' for an HTML browser interface to help.
     Type 'q()' to quit R.
    
     > library(testthat)
     Error in library(testthat) : there is no package called 'testthat'
     Execution halted
Flavors: r-devel-linux-x86_64-debian-clang, r-devel-linux-x86_64-debian-gcc, r-devel-linux-x86_64-fedora-clang, r-devel-linux-x86_64-fedora-gcc, r-devel-macos-x86_64-clang, r-devel-windows-ix86+x86_64