CRAN Package Check Results for Package sparsenet

Last updated on 2015-03-02 19:52:28.

Flavor Version Tinstall Tcheck Ttotal Status Flags
r-devel-linux-x86_64-debian-clang 1.2 3.90 41.06 44.96 NOTE
r-devel-linux-x86_64-debian-gcc 1.2 3.56 39.96 43.52 NOTE
r-devel-linux-x86_64-fedora-clang 1.2 87.90 NOTE
r-devel-linux-x86_64-fedora-gcc 1.2 85.17 NOTE
r-devel-osx-x86_64-clang 1.2 80.84 NOTE
r-devel-windows-ix86+x86_64 1.2 15.00 115.00 130.00 NOTE
r-patched-linux-x86_64 1.2 4.62 50.02 54.64 NOTE
r-patched-solaris-sparc 1.2 700.70 NOTE
r-patched-solaris-x86 1.2 156.10 NOTE
r-release-linux-ix86 1.2 5.66 57.90 63.55 NOTE
r-release-linux-x86_64 1.2 4.47 50.41 54.88 NOTE
r-release-osx-x86_64-mavericks 1.2 NOTE
r-release-osx-x86_64-snowleopard 1.2 OK
r-release-windows-ix86+x86_64 1.2 20.00 109.00 129.00 NOTE
r-oldrel-windows-ix86+x86_64 1.2 11.00 105.00 116.00 OK

Check Details

Version: 1.2
Check: S3 generic/method consistency
Result: NOTE
    Found the following apparent S3 methods exported but not registered:
     coef.cv.sparsenet
    See section ‘Registering S3 methods’ in the ‘Writing R Extensions’
    manual.
Flavors: r-devel-linux-x86_64-debian-clang, r-devel-linux-x86_64-debian-gcc, r-devel-linux-x86_64-fedora-clang, r-devel-linux-x86_64-fedora-gcc, r-devel-osx-x86_64-clang

Version: 1.2
Check: R code for possible problems
Result: NOTE
    getcoef_list: no visible global function definition for ‘drop0’
    sparsepredict: no visible global function definition for
     ‘lambda.interp’
    sparsepredict: no visible global function definition for ‘nonzeroCoef’
Flavors: r-devel-linux-x86_64-debian-clang, r-devel-linux-x86_64-debian-gcc, r-devel-linux-x86_64-fedora-clang, r-devel-linux-x86_64-fedora-gcc, r-devel-osx-x86_64-clang, r-devel-windows-ix86+x86_64, r-patched-linux-x86_64, r-patched-solaris-sparc, r-patched-solaris-x86, r-release-linux-ix86, r-release-linux-x86_64, r-release-osx-x86_64-mavericks, r-release-windows-ix86+x86_64