CRAN Package Check Results for Package sparsenet

Last updated on 2014-08-20 21:47:38.

Flavor Version Tinstall Tcheck Ttotal Status Flags
r-devel-linux-x86_64-debian-clang 1.2 5.06 46.86 51.91 OK
r-devel-linux-x86_64-debian-gcc 1.2 4.22 46.97 51.19 OK
r-devel-linux-x86_64-fedora-clang 1.2 117.71 NOTE
r-devel-linux-x86_64-fedora-gcc 1.2 120.24 NOTE
r-devel-osx-x86_64-clang 1.2 95.76 NOTE
r-devel-windows-ix86+x86_64 1.2 13.00 97.00 110.00 OK
r-patched-linux-x86_64 1.2 4.34 46.17 50.51 OK
r-patched-solaris-sparc 1.2 720.00 OK
r-patched-solaris-x86 1.2 156.50 OK
r-release-linux-ix86 1.2 5.92 58.58 64.50 OK
r-release-linux-x86_64 1.2 4.60 47.06 51.66 OK
r-release-osx-x86_64-mavericks 1.2 OK
r-release-osx-x86_64-snowleopard 1.2 OK
r-release-windows-ix86+x86_64 1.2 11.00 97.00 108.00 OK
r-oldrel-windows-ix86+x86_64 1.2 12.00 99.00 111.00 OK

Check Details

Version: 1.2
Check: R code for possible problems
Result: NOTE
    getcoef_list: no visible global function definition for ‘drop0’
    sparsepredict: no visible global function definition for
     ‘lambda.interp’
    sparsepredict: no visible global function definition for ‘nonzeroCoef’
Flavors: r-devel-linux-x86_64-fedora-clang, r-devel-linux-x86_64-fedora-gcc, r-devel-osx-x86_64-clang