CRAN Package Check Results for Package sparsenet

Last updated on 2017-02-20 17:49:24.

Flavor Version Tinstall Tcheck Ttotal Status Flags
r-devel-linux-x86_64-debian-clang 1.2 3.64 42.57 46.21 NOTE
r-devel-linux-x86_64-debian-gcc 1.2 3.75 40.91 44.66 NOTE
r-devel-linux-x86_64-fedora-clang 1.2 97.95 NOTE --no-stop-on-test-error
r-devel-linux-x86_64-fedora-gcc 1.2 95.73 NOTE --no-stop-on-test-error
r-devel-macos-x86_64-clang 75.09 NOTE --no-stop-on-test-error
r-devel-windows-ix86+x86_64 1.2 17.00 101.00 118.00 NOTE
r-patched-linux-x86_64 1.2 3.50 36.92 40.42 NOTE
r-patched-solaris-sparc 1.2 563.60 NOTE
r-patched-solaris-x86 1.2 123.90 NOTE
r-release-linux-x86_64 1.2 3.24 36.83 40.07 NOTE
r-release-osx-x86_64-mavericks 1.2 NOTE
r-release-windows-ix86+x86_64 1.2 10.00 97.00 107.00 NOTE
r-oldrel-windows-ix86+x86_64 1.2 11.00 93.00 104.00 NOTE

Check Details

Version: 1.2
Check: S3 generic/method consistency
Result: NOTE
    Found the following apparent S3 methods exported but not registered:
     coef.cv.sparsenet
    See section ‘Registering S3 methods’ in the ‘Writing R Extensions’
    manual.
Flavors: r-devel-linux-x86_64-debian-clang, r-devel-linux-x86_64-debian-gcc, r-patched-linux-x86_64, r-patched-solaris-sparc, r-patched-solaris-x86, r-release-linux-x86_64

Version: 1.2
Check: R code for possible problems
Result: NOTE
    coef.cv.sparsenet: no visible global function definition for ‘coef’
    coef.sparsenet: no visible global function definition for ‘predict’
    cv.sparsenet: no visible global function definition for ‘predict’
    cv.sparsenet: no visible binding for global variable ‘weighted.mean’
    gendata: no visible global function definition for ‘rnorm’
    getcoef_list: no visible global function definition for ‘new’
    getcoef_list: no visible global function definition for ‘drop0’
    lambda0: no visible global function definition for ‘weighted.mean’
    plot.cv.sparsenet: no visible global function definition for ‘par’
    plot.cv.sparsenet: no visible global function definition for ‘rainbow’
    plot.cv.sparsenet: no visible global function definition for ‘plot’
    plot.cv.sparsenet: no visible global function definition for ‘lines’
    plot.cv.sparsenet: no visible global function definition for ‘abline’
    plot.cv.sparsenet: no visible global function definition for ‘axis’
    plot.sparsenet: no visible global function definition for ‘par’
    plot.sparsenet: no visible global function definition for ‘cbind2’
    plot.sparsenet: no visible global function definition for ‘mtext’
    predict.cv.sparsenet: no visible global function definition for
     ‘predict’
    sparsepredict: no visible global function definition for ‘rbind2’
    sparsepredict: no visible global function definition for
     ‘lambda.interp’
    sparsepredict: no visible global function definition for ‘nonzeroCoef’
    sparsepredict: no visible global function definition for ‘cbind2’
    zeromat: no visible global function definition for ‘new’
    Undefined global functions or variables:
     abline axis cbind2 coef drop0 lambda.interp lines mtext new
     nonzeroCoef par plot predict rainbow rbind2 rnorm weighted.mean
    Consider adding
     importFrom("grDevices", "rainbow")
     importFrom("graphics", "abline", "axis", "lines", "mtext", "par",
     "plot")
     importFrom("methods", "cbind2", "new", "rbind2")
     importFrom("stats", "coef", "predict", "rnorm", "weighted.mean")
    to your NAMESPACE file (and ensure that your DESCRIPTION Imports field
    contains 'methods').
Flavors: r-devel-linux-x86_64-debian-clang, r-devel-linux-x86_64-debian-gcc, r-devel-windows-ix86+x86_64, r-patched-linux-x86_64, r-patched-solaris-sparc, r-patched-solaris-x86, r-release-linux-x86_64, r-release-osx-x86_64-mavericks, r-release-windows-ix86+x86_64

Version: 1.2
Check: compiled code
Result: NOTE
    File ‘sparsenet/libs/sparsenet.so’:
     Found no calls to: ‘R_registerRoutines’, ‘R_useDynamicSymbols’
    
    It is good practice to register native routines and to disable symbol
    search.
    
    See ‘Writing portable packages’ in the ‘Writing R Extensions’ manual.
Flavors: r-devel-linux-x86_64-debian-clang, r-devel-linux-x86_64-debian-gcc

Version: 1.2
Flags: --no-stop-on-test-error
Check: S3 generic/method consistency
Result: NOTE
    Found the following apparent S3 methods exported but not registered:
     coef.cv.sparsenet
    See section ‘Registering S3 methods’ in the ‘Writing R Extensions’
    manual.
Flavors: r-devel-linux-x86_64-fedora-clang, r-devel-linux-x86_64-fedora-gcc, r-devel-macos-x86_64-clang

Version: 1.2
Flags: --no-stop-on-test-error
Check: R code for possible problems
Result: NOTE
    coef.cv.sparsenet: no visible global function definition for ‘coef’
    coef.sparsenet: no visible global function definition for ‘predict’
    cv.sparsenet: no visible global function definition for ‘predict’
    cv.sparsenet: no visible binding for global variable ‘weighted.mean’
    gendata: no visible global function definition for ‘rnorm’
    getcoef_list: no visible global function definition for ‘new’
    getcoef_list: no visible global function definition for ‘drop0’
    lambda0: no visible global function definition for ‘weighted.mean’
    plot.cv.sparsenet: no visible global function definition for ‘par’
    plot.cv.sparsenet: no visible global function definition for ‘rainbow’
    plot.cv.sparsenet: no visible global function definition for ‘plot’
    plot.cv.sparsenet: no visible global function definition for ‘lines’
    plot.cv.sparsenet: no visible global function definition for ‘abline’
    plot.cv.sparsenet: no visible global function definition for ‘axis’
    plot.sparsenet: no visible global function definition for ‘par’
    plot.sparsenet: no visible global function definition for ‘cbind2’
    plot.sparsenet: no visible global function definition for ‘mtext’
    predict.cv.sparsenet: no visible global function definition for
     ‘predict’
    sparsepredict: no visible global function definition for ‘rbind2’
    sparsepredict: no visible global function definition for
     ‘lambda.interp’
    sparsepredict: no visible global function definition for ‘nonzeroCoef’
    sparsepredict: no visible global function definition for ‘cbind2’
    zeromat: no visible global function definition for ‘new’
    Undefined global functions or variables:
     abline axis cbind2 coef drop0 lambda.interp lines mtext new
     nonzeroCoef par plot predict rainbow rbind2 rnorm weighted.mean
    Consider adding
     importFrom("grDevices", "rainbow")
     importFrom("graphics", "abline", "axis", "lines", "mtext", "par",
     "plot")
     importFrom("methods", "cbind2", "new", "rbind2")
     importFrom("stats", "coef", "predict", "rnorm", "weighted.mean")
    to your NAMESPACE file (and ensure that your DESCRIPTION Imports field
    contains 'methods').
Flavors: r-devel-linux-x86_64-fedora-clang, r-devel-linux-x86_64-fedora-gcc, r-devel-macos-x86_64-clang

Version: 1.2
Flags: --no-stop-on-test-error
Check: compiled code
Result: NOTE
    File ‘sparsenet/libs/sparsenet.so’:
     Found no calls to: ‘R_registerRoutines’, ‘R_useDynamicSymbols’
    
    It is good practice to register native routines and to disable symbol
    search.
    
    See ‘Writing portable packages’ in the ‘Writing R Extensions’ manual.
Flavors: r-devel-linux-x86_64-fedora-clang, r-devel-linux-x86_64-fedora-gcc, r-devel-macos-x86_64-clang

Version: 1.2
Check: R code for possible problems
Result: NOTE
    getcoef_list: no visible global function definition for 'drop0'
    sparsepredict: no visible global function definition for
     'lambda.interp'
    sparsepredict: no visible global function definition for 'nonzeroCoef'
Flavor: r-oldrel-windows-ix86+x86_64