CRAN Package Check Results for Package sparsenet

Last updated on 2014-10-21 05:48:09.

Flavor Version Tinstall Tcheck Ttotal Status Flags
r-devel-linux-x86_64-debian-clang 1.2 4.34 45.50 49.84 NOTE
r-devel-linux-x86_64-debian-gcc 1.2 4.41 46.74 51.15 NOTE
r-devel-linux-x86_64-fedora-clang 1.2 118.60 NOTE
r-devel-linux-x86_64-fedora-gcc 1.2 110.93 NOTE
r-devel-osx-x86_64-clang 1.2 100.60 NOTE
r-devel-windows-ix86+x86_64 1.2 12.00 99.00 111.00 NOTE
r-patched-linux-x86_64 1.2 4.35 47.05 51.40 NOTE
r-patched-solaris-sparc 1.2 707.00 NOTE
r-patched-solaris-x86 1.2 156.00 NOTE
r-release-linux-ix86 1.2 5.96 60.37 66.33 OK
r-release-linux-x86_64 1.2 4.44 47.12 51.55 OK
r-release-osx-x86_64-mavericks 1.2 OK
r-release-osx-x86_64-snowleopard 1.2 OK
r-release-windows-ix86+x86_64 1.2 12.00 105.00 117.00 OK
r-oldrel-windows-ix86+x86_64 1.2 12.00 107.00 119.00 OK

Check Details

Version: 1.2
Check: R code for possible problems
Result: NOTE
    getcoef_list: no visible global function definition for ‘drop0’
    sparsepredict: no visible global function definition for
     ‘lambda.interp’
    sparsepredict: no visible global function definition for ‘nonzeroCoef’
Flavors: r-devel-linux-x86_64-debian-clang, r-devel-linux-x86_64-debian-gcc, r-devel-linux-x86_64-fedora-clang, r-devel-linux-x86_64-fedora-gcc, r-devel-osx-x86_64-clang, r-devel-windows-ix86+x86_64, r-patched-linux-x86_64, r-patched-solaris-sparc, r-patched-solaris-x86