CRAN Package Check Results for Package sparsenet

Last updated on 2014-12-20 14:48:05.

Flavor Version Tinstall Tcheck Ttotal Status Flags
r-devel-linux-x86_64-debian-clang 1.2 4.26 45.91 50.17 NOTE
r-devel-linux-x86_64-debian-gcc 1.2 4.16 45.93 50.10 NOTE
r-devel-linux-x86_64-fedora-clang 1.2 121.95 NOTE
r-devel-linux-x86_64-fedora-gcc 1.2 111.52 NOTE
r-devel-osx-x86_64-clang 1.2 100.66 NOTE
r-devel-windows-ix86+x86_64 1.2 13.00 99.00 112.00 NOTE
r-patched-linux-x86_64 1.2 4.39 48.75 53.14 NOTE
r-patched-solaris-sparc 1.2 707.00 NOTE
r-patched-solaris-x86 1.2 154.80 NOTE
r-release-linux-ix86 1.2 5.66 57.32 62.97 NOTE
r-release-linux-x86_64 1.2 4.30 49.18 53.48 NOTE
r-release-osx-x86_64-mavericks 1.2 OK
r-release-osx-x86_64-snowleopard 1.2 OK
r-release-windows-ix86+x86_64 1.2 14.00 107.00 121.00 NOTE
r-oldrel-windows-ix86+x86_64 1.2 12.00 102.00 114.00 OK

Check Details

Version: 1.2
Check: R code for possible problems
Result: NOTE
    getcoef_list: no visible global function definition for ‘drop0’
    sparsepredict: no visible global function definition for
     ‘lambda.interp’
    sparsepredict: no visible global function definition for ‘nonzeroCoef’
Flavors: r-devel-linux-x86_64-debian-clang, r-devel-linux-x86_64-debian-gcc, r-devel-linux-x86_64-fedora-clang, r-devel-linux-x86_64-fedora-gcc, r-devel-osx-x86_64-clang, r-devel-windows-ix86+x86_64, r-patched-linux-x86_64, r-patched-solaris-sparc, r-patched-solaris-x86, r-release-linux-ix86, r-release-linux-x86_64, r-release-windows-ix86+x86_64