CRAN Package Check Results for Package sparsenet

Last updated on 2014-09-19 07:49:41.

Flavor Version Tinstall Tcheck Ttotal Status Flags
r-devel-linux-x86_64-debian-clang 1.2 4.41 47.98 52.39 NOTE
r-devel-linux-x86_64-debian-gcc 1.2 4.28 47.44 51.72 NOTE
r-devel-linux-x86_64-fedora-clang 1.2 117.55 NOTE
r-devel-linux-x86_64-fedora-gcc 1.2 107.90 NOTE
r-devel-osx-x86_64-clang 1.2 97.72 NOTE
r-devel-windows-ix86+x86_64 1.2 12.00 100.00 112.00 NOTE
r-patched-linux-x86_64 1.2 4.46 47.64 52.11 OK
r-patched-solaris-sparc 1.2 720.00 OK
r-patched-solaris-x86 1.2 153.00 OK
r-release-linux-ix86 1.2 5.93 58.56 64.50 OK
r-release-linux-x86_64 1.2 4.43 47.00 51.43 OK
r-release-osx-x86_64-mavericks 1.2 OK
r-release-osx-x86_64-snowleopard 1.2 OK
r-release-windows-ix86+x86_64 1.2 11.00 106.00 117.00 OK
r-oldrel-windows-ix86+x86_64 1.2 12.00 103.00 115.00 OK

Check Details

Version: 1.2
Check: R code for possible problems
Result: NOTE
    getcoef_list: no visible global function definition for ‘drop0’
    sparsepredict: no visible global function definition for
     ‘lambda.interp’
    sparsepredict: no visible global function definition for ‘nonzeroCoef’
Flavors: r-devel-linux-x86_64-debian-clang, r-devel-linux-x86_64-debian-gcc, r-devel-linux-x86_64-fedora-clang, r-devel-linux-x86_64-fedora-gcc, r-devel-osx-x86_64-clang, r-devel-windows-ix86+x86_64