CRAN Package Check Results for Package sparsenet

Last updated on 2015-05-30 17:46:55.

Flavor Version Tinstall Tcheck Ttotal Status Flags
r-devel-linux-x86_64-debian-clang 1.2 3.82 44.49 48.31 NOTE
r-devel-linux-x86_64-debian-gcc 1.2 3.80 40.01 43.80 NOTE
r-devel-linux-x86_64-fedora-clang 1.2 90.60 NOTE
r-devel-linux-x86_64-fedora-gcc 1.2 85.15 NOTE
r-devel-osx-x86_64-clang 1.2 79.49 NOTE
r-devel-windows-ix86+x86_64 1.2 12.00 83.00 95.00 NOTE
r-patched-linux-x86_64 1.2 3.82 39.86 43.68 NOTE
r-patched-solaris-sparc 1.2 610.70 NOTE
r-patched-solaris-x86 1.2 122.80 NOTE
r-release-linux-x86_64 1.2 4.24 41.63 45.87 NOTE
r-release-osx-x86_64-mavericks 1.2 NOTE
r-release-osx-x86_64-snowleopard 1.2 NOTE
r-release-windows-ix86+x86_64 1.2 11.00 95.00 106.00 NOTE
r-oldrel-windows-ix86+x86_64 1.2 12.00 103.00 115.00 NOTE

Check Details

Version: 1.2
Check: S3 generic/method consistency
Result: NOTE
    Found the following apparent S3 methods exported but not registered:
     coef.cv.sparsenet
    See section ‘Registering S3 methods’ in the ‘Writing R Extensions’
    manual.
Flavors: r-devel-linux-x86_64-debian-clang, r-devel-linux-x86_64-debian-gcc, r-devel-linux-x86_64-fedora-clang, r-devel-linux-x86_64-fedora-gcc, r-devel-osx-x86_64-clang, r-patched-linux-x86_64, r-patched-solaris-sparc, r-patched-solaris-x86, r-release-linux-x86_64

Version: 1.2
Check: R code for possible problems
Result: NOTE
    getcoef_list: no visible global function definition for ‘drop0’
    sparsepredict: no visible global function definition for
     ‘lambda.interp’
    sparsepredict: no visible global function definition for ‘nonzeroCoef’
Flavors: r-devel-linux-x86_64-debian-clang, r-devel-linux-x86_64-debian-gcc, r-devel-linux-x86_64-fedora-clang, r-devel-linux-x86_64-fedora-gcc, r-devel-osx-x86_64-clang, r-devel-windows-ix86+x86_64, r-patched-linux-x86_64, r-patched-solaris-sparc, r-patched-solaris-x86, r-release-linux-x86_64, r-release-osx-x86_64-mavericks, r-release-osx-x86_64-snowleopard, r-release-windows-ix86+x86_64, r-oldrel-windows-ix86+x86_64