CRAN Package Check Results for Package sparsenet

Last updated on 2015-04-18 15:47:56.

Flavor Version Tinstall Tcheck Ttotal Status Flags
r-devel-linux-x86_64-debian-clang 1.2 3.87 41.19 45.06 NOTE
r-devel-linux-x86_64-debian-gcc 1.2 3.80 40.34 44.15 NOTE
r-devel-linux-x86_64-fedora-clang 1.2 90.22 NOTE
r-devel-linux-x86_64-fedora-gcc 1.2 87.77 NOTE
r-devel-osx-x86_64-clang 1.2 80.73 NOTE
r-patched-linux-x86_64 1.2 3.70 39.35 43.04 NOTE
r-patched-solaris-sparc 1.2 607.50 NOTE
r-patched-solaris-x86 1.2 119.40 NOTE
r-release-linux-x86_64 1.2 3.79 35.92 39.70 NOTE
r-release-osx-x86_64-mavericks 1.2 NOTE
r-release-osx-x86_64-snowleopard 1.2 OK
r-release-windows-ix86+x86_64 1.2 12.00 110.00 122.00 NOTE
r-oldrel-windows-ix86+x86_64 1.2 16.00 130.00 146.00 OK

Check Details

Version: 1.2
Check: S3 generic/method consistency
Result: NOTE
    Found the following apparent S3 methods exported but not registered:
     coef.cv.sparsenet
    See section ‘Registering S3 methods’ in the ‘Writing R Extensions’
    manual.
Flavors: r-devel-linux-x86_64-debian-clang, r-devel-linux-x86_64-debian-gcc, r-devel-linux-x86_64-fedora-clang, r-devel-linux-x86_64-fedora-gcc, r-devel-osx-x86_64-clang, r-patched-linux-x86_64, r-release-linux-x86_64

Version: 1.2
Check: R code for possible problems
Result: NOTE
    getcoef_list: no visible global function definition for ‘drop0’
    sparsepredict: no visible global function definition for
     ‘lambda.interp’
    sparsepredict: no visible global function definition for ‘nonzeroCoef’
Flavors: r-devel-linux-x86_64-debian-clang, r-devel-linux-x86_64-debian-gcc, r-devel-linux-x86_64-fedora-clang, r-devel-linux-x86_64-fedora-gcc, r-devel-osx-x86_64-clang, r-patched-linux-x86_64, r-patched-solaris-sparc, r-patched-solaris-x86, r-release-linux-x86_64, r-release-osx-x86_64-mavericks, r-release-windows-ix86+x86_64