CRAN Package Check Results for Package sparsenet

Last updated on 2015-01-30 14:49:01.

Flavor Version Tinstall Tcheck Ttotal Status Flags
r-devel-linux-x86_64-debian-clang 1.2 4.08 43.18 47.26 NOTE
r-devel-linux-x86_64-debian-gcc 1.2 4.12 42.48 46.60 NOTE
r-devel-linux-x86_64-fedora-clang 1.2 120.39 NOTE
r-devel-linux-x86_64-fedora-gcc 1.2 117.46 NOTE
r-devel-osx-x86_64-clang 1.2 98.70 NOTE
r-devel-windows-ix86+x86_64 1.2 16.00 94.00 110.00 NOTE
r-patched-linux-x86_64 1.2 4.40 47.16 51.56 NOTE
r-patched-solaris-sparc 1.2 700.70 NOTE
r-patched-solaris-x86 1.2 158.40 NOTE
r-release-linux-ix86 1.2 5.62 57.31 62.92 NOTE
r-release-linux-x86_64 1.2 4.34 46.73 51.07 NOTE
r-release-osx-x86_64-mavericks 1.2 NOTE
r-release-osx-x86_64-snowleopard 1.2 OK
r-release-windows-ix86+x86_64 1.2 13.00 107.00 120.00 NOTE
r-oldrel-windows-ix86+x86_64 1.2 13.00 101.00 114.00 OK

Check Details

Version: 1.2
Check: S3 generic/method consistency
Result: NOTE
    Found the following apparent S3 methods exported but not registered:
     coef.cv.sparsenet
    See section ‘Registering S3 methods’ in the ‘Writing R Extensions’
    manual.
Flavors: r-devel-linux-x86_64-debian-clang, r-devel-linux-x86_64-debian-gcc, r-devel-linux-x86_64-fedora-clang, r-devel-linux-x86_64-fedora-gcc, r-devel-osx-x86_64-clang

Version: 1.2
Check: R code for possible problems
Result: NOTE
    getcoef_list: no visible global function definition for ‘drop0’
    sparsepredict: no visible global function definition for
     ‘lambda.interp’
    sparsepredict: no visible global function definition for ‘nonzeroCoef’
Flavors: r-devel-linux-x86_64-debian-clang, r-devel-linux-x86_64-debian-gcc, r-devel-linux-x86_64-fedora-clang, r-devel-linux-x86_64-fedora-gcc, r-devel-osx-x86_64-clang, r-devel-windows-ix86+x86_64, r-patched-linux-x86_64, r-patched-solaris-sparc, r-patched-solaris-x86, r-release-linux-ix86, r-release-linux-x86_64, r-release-osx-x86_64-mavericks, r-release-windows-ix86+x86_64