CRAN Package Check Results for Package sparsenet

Last updated on 2014-04-24 21:47:51.

Flavor Version Tinstall Tcheck Ttotal Status Flags
r-devel-linux-x86_64-debian-clang 1.2 4.59 48.52 53.12 OK
r-devel-linux-x86_64-debian-gcc 1.2 4.56 48.06 52.62 OK
r-devel-linux-x86_64-fedora-clang 1.2 122.47 OK
r-devel-linux-x86_64-fedora-gcc 1.2 117.55 OK
r-devel-osx-x86_64-clang 1.2 97.50 OK
r-devel-osx-x86_64-gcc 1.2 OK
r-devel-windows-ix86+x86_64 1.2 14.00 105.00 119.00 OK
r-patched-linux-x86_64 1.2 4.81 47.47 52.28 OK
r-patched-solaris-sparc 1.2 662.00 OK
r-patched-solaris-x86 1.2 157.60 OK
r-release-linux-ix86 1.2 8.00 78.00 86.00 OK
r-release-linux-x86_64 1.2 4.71 49.30 54.01 OK
r-release-osx-x86_64-mavericks 1.2 WARN
r-release-osx-x86_64-snowleopard 1.2 OK
r-release-windows-ix86+x86_64 1.2 11.00 104.00 115.00 OK
r-oldrel-windows-ix86+x86_64 1.2 12.00 104.00 116.00 OK

Check Details

Version: 1.2
Check: PDF version of manual
Result: WARNING
    LaTeX errors when creating PDF version.
    This typically indicates Rd problems.
    LaTeX errors found:
    ! LaTeX Error: File `upquote.sty' not found.
    
    Type X to quit or <RETURN> to proceed,
    or enter new name. (Default extension: sty)
    
    3d2b692/Rd2.tex:8: ==> Fatal error occurred, no output PDF file produced!
Flavor: r-release-osx-x86_64-mavericks