CRAN Package Check Results for Package sparsepca

Last updated on 2024-05-20 17:57:46 CEST.

Flavor Version Tinstall Tcheck Ttotal Status Flags
r-devel-linux-x86_64-debian-clang 0.1.2 6.25 65.85 72.10 NOTE
r-devel-linux-x86_64-debian-gcc 0.1.2 5.31 49.15 54.46 NOTE
r-devel-linux-x86_64-fedora-clang 0.1.2 89.99 NOTE
r-devel-linux-x86_64-fedora-gcc 0.1.2 90.44 NOTE
r-devel-windows-x86_64 0.1.2 7.00 63.00 70.00 NOTE
r-patched-linux-x86_64 0.1.2 7.36 63.00 70.36 NOTE
r-release-linux-x86_64 0.1.2 6.99 60.39 67.38 NOTE
r-release-macos-arm64 0.1.2 32.00 NOTE
r-release-windows-x86_64 0.1.2 7.00 63.00 70.00 NOTE
r-oldrel-macos-arm64 0.1.2 33.00 NOTE
r-oldrel-macos-x86_64 0.1.2 48.00 NOTE
r-oldrel-windows-x86_64 0.1.2 8.00 76.00 84.00 NOTE

Check Details

Version: 0.1.2
Check: LazyData
Result: NOTE 'LazyData' is specified without a 'data' directory Flavors: r-devel-linux-x86_64-debian-clang, r-devel-linux-x86_64-debian-gcc, r-devel-linux-x86_64-fedora-clang, r-devel-linux-x86_64-fedora-gcc, r-devel-windows-x86_64, r-patched-linux-x86_64, r-release-linux-x86_64, r-release-macos-arm64, r-release-windows-x86_64, r-oldrel-macos-arm64, r-oldrel-macos-x86_64, r-oldrel-windows-x86_64