CRAN Package Check Results for Package spartan

Last updated on 2015-05-25 19:47:24.

Flavor Version Tinstall Tcheck Ttotal Status Flags
r-devel-linux-x86_64-debian-clang 2.2.1 0.94 15.97 16.91 OK
r-devel-linux-x86_64-debian-gcc 2.2.1 0.92 16.10 17.02 OK
r-devel-linux-x86_64-fedora-clang 2.2.1 30.34 OK
r-devel-linux-x86_64-fedora-gcc 2.2.1 27.93 OK
r-devel-osx-x86_64-clang 2.2.1 32.43 OK
r-devel-windows-ix86+x86_64 2.2.1 5.00 24.00 29.00 OK
r-patched-linux-x86_64 2.2.1 1.01 15.58 16.59 OK
r-patched-solaris-sparc 2.2.1 193.10 OK
r-patched-solaris-x86 2.2.1 41.00 OK
r-release-linux-x86_64 2.2.1 1.04 15.96 17.00 OK
r-release-osx-x86_64-mavericks 2.2.1 OK
r-release-osx-x86_64-snowleopard 2.2.1 ERROR
r-release-windows-ix86+x86_64 2.2.1 4.00 23.00 27.00 OK
r-oldrel-windows-ix86+x86_64 2.2.1 5.00 41.00 46.00 OK

Check Details

Version: 2.2.1
Check: package dependencies
Result: NOTE
    Package suggested but not available for checking: ‘XML’
Flavor: r-release-osx-x86_64-snowleopard

Version: 2.2.1
Check: examples
Result: ERROR
    Running examples in ‘spartan-Ex.R’ failed
    The error most likely occurred in:
    
    > ### Name: Technique 1: Aleatory Analysis
    > ### Title: Technique 1: Aleatory Analysis
    > ### Aliases: aa_summariseReplicateRuns aa_getATestResults
    > ### aa_sampleSizeSummary aa_graphSampleSizeSummary
    > ### Keywords: Aleatory Analysis
    >
    > ### ** Examples
    >
    > # THE CODE IN THIS EXAMPLE IS THE SAME AS THAT USED IN THE TUTORIAL, AND
    > # THUS YOU NEED TO DOWNLOAD THE TUTORIAL DATA SET AND SET FILEPATH
    > # CORRECTLY TO RUN THIS
    >
    > ##---- Firstly, declare the parameters required for the four functions ----
    > library(XML)
    Error in library(XML) : there is no package called ‘XML’
    Execution halted
Flavor: r-release-osx-x86_64-snowleopard