CRAN Package Check Results for Package spartan

Last updated on 2015-07-04 11:50:04.

Flavor Version Tinstall Tcheck Ttotal Status Flags
r-devel-linux-x86_64-debian-clang 2.2.1 0.90 16.69 17.59 NOTE
r-devel-linux-x86_64-debian-gcc 2.2.1 0.88 15.04 15.93 NOTE
r-devel-linux-x86_64-fedora-clang 2.2.1 28.55 NOTE
r-devel-linux-x86_64-fedora-gcc 2.2.1 26.84 NOTE
r-devel-osx-x86_64-clang 2.2.1 26.37 OK
r-devel-windows-ix86+x86_64 2.2.1 7.00 42.00 49.00 NOTE
r-patched-linux-x86_64 2.2.1 0.95 15.70 16.65 OK
r-patched-solaris-sparc 2.2.1 193.10 OK
r-patched-solaris-x86 2.2.1 41.50 OK
r-release-linux-x86_64 2.2.1 0.94 16.98 17.92 OK
r-release-osx-x86_64-mavericks 2.2.1 OK
r-release-windows-ix86+x86_64 2.2.1 7.00 24.00 31.00 OK
r-oldrel-windows-ix86+x86_64 2.2.1 7.00 33.00 40.00 OK

Check Details

Version: 2.2.1
Check: R code for possible problems
Result: NOTE
    aa_getATestResults: no visible global function definition for
     ‘read.csv’
    aa_getATestResults: no visible global function definition for
     ‘write.csv’
    aa_graphATestsForSampleSize: no visible global function definition for
     ‘pdf’
    aa_graphATestsForSampleSize: no visible global function definition for
     ‘par’
    aa_graphATestsForSampleSize: no visible global function definition for
     ‘plot’
    aa_graphATestsForSampleSize: no visible global function definition for
     ‘lines’
    aa_graphATestsForSampleSize: no visible global function definition for
     ‘title’
    aa_graphATestsForSampleSize: no visible global function definition for
     ‘axis’
    aa_graphATestsForSampleSize: no visible global function definition for
     ‘legend’
    aa_graphATestsForSampleSize: no visible global function definition for
     ‘abline’
    aa_graphATestsForSampleSize: no visible global function definition for
     ‘text’
    aa_graphATestsForSampleSize: no visible global function definition for
     ‘dev.off’
    aa_graphSampleSizeSummary: no visible global function definition for
     ‘read.csv’
    aa_graphSampleSizeSummary: no visible global function definition for
     ‘pdf’
    aa_graphSampleSizeSummary: no visible global function definition for
     ‘par’
    aa_graphSampleSizeSummary: no visible global function definition for
     ‘plot’
    aa_graphSampleSizeSummary: no visible global function definition for
     ‘lines’
    aa_graphSampleSizeSummary: no visible global function definition for
     ‘title’
    aa_graphSampleSizeSummary: no visible global function definition for
     ‘axis’
    aa_graphSampleSizeSummary: no visible global function definition for
     ‘legend’
    aa_graphSampleSizeSummary: no visible global function definition for
     ‘abline’
    aa_graphSampleSizeSummary: no visible global function definition for
     ‘text’
    aa_graphSampleSizeSummary: no visible global function definition for
     ‘dev.off’
    aa_sampleSizeSummary: no visible global function definition for
     ‘read.csv’
    aa_sampleSizeSummary: no visible global function definition for
     ‘median’
    aa_sampleSizeSummary: no visible global function definition for
     ‘write.csv’
    aa_summariseReplicateRuns: no visible global function definition for
     ‘write.csv’
    efast_cvmethod: no visible global function definition for ‘sd’
    efast_generate_medians_for_all_parameter_subsets: no visible global
     function definition for ‘read.csv’
    efast_generate_medians_for_all_parameter_subsets: no visible global
     function definition for ‘write.csv’
    efast_generate_sample: no visible global function definition for
     ‘runif’
    efast_generate_sample: no visible global function definition for
     ‘write.csv’
    efast_generate_sample_netlogo: no visible global function definition
     for ‘runif’
    efast_generate_sample_netlogo: no visible global function definition
     for ‘write.csv’
    efast_get_overall_medians: no visible global function definition for
     ‘read.csv’
    efast_get_overall_medians: no visible global function definition for
     ‘median’
    efast_get_overall_medians: no visible global function definition for
     ‘write.csv’
    efast_graph_Results: no visible global function definition for ‘pdf’
    efast_graph_Results: no visible global function definition for ‘par’
    efast_graph_Results: no visible global function definition for ‘axis’
    efast_graph_Results: no visible global function definition for ‘legend’
    efast_graph_Results: no visible global function definition for
     ‘dev.off’
    efast_parameterdist: no visible global function definition for ‘runif’
    efast_process_netlogo_result: no visible global function definition for
     ‘read.csv’
    efast_process_netlogo_result: no visible global function definition for
     ‘write.csv’
    efast_run_Analysis: no visible global function definition for
     ‘read.csv’
    efast_run_Analysis: no visible global function definition for
     ‘write.csv’
    efast_sd: no visible global function definition for ‘na.omit’
    efast_ttest: no visible global function definition for ‘t.test’
    getMediansSubset: no visible global function definition for ‘read.csv’
    getMediansSubset: no visible global function definition for ‘median’
    lhc_generateLHCSummary: no visible global function definition for
     ‘read.csv’
    lhc_generateLHCSummary: no visible global function definition for
     ‘median’
    lhc_generateLHCSummary: no visible global function definition for
     ‘write.csv’
    lhc_generatePRCoEffs: no visible global function definition for
     ‘read.csv’
    lhc_generatePRCoEffs: no visible global function definition for
     ‘write.csv’
    lhc_generate_lhc_sample: no visible global function definition for
     ‘write.csv’
    lhc_generate_lhc_sample_netlogo: no visible global function definition
     for ‘write.csv’
    lhc_graphMeasuresForParameterChange: no visible global function
     definition for ‘read.csv’
    lhc_graphMeasuresForParameterChange: no visible global function
     definition for ‘pdf’
    lhc_graphMeasuresForParameterChange: no visible global function
     definition for ‘plot’
    lhc_graphMeasuresForParameterChange: no visible global function
     definition for ‘par’
    lhc_graphMeasuresForParameterChange: no visible global function
     definition for ‘dev.off’
    lhc_plotCoEfficients: no visible global function definition for
     ‘read.csv’
    lhc_plotCoEfficients: no visible global function definition for ‘pdf’
    lhc_plotCoEfficients: no visible global function definition for ‘par’
    lhc_plotCoEfficients: no visible global function definition for
     ‘barplot’
    lhc_plotCoEfficients: no visible global function definition for
     ‘legend’
    lhc_plotCoEfficients: no visible global function definition for
     ‘dev.off’
    lhc_process_netlogo_result: no visible global function definition for
     ‘read.csv’
    lhc_process_netlogo_result: no visible global function definition for
     ‘write.csv’
    lhc_process_sample_run_subsets: no visible global function definition
     for ‘read.csv’
    lhc_process_sample_run_subsets: no visible global function definition
     for ‘write.csv’
    oat_countResponsesOfDesiredValue: no visible global function definition
     for ‘read.csv’
    oat_countResponsesOfDesiredValue: no visible global function definition
     for ‘write.csv’
    oat_csv_result_file_analysis: no visible global function definition for
     ‘read.csv’
    oat_csv_result_file_analysis: no visible global function definition for
     ‘write.csv’
    oat_graphATestsForSampleSize: no visible global function definition for
     ‘read.csv’
    oat_graphATestsForSampleSize: no visible global function definition for
     ‘pdf’
    oat_graphATestsForSampleSize: no visible global function definition for
     ‘par’
    oat_graphATestsForSampleSize: no visible global function definition for
     ‘plot’
    oat_graphATestsForSampleSize: no visible global function definition for
     ‘lines’
    oat_graphATestsForSampleSize: no visible global function definition for
     ‘axis’
    oat_graphATestsForSampleSize: no visible global function definition for
     ‘legend’
    oat_graphATestsForSampleSize: no visible global function definition for
     ‘abline’
    oat_graphATestsForSampleSize: no visible global function definition for
     ‘text’
    oat_graphATestsForSampleSize: no visible global function definition for
     ‘dev.off’
    oat_parameter_sampling: no visible global function definition for
     ‘write.csv’
    oat_plotResultDistribution: no visible global function definition for
     ‘read.csv’
    oat_plotResultDistribution: no visible global function definition for
     ‘pdf’
    oat_plotResultDistribution: no visible global function definition for
     ‘boxplot’
    oat_plotResultDistribution: no visible global function definition for
     ‘dev.off’
    oat_processParamSubsets: no visible global function definition for
     ‘write.csv’
    oat_process_netlogo_result: no visible global function definition for
     ‘read.csv’
    oat_process_netlogo_result: no visible global function definition for
     ‘write.csv’
    pcor.mat: no visible global function definition for ‘na.omit’
    pcor.mat: no visible global function definition for ‘cov’
    pcor.mat: no visible global function definition for ‘cov2cor’
    pcor.rec: no visible global function definition for ‘na.omit’
    pcor.rec: no visible global function definition for ‘cor’
    pcor.test: no visible global function definition for ‘na.omit’
    pcor.test: no visible global function definition for ‘pnorm’
    Undefined global functions or variables:
     abline axis barplot boxplot cor cov cov2cor dev.off legend lines
     median na.omit par pdf plot pnorm read.csv runif sd t.test text title
     write.csv
Flavors: r-devel-linux-x86_64-debian-clang, r-devel-linux-x86_64-debian-gcc, r-devel-linux-x86_64-fedora-clang, r-devel-linux-x86_64-fedora-gcc, r-devel-windows-ix86+x86_64