CRAN Package Check Results for Package spartan

Last updated on 2014-04-24 15:50:48.

Flavor Version Tinstall Tcheck Ttotal Status Flags
r-devel-linux-x86_64-debian-clang 1.3 1.17 17.97 19.14 OK
r-devel-linux-x86_64-debian-gcc 1.3 1.14 17.43 18.57 OK
r-devel-linux-x86_64-fedora-clang 1.3 33.44 OK
r-devel-linux-x86_64-fedora-gcc 1.3 31.06 OK
r-devel-osx-x86_64-clang 1.3 34.20 OK
r-devel-osx-x86_64-gcc 1.3 ERROR
r-devel-windows-ix86+x86_64 1.3 3.00 25.00 28.00 OK
r-patched-linux-x86_64 1.3 1.14 18.60 19.74 OK
r-patched-solaris-sparc 1.3 181.70 OK
r-patched-solaris-x86 1.3 45.30 OK
r-release-linux-ix86 1.3 2.00 32.00 34.00 OK
r-release-linux-x86_64 1.3 1.16 18.40 19.56 OK
r-release-osx-x86_64-mavericks 1.3 WARN
r-release-osx-x86_64-snowleopard 1.3 OK
r-release-windows-ix86+x86_64 1.3 4.00 24.00 28.00 OK
r-oldrel-windows-ix86+x86_64 1.3 4.00 28.00 32.00 OK

Check Details

Version: 1.3
Check: package dependencies
Result: NOTE
    Package suggested but not available for checking: ‘XML’
Flavor: r-devel-osx-x86_64-gcc

Version: 1.3
Check: R code for possible problems
Result: NOTE
    aa_getATestResults: no visible global function definition for
     ‘xmlToDataFrame’
    efast_generate_sample_netlogo: no visible global function definition
     for ‘xmlOutputDOM’
    efast_generate_sample_netlogo: no visible global function definition
     for ‘saveXML’
    efast_get_overall_medians: no visible global function definition for
     ‘xmlToDataFrame’
    efast_process_netlogo_result: no visible global function definition for
     ‘xmlOutputDOM’
    efast_process_netlogo_result: no visible global function definition for
     ‘saveXML’
    getMediansSubset: no visible global function definition for
     ‘xmlToDataFrame’
    getMediansSubset: no visible global function definition for ‘xmlTree’
    getMediansSubset: no visible global function definition for ‘saveXML’
    lhc_generateLHCSummary: no visible global function definition for
     ‘xmlToDataFrame’
    lhc_generate_lhc_sample_netlogo: no visible global function definition
     for ‘xmlOutputDOM’
    lhc_generate_lhc_sample_netlogo: no visible global function definition
     for ‘saveXML’
    lhc_process_netlogo_result: no visible global function definition for
     ‘xmlOutputDOM’
    lhc_process_netlogo_result: no visible global function definition for
     ‘saveXML’
    oat_analyseAllParams: no visible global function definition for
     ‘xmlToDataFrame’
    oat_generate_netlogo_behaviour_space_XML: no visible global function
     definition for ‘xmlOutputDOM’
    oat_generate_netlogo_behaviour_space_XML: no visible global function
     definition for ‘saveXML’
    oat_plotResultDistribution: no visible global function definition for
     ‘xmlToDataFrame’
    oat_process_netlogo_result: no visible global function definition for
     ‘xmlOutputDOM’
    oat_process_netlogo_result: no visible global function definition for
     ‘saveXML’
Flavor: r-devel-osx-x86_64-gcc

Version: 1.3
Check: examples
Result: ERROR
    Running examples in ‘spartan-Ex.R’ failed
    The error most likely occurred in:
    
    > ### Name: Technique 1: Aleatory Analysis
    > ### Title: Technique 1: Aleatory Analysis
    > ### Aliases: aa_analyse_all_sample_sizes aa_sampleSizeSummary
    > ### aa_graphSampleSizeSummary
    > ### Keywords: Aleatory Analysis
    >
    > ### ** Examples
    >
    > # THE CODE IN THIS EXAMPLE IS THE SAME AS THAT USED IN THE TUTORIAL, AND
    > # THUS YOU NEED TO DOWNLOAD THE TUTORIAL DATA SET AND SET FILEPATH
    > # CORRECTLY TO RUN THIS
    >
    > ##---- Firstly, declare the parameters required for the four functions ----
    > library(XML)
    Error in library(XML) : there is no package called ‘XML’
    Execution halted
Flavor: r-devel-osx-x86_64-gcc

Version: 1.3
Check: PDF version of manual
Result: WARNING
    LaTeX errors when creating PDF version.
    This typically indicates Rd problems.
    LaTeX errors found:
    ! LaTeX Error: File `upquote.sty' not found.
    
    Type X to quit or <RETURN> to proceed,
    or enter new name. (Default extension: sty)
    
    8ef0bf2/Rd2.tex:8: ==> Fatal error occurred, no output PDF file produced!
Flavor: r-release-osx-x86_64-mavericks