CRAN Package Check Results for Package spatPomp

Last updated on 2022-01-24 13:50:30 CET.

Flavor Version Tinstall Tcheck Ttotal Status Flags
r-devel-linux-x86_64-debian-clang 0.29.0.0 15.12 258.70 273.82 OK
r-devel-linux-x86_64-debian-gcc 0.29.0.0 13.15 186.74 199.89 OK
r-devel-linux-x86_64-fedora-clang 0.29.0.0 321.88 OK
r-devel-linux-x86_64-fedora-gcc 0.29.0.0 312.52 OK
r-devel-windows-x86_64-new-UL 0.29.0.0 93.00 334.00 427.00 OK
r-devel-windows-x86_64-new-TK 0.29.0.0 OK
r-patched-linux-x86_64 0.29.0.0 20.11 244.70 264.81 OK
r-release-linux-x86_64 0.29.0.0 16.94 244.59 261.53 OK
r-release-macos-arm64 0.29.0.0 OK
r-release-macos-x86_64 0.29.0.0 OK
r-release-windows-ix86+x86_64 0.29.0.0 39.00 561.00 600.00 OK
r-oldrel-macos-x86_64 0.28.0.0 NOTE
r-oldrel-windows-ix86+x86_64 0.29.0.0 39.00 545.00 584.00 OK

Check Details

Version: 0.28.0.0
Check: dependencies in R code
Result: NOTE
    Namespace in Imports field not imported from: ‘ggplot2’
     All declared Imports should be used.
Flavor: r-oldrel-macos-x86_64