CRAN Package Check Results for Package spatcounts

Last updated on 2015-04-27 23:47:39.

Flavor Version Tinstall Tcheck Ttotal Status Flags
r-devel-linux-x86_64-debian-clang 1.1 2.16 42.77 44.93 NOTE
r-devel-linux-x86_64-debian-gcc 1.1 2.78 44.21 46.99 NOTE
r-devel-linux-x86_64-fedora-clang 1.1 84.35 NOTE
r-devel-linux-x86_64-fedora-gcc 1.1 85.16 NOTE
r-devel-osx-x86_64-clang 1.1 59.06 NOTE
r-devel-windows-ix86+x86_64 1.1 18.00 138.00 156.00 NOTE
r-patched-linux-x86_64 1.1 2.68 43.41 46.10 NOTE
r-patched-solaris-sparc 1.1 642.80 NOTE
r-patched-solaris-x86 1.1 105.70 NOTE
r-release-linux-x86_64 1.1 2.72 42.20 44.92 NOTE
r-release-osx-x86_64-mavericks 1.1 NOTE
r-release-osx-x86_64-snowleopard 1.1 NOTE
r-release-windows-ix86+x86_64 1.1 16.00 155.00 171.00 NOTE
r-oldrel-windows-ix86+x86_64 1.1 23.00 141.00 164.00 OK

Memtest notes: valgrind

Check Details

Version: 1.1
Check: DESCRIPTION meta-information
Result: NOTE
    Malformed Description field: should contain one or more complete sentences.
Flavors: r-devel-linux-x86_64-debian-clang, r-devel-linux-x86_64-debian-gcc, r-devel-linux-x86_64-fedora-clang, r-devel-linux-x86_64-fedora-gcc, r-devel-osx-x86_64-clang, r-devel-windows-ix86+x86_64, r-patched-solaris-sparc, r-patched-solaris-x86, r-release-linux-x86_64, r-release-osx-x86_64-mavericks, r-release-osx-x86_64-snowleopard, r-release-windows-ix86+x86_64

Version: 1.1
Check: Rd line widths
Result: NOTE
    Rd file 'est.sc.Rd':
     \examples lines wider than 100 characters:
     # gamma.true = vector of spatial effects according to the CAR model with mean 0, psi = 3 and sigma = 1
     nb <- est.sc(sim.Yin, ~1+sim.fm.X[,1]+sim.fm.X[,2], sim.region, model="NB", sim.gmat, sim.nmat, totalit=10)
     gp <- est.sc(sim.Yin, ~1+sim.fm.X[,1]+sim.fm.X[,2], sim.region, model="GP", sim.gmat, sim.nmat, totalit=10)
     zip <- est.sc(sim.Yin, ~1+sim.fm.X[,1]+sim.fm.X[,2], sim.region, model="ZIP", sim.gmat, sim.nmat, totalit=10)
     zigp <- est.sc(sim.Yin, ~1+sim.fm.X[,1]+sim.fm.X[,2], sim.region, model="ZIGP", sim.gmat, sim.nmat, totalit=10)
     Vuong.poi.nb <- Vuongtest(ll.poi, ll.nb, alpha = 0.05, p = DIC.poi$p.D, q = DIC.nb$p.D, correction = TRUE)
     Vuong.poi.gp <- Vuongtest(ll.poi, ll.gp, alpha = 0.05, p = DIC.poi$p.D, q = DIC.gp$p.D, correction = TRUE)
     Vuong.poi.zip <- Vuongtest(ll.poi, ll.zip, alpha = 0.05, p = DIC.poi$p.D, q = DIC.zip$p.D, correction = TRUE)
     Vuong.poi.zigp <- Vuongtest(ll.poi, ll.zigp, alpha = 0.05, p = DIC.poi$p.D, q = DIC.zigp$p.D, correction = TRUE)
     Clarke.poi.nb <- Clarketest(ll.poi, ll.nb, alpha = 0.05, p = DIC.poi$p.D, q = DIC.nb$p.D, correction = TRUE)
     Clarke.poi.gp <- Clarketest(ll.poi, ll.gp, alpha = 0.05, p = DIC.poi$p.D, q = DIC.gp$p.D, correction = TRUE)
     Clarke.poi.zip <- Clarketest(ll.poi, ll.zip, alpha = 0.05, p = DIC.poi$p.D, q = DIC.zip$p.D, correction = TRUE)
     Clarke.poi.zigp <- Clarketest(ll.poi, ll.zigp, alpha = 0.05, p = DIC.poi$p.D, q = DIC.zigp$p.D, correction = TRUE)
    
    These lines will be truncated in the PDF manual.
Flavors: r-devel-linux-x86_64-debian-clang, r-devel-linux-x86_64-debian-gcc, r-devel-linux-x86_64-fedora-clang, r-devel-linux-x86_64-fedora-gcc, r-release-linux-x86_64