CRAN Package Check Results for Package spatcounts

Last updated on 2014-04-23 07:55:09.

Flavor Version Tinstall Tcheck Ttotal Status Flags
r-devel-linux-x86_64-debian-clang 1.1 2.04 44.26 46.30 OK
r-devel-linux-x86_64-debian-gcc 1.1 2.55 43.88 46.43 OK
r-devel-linux-x86_64-fedora-clang 1.1 87.34 NOTE
r-devel-linux-x86_64-fedora-gcc 1.1 87.58 NOTE
r-devel-osx-x86_64-clang 1.1 60.42 OK
r-devel-osx-x86_64-gcc 1.1 OK
r-devel-windows-ix86+x86_64 1.1 16.00 134.00 150.00 OK
r-patched-linux-x86_64 1.1 2.48 44.44 46.92 OK
r-patched-solaris-sparc 1.1 640.10 OK
r-patched-solaris-x86 1.1 112.60 OK
r-release-linux-ix86 1.1 5.00 87.00 92.00 OK
r-release-linux-x86_64 1.1 2.50 44.09 46.59 OK
r-release-osx-x86_64-mavericks 1.1 WARN
r-release-windows-ix86+x86_64 1.1 33.00 133.00 166.00 OK
r-oldrel-windows-ix86+x86_64 1.1 18.00 144.00 162.00 OK

Memtest notes: valgrind

Check Details

Version: 1.1
Check: Rd line widths
Result: NOTE
    Rd file 'est.sc.Rd':
     \examples lines wider than 100 characters:
     # gamma.true = vector of spatial effects according to the CAR model with mean 0, psi = 3 and sigma = 1
     nb <- est.sc(sim.Yin, ~1+sim.fm.X[,1]+sim.fm.X[,2], sim.region, model="NB", sim.gmat, sim.nmat, totalit=10)
     gp <- est.sc(sim.Yin, ~1+sim.fm.X[,1]+sim.fm.X[,2], sim.region, model="GP", sim.gmat, sim.nmat, totalit=10)
     zip <- est.sc(sim.Yin, ~1+sim.fm.X[,1]+sim.fm.X[,2], sim.region, model="ZIP", sim.gmat, sim.nmat, totalit=10)
     zigp <- est.sc(sim.Yin, ~1+sim.fm.X[,1]+sim.fm.X[,2], sim.region, model="ZIGP", sim.gmat, sim.nmat, totalit=10)
     Vuong.poi.nb <- Vuongtest(ll.poi, ll.nb, alpha = 0.05, p = DIC.poi$p.D, q = DIC.nb$p.D, correction = TRUE)
     Vuong.poi.gp <- Vuongtest(ll.poi, ll.gp, alpha = 0.05, p = DIC.poi$p.D, q = DIC.gp$p.D, correction = TRUE)
     Vuong.poi.zip <- Vuongtest(ll.poi, ll.zip, alpha = 0.05, p = DIC.poi$p.D, q = DIC.zip$p.D, correction = TRUE)
     Vuong.poi.zigp <- Vuongtest(ll.poi, ll.zigp, alpha = 0.05, p = DIC.poi$p.D, q = DIC.zigp$p.D, correction = TRUE)
     Clarke.poi.nb <- Clarketest(ll.poi, ll.nb, alpha = 0.05, p = DIC.poi$p.D, q = DIC.nb$p.D, correction = TRUE)
     Clarke.poi.gp <- Clarketest(ll.poi, ll.gp, alpha = 0.05, p = DIC.poi$p.D, q = DIC.gp$p.D, correction = TRUE)
     Clarke.poi.zip <- Clarketest(ll.poi, ll.zip, alpha = 0.05, p = DIC.poi$p.D, q = DIC.zip$p.D, correction = TRUE)
     Clarke.poi.zigp <- Clarketest(ll.poi, ll.zigp, alpha = 0.05, p = DIC.poi$p.D, q = DIC.zigp$p.D, correction = TRUE)
    
    These lines will be truncated in the PDF manual.
Flavors: r-devel-linux-x86_64-fedora-clang, r-devel-linux-x86_64-fedora-gcc

Version: 1.1
Check: PDF version of manual
Result: WARNING
    LaTeX errors when creating PDF version.
    This typically indicates Rd problems.
    LaTeX errors found:
    ! LaTeX Error: File `upquote.sty' not found.
    
    Type X to quit or <RETURN> to proceed,
    or enter new name. (Default extension: sty)
    
    f7cebcc/Rd2.tex:8: ==> Fatal error occurred, no output PDF file produced!
Flavor: r-release-osx-x86_64-mavericks