CRAN Package Check Results for Package spatcounts

Last updated on 2015-01-31 23:48:08.

Flavor Version Tinstall Tcheck Ttotal Status Flags
r-devel-linux-x86_64-debian-clang 1.1 2.26 44.08 46.33 NOTE
r-devel-linux-x86_64-debian-gcc 1.1 2.80 45.48 48.29 NOTE
r-devel-linux-x86_64-fedora-clang 1.1 88.96 NOTE
r-devel-linux-x86_64-fedora-gcc 1.1 82.75 NOTE
r-devel-osx-x86_64-clang 1.1 61.30 OK
r-devel-windows-ix86+x86_64 1.1 18.00 136.00 154.00 OK
r-patched-linux-x86_64 1.1 2.85 43.84 46.70 NOTE
r-patched-solaris-sparc 1.1 643.00 OK
r-patched-solaris-x86 1.1 110.10 OK
r-release-linux-ix86 1.1 3.56 65.05 68.61 NOTE
r-release-linux-x86_64 1.1 2.88 43.86 46.73 NOTE
r-release-osx-x86_64-mavericks 1.1 OK
r-release-windows-ix86+x86_64 1.1 16.00 163.00 179.00 OK
r-oldrel-windows-ix86+x86_64 1.1 18.00 144.00 162.00 OK

Memtest notes: valgrind

Check Details

Version: 1.1
Check: Rd line widths
Result: NOTE
    Rd file 'est.sc.Rd':
     \examples lines wider than 100 characters:
     # gamma.true = vector of spatial effects according to the CAR model with mean 0, psi = 3 and sigma = 1
     nb <- est.sc(sim.Yin, ~1+sim.fm.X[,1]+sim.fm.X[,2], sim.region, model="NB", sim.gmat, sim.nmat, totalit=10)
     gp <- est.sc(sim.Yin, ~1+sim.fm.X[,1]+sim.fm.X[,2], sim.region, model="GP", sim.gmat, sim.nmat, totalit=10)
     zip <- est.sc(sim.Yin, ~1+sim.fm.X[,1]+sim.fm.X[,2], sim.region, model="ZIP", sim.gmat, sim.nmat, totalit=10)
     zigp <- est.sc(sim.Yin, ~1+sim.fm.X[,1]+sim.fm.X[,2], sim.region, model="ZIGP", sim.gmat, sim.nmat, totalit=10)
     Vuong.poi.nb <- Vuongtest(ll.poi, ll.nb, alpha = 0.05, p = DIC.poi$p.D, q = DIC.nb$p.D, correction = TRUE)
     Vuong.poi.gp <- Vuongtest(ll.poi, ll.gp, alpha = 0.05, p = DIC.poi$p.D, q = DIC.gp$p.D, correction = TRUE)
     Vuong.poi.zip <- Vuongtest(ll.poi, ll.zip, alpha = 0.05, p = DIC.poi$p.D, q = DIC.zip$p.D, correction = TRUE)
     Vuong.poi.zigp <- Vuongtest(ll.poi, ll.zigp, alpha = 0.05, p = DIC.poi$p.D, q = DIC.zigp$p.D, correction = TRUE)
     Clarke.poi.nb <- Clarketest(ll.poi, ll.nb, alpha = 0.05, p = DIC.poi$p.D, q = DIC.nb$p.D, correction = TRUE)
     Clarke.poi.gp <- Clarketest(ll.poi, ll.gp, alpha = 0.05, p = DIC.poi$p.D, q = DIC.gp$p.D, correction = TRUE)
     Clarke.poi.zip <- Clarketest(ll.poi, ll.zip, alpha = 0.05, p = DIC.poi$p.D, q = DIC.zip$p.D, correction = TRUE)
     Clarke.poi.zigp <- Clarketest(ll.poi, ll.zigp, alpha = 0.05, p = DIC.poi$p.D, q = DIC.zigp$p.D, correction = TRUE)
    
    These lines will be truncated in the PDF manual.
Flavors: r-devel-linux-x86_64-debian-clang, r-devel-linux-x86_64-debian-gcc, r-devel-linux-x86_64-fedora-clang, r-devel-linux-x86_64-fedora-gcc, r-patched-linux-x86_64, r-release-linux-ix86, r-release-linux-x86_64