CRAN Package Check Results for Package spatcounts

Last updated on 2014-07-23 23:48:32.

Flavor Version Tinstall Tcheck Ttotal Status Flags
r-devel-linux-x86_64-debian-clang 1.1 1.92 44.76 46.68 OK
r-devel-linux-x86_64-debian-gcc 1.1 2.75 43.37 46.12 OK
r-devel-linux-x86_64-fedora-clang 1.1 86.99 NOTE
r-devel-linux-x86_64-fedora-gcc 1.1 87.45 NOTE
r-devel-osx-x86_64-clang 1.1 62.11 OK
r-devel-windows-ix86+x86_64 1.1 16.00 145.00 161.00 OK
r-patched-linux-x86_64 1.1 2.82 43.30 46.12 OK
r-patched-solaris-sparc 1.1 640.10 OK
r-patched-solaris-x86 1.1 111.10 OK
r-release-linux-ix86 1.1 3.62 67.54 71.16 OK
r-release-linux-x86_64 1.1 2.80 43.50 46.30 OK
r-release-osx-x86_64-mavericks 1.1 OK
r-release-windows-ix86+x86_64 1.1 21.00 159.00 180.00 OK
r-oldrel-windows-ix86+x86_64 1.1 18.00 144.00 162.00 OK

Memtest notes: valgrind

Check Details

Version: 1.1
Check: Rd line widths
Result: NOTE
    Rd file 'est.sc.Rd':
     \examples lines wider than 100 characters:
     # gamma.true = vector of spatial effects according to the CAR model with mean 0, psi = 3 and sigma = 1
     nb <- est.sc(sim.Yin, ~1+sim.fm.X[,1]+sim.fm.X[,2], sim.region, model="NB", sim.gmat, sim.nmat, totalit=10)
     gp <- est.sc(sim.Yin, ~1+sim.fm.X[,1]+sim.fm.X[,2], sim.region, model="GP", sim.gmat, sim.nmat, totalit=10)
     zip <- est.sc(sim.Yin, ~1+sim.fm.X[,1]+sim.fm.X[,2], sim.region, model="ZIP", sim.gmat, sim.nmat, totalit=10)
     zigp <- est.sc(sim.Yin, ~1+sim.fm.X[,1]+sim.fm.X[,2], sim.region, model="ZIGP", sim.gmat, sim.nmat, totalit=10)
     Vuong.poi.nb <- Vuongtest(ll.poi, ll.nb, alpha = 0.05, p = DIC.poi$p.D, q = DIC.nb$p.D, correction = TRUE)
     Vuong.poi.gp <- Vuongtest(ll.poi, ll.gp, alpha = 0.05, p = DIC.poi$p.D, q = DIC.gp$p.D, correction = TRUE)
     Vuong.poi.zip <- Vuongtest(ll.poi, ll.zip, alpha = 0.05, p = DIC.poi$p.D, q = DIC.zip$p.D, correction = TRUE)
     Vuong.poi.zigp <- Vuongtest(ll.poi, ll.zigp, alpha = 0.05, p = DIC.poi$p.D, q = DIC.zigp$p.D, correction = TRUE)
     Clarke.poi.nb <- Clarketest(ll.poi, ll.nb, alpha = 0.05, p = DIC.poi$p.D, q = DIC.nb$p.D, correction = TRUE)
     Clarke.poi.gp <- Clarketest(ll.poi, ll.gp, alpha = 0.05, p = DIC.poi$p.D, q = DIC.gp$p.D, correction = TRUE)
     Clarke.poi.zip <- Clarketest(ll.poi, ll.zip, alpha = 0.05, p = DIC.poi$p.D, q = DIC.zip$p.D, correction = TRUE)
     Clarke.poi.zigp <- Clarketest(ll.poi, ll.zigp, alpha = 0.05, p = DIC.poi$p.D, q = DIC.zigp$p.D, correction = TRUE)
    
    These lines will be truncated in the PDF manual.
Flavors: r-devel-linux-x86_64-fedora-clang, r-devel-linux-x86_64-fedora-gcc