CRAN Package Check Results for Package spate

Last updated on 2017-04-27 11:54:01.

Flavor Version Tinstall Tcheck Ttotal Status Flags
r-devel-linux-x86_64-debian-clang 1.5 2.84 44.90 47.74 NOTE
r-devel-linux-x86_64-debian-gcc 1.5 2.04 46.23 48.27 NOTE
r-devel-linux-x86_64-fedora-clang 1.5 100.71 NOTE --no-stop-on-test-error
r-devel-linux-x86_64-fedora-gcc 1.5 93.65 NOTE --no-stop-on-test-error
r-devel-windows-ix86+x86_64 1.5 12.00 108.00 120.00 OK
r-patched-linux-x86_64 1.5 2.21 46.39 48.60 NOTE
r-patched-solaris-sparc 1.5 553.60 OK
r-patched-solaris-x86 1.5 121.50 OK
r-release-linux-x86_64 1.5 2.18 43.89 46.06 NOTE
r-release-windows-ix86+x86_64 1.5 10.00 95.00 105.00 OK
r-release-osx-x86_64 1.5 OK
r-oldrel-windows-ix86+x86_64 1.5 12.00 131.00 143.00 OK
r-oldrel-osx-x86_64 1.5 OK

Check Details

Version: 1.5
Check: compiled code
Result: NOTE
    File ‘spate/libs/spate.so’:
     Found no calls to: ‘R_registerRoutines’, ‘R_useDynamicSymbols’
    
    It is good practice to register native routines and to disable symbol
    search.
    
    See ‘Writing portable packages’ in the ‘Writing R Extensions’ manual.
Flavors: r-devel-linux-x86_64-debian-clang, r-devel-linux-x86_64-debian-gcc, r-patched-linux-x86_64, r-release-linux-x86_64

Version: 1.5
Flags: --no-stop-on-test-error
Check: compiled code
Result: NOTE
    File ‘spate/libs/spate.so’:
     Found no calls to: ‘R_registerRoutines’, ‘R_useDynamicSymbols’
    
    It is good practice to register native routines and to disable symbol
    search.
    
    See ‘Writing portable packages’ in the ‘Writing R Extensions’ manual.
Flavors: r-devel-linux-x86_64-fedora-clang, r-devel-linux-x86_64-fedora-gcc