CRAN Package Check Results for Package spate

Last updated on 2017-08-18 11:48:19.

Flavor Version Tinstall Tcheck Ttotal Status Flags
r-devel-linux-x86_64-debian-clang 1.5 2.92 45.32 48.24 NOTE
r-devel-linux-x86_64-debian-gcc 1.5 2.10 45.98 48.09 NOTE
r-devel-linux-x86_64-fedora-clang 1.5 98.59 NOTE
r-devel-linux-x86_64-fedora-gcc 1.5 94.53 NOTE
r-devel-windows-ix86+x86_64 1.5 12.00 93.00 105.00 OK
r-patched-linux-x86_64 1.5 1.98 47.00 48.98 NOTE
r-patched-solaris-x86 1.5 127.30 OK
r-release-linux-x86_64 1.5 2.03 45.90 47.93 NOTE
r-release-windows-ix86+x86_64 1.5 9.00 107.00 116.00 OK
r-release-osx-x86_64 1.5 OK
r-oldrel-windows-ix86+x86_64 1.5 12.00 131.00 143.00 OK
r-oldrel-osx-x86_64 1.5 OK

Check Details

Version: 1.5
Check: compiled code
Result: NOTE
    File ‘spate/libs/spate.so’:
     Found no calls to: ‘R_registerRoutines’, ‘R_useDynamicSymbols’
    
    It is good practice to register native routines and to disable symbol
    search.
    
    See ‘Writing portable packages’ in the ‘Writing R Extensions’ manual.
Flavors: r-devel-linux-x86_64-debian-clang, r-devel-linux-x86_64-debian-gcc, r-devel-linux-x86_64-fedora-clang, r-devel-linux-x86_64-fedora-gcc, r-patched-linux-x86_64, r-release-linux-x86_64