CRAN Package Check Results for Package spate

Last updated on 2014-04-24 03:47:55.

Flavor Version Tinstall Tcheck Ttotal Status Flags
r-devel-linux-x86_64-debian-clang 1.3 2.14 55.58 57.72 OK
r-devel-linux-x86_64-debian-gcc 1.3 2.00 54.47 56.47 OK
r-devel-linux-x86_64-fedora-clang 1.3 128.18 OK
r-devel-linux-x86_64-fedora-gcc 1.3 121.72 OK
r-devel-osx-x86_64-clang 1.3 97.37 OK
r-devel-osx-x86_64-gcc 1.3 OK
r-devel-windows-ix86+x86_64 1.3 7.00 100.00 107.00 OK
r-patched-linux-x86_64 1.3 2.00 55.87 57.87 OK
r-patched-solaris-sparc 1.3 726.70 OK
r-patched-solaris-x86 1.3 156.60 OK
r-release-linux-ix86 1.3 5.00 89.00 94.00 OK
r-release-linux-x86_64 1.3 2.04 53.61 55.65 OK
r-release-osx-x86_64-mavericks 1.3 ERROR
r-release-osx-x86_64-snowleopard 1.3 OK
r-release-windows-ix86+x86_64 1.3 12.00 100.00 112.00 OK
r-oldrel-windows-ix86+x86_64 1.3 8.00 102.00 110.00 OK

Check Details

Version: 1.3
Check: whether package can be installed
Result: ERROR
    Installation failed.
    See ‘/Builds/CRAN-QA-Simon/packages/mavericks-x86_64/results/3.1/spate.Rcheck/00install.out’ for details.
Flavor: r-release-osx-x86_64-mavericks