CRAN Package Check Results for Package spate

Last updated on 2014-10-31 17:49:23.

Flavor Version Tinstall Tcheck Ttotal Status Flags
r-devel-linux-x86_64-debian-clang 1.3 2.18 57.15 59.33 OK
r-devel-linux-x86_64-debian-gcc 1.3 1.97 56.09 58.06 OK
r-devel-linux-x86_64-fedora-clang 1.3 119.96 OK
r-devel-linux-x86_64-fedora-gcc 1.3 104.81 OK
r-devel-osx-x86_64-clang 1.3 101.75 OK
r-devel-windows-ix86+x86_64 1.3 8.00 95.00 103.00 OK
r-patched-linux-x86_64 1.3 3.13 57.08 60.22 OK
r-patched-solaris-sparc 1.3 760.80 OK
r-patched-solaris-x86 1.3 153.20 OK
r-release-linux-ix86 1.3 3.15 70.65 73.80 OK
r-release-linux-x86_64 1.3 2.18 57.59 59.77 OK
r-release-osx-x86_64-mavericks 1.3 ERROR
r-release-osx-x86_64-snowleopard 1.3 OK
r-release-windows-ix86+x86_64 1.3 10.00 141.00 151.00 OK
r-oldrel-windows-ix86+x86_64 1.3 8.00 105.00 113.00 OK

Check Details

Version: 1.3
Check: whether package can be installed
Result: ERROR
    Installation failed.
Flavor: r-release-osx-x86_64-mavericks