CRAN Package Check Results for Package spate

Last updated on 2015-04-27 15:46:47.

Flavor Version Tinstall Tcheck Ttotal Status Flags
r-devel-linux-x86_64-debian-clang 1.4 2.02 54.37 56.39 OK
r-devel-linux-x86_64-debian-gcc 1.4 1.86 53.66 55.52 OK
r-devel-linux-x86_64-fedora-clang 1.4 118.50 OK
r-devel-linux-x86_64-fedora-gcc 1.4 113.38 OK
r-devel-osx-x86_64-clang 1.4 97.28 OK
r-devel-windows-ix86+x86_64 1.4 8.00 101.00 109.00 OK
r-patched-linux-x86_64 1.4 1.87 56.14 58.01 OK
r-patched-solaris-sparc 1.4 743.90 OK
r-patched-solaris-x86 1.4 138.20 OK
r-release-linux-x86_64 1.4 1.92 53.78 55.70 OK
r-release-osx-x86_64-mavericks 1.4 ERROR
r-release-osx-x86_64-snowleopard 1.4 OK
r-release-windows-ix86+x86_64 1.4 7.00 128.00 135.00 OK
r-oldrel-windows-ix86+x86_64 1.4 12.00 106.00 118.00 OK

Check Details

Version: 1.4
Check: whether package can be installed
Result: ERROR
    Installation failed.
Flavor: r-release-osx-x86_64-mavericks