CRAN Package Check Results for Package spate

Last updated on 2018-05-21 04:49:30 CEST.

Flavor Version Tinstall Tcheck Ttotal Status Flags
r-devel-linux-x86_64-debian-clang 1.5 6.66 61.13 67.79 NOTE
r-devel-linux-x86_64-debian-gcc 1.5 3.94 55.34 59.28 NOTE
r-devel-linux-x86_64-fedora-clang 1.5 99.44 NOTE
r-devel-linux-x86_64-fedora-gcc 1.5 94.50 NOTE
r-devel-windows-ix86+x86_64 1.5 16.00 151.00 167.00 OK
r-patched-linux-x86_64 1.5 5.66 73.33 78.99 NOTE
r-patched-solaris-x86 1.5 148.20 OK
r-release-linux-x86_64 1.5 5.77 72.62 78.39 NOTE
r-release-windows-ix86+x86_64 1.5 11.00 112.00 123.00 OK
r-release-osx-x86_64 1.5 OK
r-oldrel-windows-ix86+x86_64 1.5 9.00 141.00 150.00 OK
r-oldrel-osx-x86_64 1.5 OK

Check Details

Version: 1.5
Check: compiled code
Result: NOTE
    File ‘spate/libs/spate.so’:
     Found no calls to: ‘R_registerRoutines’, ‘R_useDynamicSymbols’
    
    It is good practice to register native routines and to disable symbol
    search.
    
    See ‘Writing portable packages’ in the ‘Writing R Extensions’ manual.
Flavors: r-devel-linux-x86_64-debian-clang, r-devel-linux-x86_64-debian-gcc, r-devel-linux-x86_64-fedora-clang, r-devel-linux-x86_64-fedora-gcc, r-patched-linux-x86_64, r-release-linux-x86_64