CRAN Package Check Results for Package spate

Last updated on 2014-09-02 10:51:59.

Flavor Version Tinstall Tcheck Ttotal Status Flags
r-devel-linux-x86_64-debian-clang 1.3 2.06 51.88 53.94 OK
r-devel-linux-x86_64-debian-gcc 1.3 1.90 49.86 51.76 OK
r-devel-linux-x86_64-fedora-clang 1.3 124.19 OK
r-devel-linux-x86_64-fedora-gcc 1.3 120.04 OK
r-devel-osx-x86_64-clang 1.3 92.68 OK
r-devel-windows-ix86+x86_64 1.3 8.00 101.00 109.00 OK
r-patched-linux-x86_64 1.3 1.94 53.32 55.26 OK
r-patched-solaris-sparc 1.3 760.80 OK
r-patched-solaris-x86 1.3 160.20 OK
r-release-linux-ix86 1.3 3.20 69.81 73.02 OK
r-release-linux-x86_64 1.3 2.05 51.45 53.50 OK
r-release-osx-x86_64-mavericks 1.3 ERROR
r-release-osx-x86_64-snowleopard 1.3 OK
r-release-windows-ix86+x86_64 1.3 10.00 141.00 151.00 OK
r-oldrel-windows-ix86+x86_64 1.3 8.00 105.00 113.00 OK

Check Details

Version: 1.3
Check: whether package can be installed
Result: ERROR
    Installation failed.
Flavor: r-release-osx-x86_64-mavericks