CRAN Package Check Results for Package spate

Last updated on 2015-07-05 03:47:46.

Flavor Version Tinstall Tcheck Ttotal Status Flags
r-devel-linux-x86_64-debian-clang 1.4 2.00 52.08 54.08 NOTE
r-devel-linux-x86_64-debian-gcc 1.4 1.81 51.73 53.54 NOTE
r-devel-linux-x86_64-fedora-clang 1.4 109.73 NOTE
r-devel-linux-x86_64-fedora-gcc 1.4 103.47 NOTE
r-devel-osx-x86_64-clang 1.4 77.50 OK
r-devel-windows-ix86+x86_64 1.4 8.00 101.00 109.00 NOTE
r-patched-linux-x86_64 1.4 1.86 53.02 54.87 OK
r-patched-solaris-sparc 1.4 707.90 OK
r-patched-solaris-x86 1.4 134.30 OK
r-release-linux-x86_64 1.4 1.91 51.58 53.49 OK
r-release-osx-x86_64-mavericks 1.4 OK
r-release-windows-ix86+x86_64 1.4 10.00 98.00 108.00 OK
r-oldrel-windows-ix86+x86_64 1.4 12.00 106.00 118.00 OK

Check Details

Version: 1.4
Check: R code for possible problems
Result: NOTE
    mcmc.summary: no visible global function definition for ‘quantile’
    plot.spateMCMC: no visible global function definition for ‘jpeg’
    plot.spateMCMC: no visible global function definition for ‘par’
    plot.spateMCMC: no visible global function definition for ‘dev.off’
    post.dist.hist: no visible global function definition for ‘hist’
    post.dist.hist: no visible global function definition for ‘abline’
    spate.init: no visible global function definition for ‘quantile’
    spate.mcmc: no visible global function definition for ‘jpeg’
    spate.mcmc: no visible global function definition for ‘par’
    spate.mcmc: no visible global function definition for ‘plot’
    spate.mcmc: no visible global function definition for ‘abline’
    spate.mcmc: no visible global function definition for ‘points’
    spate.mcmc: no visible global function definition for ‘dev.off’
    spate.mcmc: no visible global function definition for ‘rnorm’
    spate.mcmc: no visible global function definition for ‘runif’
    spate.mcmc: no visible global function definition for ‘cov’
    spate.mcmc: no visible global function definition for ‘sd’
    spate.mcmc: no visible global function definition for ‘dev.set’
    spate.mcmc: no visible global function definition for ‘dev.cur’
    spate.mcmc: no visible global function definition for ‘dev.new’
    spate.mcmc: no visible global function definition for ‘lines’
    spate.mcmc: no visible global function definition for ‘image’
    spate.plot : plot.xi: no visible global function definition for ‘jpeg’
    spate.plot : plot.xi: no visible global function definition for ‘image’
    spate.plot : plot.xi: no visible global function definition for
     ‘dev.off’
    spate.plot: no visible global function definition for ‘jpeg’
    spate.plot: no visible global function definition for ‘par’
    spate.plot: no visible global function definition for ‘dev.off’
    spate.sim: no visible global function definition for ‘rnorm’
    trace.plot: no visible global function definition for ‘plot’
    trace.plot: no visible global function definition for ‘abline’
    Undefined global functions or variables:
     abline cov dev.cur dev.new dev.off dev.set hist image jpeg lines par
     plot points quantile rnorm runif sd
Flavors: r-devel-linux-x86_64-debian-clang, r-devel-linux-x86_64-debian-gcc, r-devel-linux-x86_64-fedora-clang, r-devel-linux-x86_64-fedora-gcc, r-devel-windows-ix86+x86_64