CRAN Package Check Results for Package spate

Last updated on 2017-06-22 13:47:16.

Flavor Version Tinstall Tcheck Ttotal Status Flags
r-devel-linux-x86_64-debian-clang 1.5 3.23 45.14 48.37 NOTE
r-devel-linux-x86_64-debian-gcc 1.5 2.21 48.48 50.69 NOTE
r-devel-linux-x86_64-fedora-clang 1.5 98.35 NOTE
r-devel-linux-x86_64-fedora-gcc 1.5 94.35 NOTE
r-devel-windows-ix86+x86_64 1.5 8.00 137.00 145.00 OK
r-patched-linux-x86_64 1.5 2.33 44.00 46.33 NOTE
r-patched-solaris-sparc 1.5 553.60 OK
r-patched-solaris-x86 1.5 120.70 OK
r-release-linux-x86_64 1.5 2.35 43.91 46.26 NOTE
r-release-windows-ix86+x86_64 1.5 10.00 95.00 105.00 OK
r-release-osx-x86_64 1.5 OK
r-oldrel-windows-ix86+x86_64 1.5 12.00 131.00 143.00 OK
r-oldrel-osx-x86_64 1.5 OK

Check Details

Version: 1.5
Check: compiled code
Result: NOTE
    File ‘spate/libs/spate.so’:
     Found no calls to: ‘R_registerRoutines’, ‘R_useDynamicSymbols’
    
    It is good practice to register native routines and to disable symbol
    search.
    
    See ‘Writing portable packages’ in the ‘Writing R Extensions’ manual.
Flavors: r-devel-linux-x86_64-debian-clang, r-devel-linux-x86_64-debian-gcc, r-devel-linux-x86_64-fedora-clang, r-devel-linux-x86_64-fedora-gcc, r-patched-linux-x86_64, r-release-linux-x86_64