CRAN Package Check Results for Package spate

Last updated on 2017-02-22 17:49:09.

Flavor Version Tinstall Tcheck Ttotal Status Flags
r-devel-linux-x86_64-debian-clang 1.5 2.58 44.87 47.45 NOTE
r-devel-linux-x86_64-debian-gcc 1.5 2.10 43.89 45.99 NOTE
r-devel-linux-x86_64-fedora-clang 1.5 95.55 NOTE --no-stop-on-test-error
r-devel-linux-x86_64-fedora-gcc 1.5 100.39 NOTE --no-stop-on-test-error
r-devel-macos-x86_64-clang 1.5 69.12 NOTE --no-stop-on-test-error
r-devel-windows-ix86+x86_64 1.5 9.00 100.00 109.00 OK
r-patched-linux-x86_64 1.5 1.97 41.59 43.57 OK
r-patched-solaris-sparc 1.5 546.70 OK
r-patched-solaris-x86 1.5 115.60 OK
r-release-linux-x86_64 1.5 1.91 41.99 43.90 OK
r-release-osx-x86_64-mavericks 1.5 OK
r-release-windows-ix86+x86_64 1.5 9.00 100.00 109.00 OK
r-oldrel-windows-ix86+x86_64 1.5 10.00 144.00 154.00 OK

Check Details

Version: 1.5
Check: compiled code
Result: NOTE
    File ‘spate/libs/spate.so’:
     Found no calls to: ‘R_registerRoutines’, ‘R_useDynamicSymbols’
    
    It is good practice to register native routines and to disable symbol
    search.
    
    See ‘Writing portable packages’ in the ‘Writing R Extensions’ manual.
Flavors: r-devel-linux-x86_64-debian-clang, r-devel-linux-x86_64-debian-gcc

Version: 1.5
Flags: --no-stop-on-test-error
Check: compiled code
Result: NOTE
    File ‘spate/libs/spate.so’:
     Found no calls to: ‘R_registerRoutines’, ‘R_useDynamicSymbols’
    
    It is good practice to register native routines and to disable symbol
    search.
    
    See ‘Writing portable packages’ in the ‘Writing R Extensions’ manual.
Flavors: r-devel-linux-x86_64-fedora-clang, r-devel-linux-x86_64-fedora-gcc, r-devel-macos-x86_64-clang