CRAN Package Check Results for Package spate

Last updated on 2015-08-03 19:49:28.

Flavor Version Tinstall Tcheck Ttotal Status Flags
r-devel-linux-x86_64-debian-clang 1.4 2.01 52.31 54.32 NOTE
r-devel-linux-x86_64-debian-gcc 1.4 1.86 51.22 53.08 NOTE
r-devel-linux-x86_64-fedora-clang 1.4 110.66 NOTE
r-devel-linux-x86_64-fedora-gcc 1.4 103.12 NOTE
r-devel-osx-x86_64-clang 1.4 85.79 OK
r-devel-windows-ix86+x86_64 1.4 9.00 106.00 115.00 NOTE
r-patched-linux-x86_64 1.4 1.88 52.12 54.00 OK
r-patched-solaris-sparc 1.4 713.50 OK
r-patched-solaris-x86 1.4 135.10 OK
r-release-linux-x86_64 1.4 1.85 51.98 53.83 OK
r-release-osx-x86_64-mavericks 1.4 OK
r-release-windows-ix86+x86_64 1.4 15.00 94.00 109.00 OK
r-oldrel-windows-ix86+x86_64 1.4 13.00 113.00 126.00 OK

Check Details

Version: 1.4
Check: R code for possible problems
Result: NOTE
    mcmc.summary: no visible global function definition for ‘quantile’
    plot.spateMCMC: no visible global function definition for ‘jpeg’
    plot.spateMCMC: no visible global function definition for ‘par’
    plot.spateMCMC: no visible global function definition for ‘dev.off’
    post.dist.hist: no visible global function definition for ‘hist’
    post.dist.hist: no visible global function definition for ‘abline’
    spate.init: no visible global function definition for ‘quantile’
    spate.mcmc: no visible global function definition for ‘jpeg’
    spate.mcmc: no visible global function definition for ‘par’
    spate.mcmc: no visible global function definition for ‘plot’
    spate.mcmc: no visible global function definition for ‘abline’
    spate.mcmc: no visible global function definition for ‘points’
    spate.mcmc: no visible global function definition for ‘dev.off’
    spate.mcmc: no visible global function definition for ‘rnorm’
    spate.mcmc: no visible global function definition for ‘runif’
    spate.mcmc: no visible global function definition for ‘cov’
    spate.mcmc: no visible global function definition for ‘sd’
    spate.mcmc: no visible global function definition for ‘dev.set’
    spate.mcmc: no visible global function definition for ‘dev.cur’
    spate.mcmc: no visible global function definition for ‘dev.new’
    spate.mcmc: no visible global function definition for ‘lines’
    spate.mcmc: no visible global function definition for ‘image’
    spate.plot : plot.xi: no visible global function definition for ‘jpeg’
    spate.plot : plot.xi: no visible global function definition for ‘image’
    spate.plot : plot.xi: no visible global function definition for
     ‘dev.off’
    spate.plot: no visible global function definition for ‘jpeg’
    spate.plot: no visible global function definition for ‘par’
    spate.plot: no visible global function definition for ‘dev.off’
    spate.sim: no visible global function definition for ‘rnorm’
    trace.plot: no visible global function definition for ‘plot’
    trace.plot: no visible global function definition for ‘abline’
    Undefined global functions or variables:
     abline cov dev.cur dev.new dev.off dev.set hist image jpeg lines par
     plot points quantile rnorm runif sd
    Consider adding
     importFrom("grDevices", "dev.cur", "dev.new", "dev.off", "dev.set",
     "jpeg")
     importFrom("graphics", "abline", "hist", "image", "lines", "par",
     "plot", "points")
     importFrom("stats", "cov", "quantile", "rnorm", "runif", "sd")
    to your NAMESPACE.
Flavors: r-devel-linux-x86_64-debian-clang, r-devel-linux-x86_64-debian-gcc, r-devel-linux-x86_64-fedora-clang, r-devel-linux-x86_64-fedora-gcc, r-devel-windows-ix86+x86_64