CRAN Package Check Results for Package spate

Last updated on 2015-01-27 12:47:40.

Flavor Version Tinstall Tcheck Ttotal Status Flags
r-devel-linux-x86_64-debian-clang 1.4 2.08 54.54 56.63 OK
r-devel-linux-x86_64-debian-gcc 1.4 1.88 54.28 56.16 OK
r-devel-linux-x86_64-fedora-clang 1.4 61.47 OK
r-devel-linux-x86_64-fedora-gcc 1.4 57.93 OK
r-devel-osx-x86_64-clang 1.4 69.41 OK
r-devel-windows-ix86+x86_64 1.4 8.00 92.00 100.00 OK
r-patched-linux-x86_64 1.4 1.98 56.94 58.92 OK
r-patched-solaris-sparc 1.4 779.00 OK
r-patched-solaris-x86 1.4 146.90 OK
r-release-linux-ix86 1.3 3.20 68.51 71.71 OK
r-release-linux-x86_64 1.4 2.15 60.77 62.92 OK
r-release-osx-x86_64-mavericks 1.4 ERROR
r-release-osx-x86_64-snowleopard 1.4 OK
r-release-windows-ix86+x86_64 1.4 10.00 137.00 147.00 OK
r-oldrel-windows-ix86+x86_64 1.4 10.00 136.00 146.00 OK

Check Details

Version: 1.4
Check: whether package can be installed
Result: ERROR
    Installation failed.
Flavor: r-release-osx-x86_64-mavericks