CRAN Package Check Results for Package spate

Last updated on 2015-03-06 14:47:09.

Flavor Version Tinstall Tcheck Ttotal Status Flags
r-devel-linux-x86_64-debian-clang 1.4 2.06 57.90 59.96 OK
r-devel-linux-x86_64-debian-gcc 1.4 1.84 53.64 55.49 OK
r-devel-linux-x86_64-fedora-clang 1.4 111.59 OK
r-devel-linux-x86_64-fedora-gcc 1.4 105.48 OK
r-devel-osx-x86_64-clang 1.4 106.12 OK
r-devel-windows-ix86+x86_64 1.4 9.00 99.00 108.00 OK
r-patched-linux-x86_64 1.4 1.98 56.97 58.95 OK
r-patched-solaris-sparc 1.4 798.50 OK
r-patched-solaris-x86 1.4 150.50 OK
r-release-linux-ix86 1.4 3.36 73.62 76.98 OK
r-release-linux-x86_64 1.4 1.98 58.76 60.74 OK
r-release-osx-x86_64-mavericks 1.4 ERROR
r-release-osx-x86_64-snowleopard 1.4 OK
r-release-windows-ix86+x86_64 1.4 10.00 137.00 147.00 OK
r-oldrel-windows-ix86+x86_64 1.4 10.00 136.00 146.00 OK

Check Details

Version: 1.4
Check: whether package can be installed
Result: ERROR
    Installation failed.
Flavor: r-release-osx-x86_64-mavericks