CRAN Package Check Results for Package spate

Last updated on 2014-11-23 08:48:28.

Flavor Version Tinstall Tcheck Ttotal Status Flags
r-devel-linux-x86_64-debian-clang 1.3 2.15 61.56 63.71 OK
r-devel-linux-x86_64-debian-gcc 1.3 2.12 56.56 58.68 OK
r-devel-linux-x86_64-fedora-clang 1.3 121.07 OK
r-devel-linux-x86_64-fedora-gcc 1.3 116.37 OK
r-devel-osx-x86_64-clang 1.3 104.92 OK
r-devel-windows-ix86+x86_64 1.3 8.00 103.00 111.00 OK
r-patched-linux-x86_64 1.3 2.14 58.49 60.63 OK
r-patched-solaris-sparc 1.3 760.80 OK
r-patched-solaris-x86 1.3 153.00 OK
r-release-linux-ix86 1.3 3.14 68.06 71.20 OK
r-release-linux-x86_64 1.3 3.46 57.30 60.76 OK
r-release-osx-x86_64-mavericks 1.3 ERROR
r-release-osx-x86_64-snowleopard 1.3 OK
r-release-windows-ix86+x86_64 1.3 7.00 102.00 109.00 OK
r-oldrel-windows-ix86+x86_64 1.3 8.00 113.00 121.00 OK

Check Details

Version: 1.3
Check: whether package can be installed
Result: ERROR
    Installation failed.
Flavor: r-release-osx-x86_64-mavericks