CRAN Package Check Results for Package spate

Last updated on 2014-08-22 19:47:59.

Flavor Version Tinstall Tcheck Ttotal Status Flags
r-devel-linux-x86_64-debian-clang 1.3 2.30 53.63 55.93 OK
r-devel-linux-x86_64-debian-gcc 1.3 1.98 49.59 51.58 OK
r-devel-linux-x86_64-fedora-clang 1.3 126.37 OK
r-devel-linux-x86_64-fedora-gcc 1.3 121.64 OK
r-devel-osx-x86_64-clang 1.3 93.58 OK
r-devel-windows-ix86+x86_64 1.3 8.00 99.00 107.00 OK
r-patched-linux-x86_64 1.3 2.00 52.54 54.54 OK
r-patched-solaris-sparc 1.3 760.80 OK
r-patched-solaris-x86 1.3 164.20 OK
r-release-linux-ix86 1.3 3.14 69.86 72.99 OK
r-release-linux-x86_64 1.3 1.98 54.57 56.55 OK
r-release-osx-x86_64-mavericks 1.3 ERROR
r-release-osx-x86_64-snowleopard 1.3 OK
r-release-windows-ix86+x86_64 1.3 10.00 141.00 151.00 OK
r-oldrel-windows-ix86+x86_64 1.3 8.00 105.00 113.00 OK

Check Details

Version: 1.3
Check: whether package can be installed
Result: ERROR
    Installation failed.
Flavor: r-release-osx-x86_64-mavericks