CRAN Package Check Results for Package spate

Last updated on 2014-07-24 17:49:09.

Flavor Version Tinstall Tcheck Ttotal Status Flags
r-devel-linux-x86_64-debian-clang 1.3 2.18 53.53 55.70 OK
r-devel-linux-x86_64-debian-gcc 1.3 2.00 51.00 53.00 OK
r-devel-linux-x86_64-fedora-clang 1.3 127.81 OK
r-devel-linux-x86_64-fedora-gcc 1.3 121.43 OK
r-devel-osx-x86_64-clang 1.3 95.10 OK
r-devel-windows-ix86+x86_64 1.3 8.00 105.00 113.00 OK
r-patched-linux-x86_64 1.3 2.00 51.43 53.43 OK
r-patched-solaris-sparc 1.3 686.40 OK
r-patched-solaris-x86 1.3 162.80 OK
r-release-linux-ix86 1.3 3.14 69.36 72.50 OK
r-release-linux-x86_64 1.3 2.04 52.87 54.91 OK
r-release-osx-x86_64-mavericks 1.3 ERROR
r-release-osx-x86_64-snowleopard 1.3 OK
r-release-windows-ix86+x86_64 1.3 10.00 141.00 151.00 OK
r-oldrel-windows-ix86+x86_64 1.3 8.00 105.00 113.00 OK

Check Details

Version: 1.3
Check: whether package can be installed
Result: ERROR
    Installation failed.
    See ‘/Builds/CRAN-QA-Simon/packages/mavericks-x86_64/results/3.1/spate.Rcheck/00install.out’ for details.
Flavor: r-release-osx-x86_64-mavericks