CRAN Package Check Results for Package spate

Last updated on 2014-12-21 23:47:12.

Flavor Version Tinstall Tcheck Ttotal Status Flags
r-devel-linux-x86_64-debian-clang 1.3 2.23 57.65 59.88 OK
r-devel-linux-x86_64-debian-gcc 1.3 1.93 54.60 56.54 OK
r-devel-linux-x86_64-fedora-clang 1.3 121.61 OK
r-devel-linux-x86_64-fedora-gcc 1.3 112.99 OK
r-devel-osx-x86_64-clang 1.3 104.32 OK
r-devel-windows-ix86+x86_64 1.3 9.00 94.00 103.00 OK
r-patched-linux-x86_64 1.3 2.01 60.04 62.05 OK
r-patched-solaris-sparc 1.3 760.80 OK
r-patched-solaris-x86 1.3 151.60 OK
r-release-linux-ix86 1.3 3.16 68.41 71.57 OK
r-release-linux-x86_64 1.3 2.02 58.28 60.29 OK
r-release-osx-x86_64-mavericks 1.3 ERROR
r-release-osx-x86_64-snowleopard 1.3 OK
r-release-windows-ix86+x86_64 1.3 9.00 107.00 116.00 OK
r-oldrel-windows-ix86+x86_64 1.3 10.00 108.00 118.00 OK

Check Details

Version: 1.3
Check: whether package can be installed
Result: ERROR
    Installation failed.
Flavor: r-release-osx-x86_64-mavericks