CRAN Package Check Results for Package spatgraphs

Last updated on 2014-04-24 19:54:09.

Flavor Version Tinstall Tcheck Ttotal Status Flags
r-devel-linux-x86_64-debian-clang 2.62 3.09 13.28 16.37 OK
r-devel-linux-x86_64-debian-gcc 2.62 4.47 13.12 17.59 OK
r-devel-linux-x86_64-fedora-clang 2.62 33.12 NOTE
r-devel-linux-x86_64-fedora-gcc 2.62 33.36 NOTE
r-devel-osx-x86_64-clang 2.62 33.23 OK
r-devel-osx-x86_64-gcc 2.62 NOTE
r-devel-windows-ix86+x86_64 2.62 19.00 24.00 43.00 OK
r-patched-linux-x86_64 2.62 4.42 13.49 17.91 OK
r-patched-solaris-sparc 2.62 183.90 OK
r-patched-solaris-x86 2.62 47.40 OK
r-release-linux-ix86 2.62 8.00 27.00 35.00 OK
r-release-linux-x86_64 2.62 4.47 13.74 18.20 OK
r-release-osx-x86_64-mavericks 2.62 WARN
r-release-windows-ix86+x86_64 2.62 19.00 25.00 44.00 OK
r-oldrel-windows-ix86+x86_64 2.62 20.00 27.00 47.00 OK

Check Details

Version: 2.62
Check: top-level files
Result: NOTE
    Non-standard files/directories found at top level:
     ‘ToAdd.TXT0’ ‘change.log’
Flavors: r-devel-linux-x86_64-fedora-clang, r-devel-linux-x86_64-fedora-gcc

Version: 2.62
Check: Rd line widths
Result: NOTE
    Rd file 'spatgraphs-package.Rd':
     \examples lines wider than 100 characters:
     pp3d<-list(x=r*sin(tau)*cos(phi),y=r*cos(phi)*cos(tau),z=r*cos(phi),n=n,window=list(x=w,y=w,z=w))
    
    These lines will be truncated in the PDF manual.
Flavors: r-devel-linux-x86_64-fedora-clang, r-devel-linux-x86_64-fedora-gcc

Version: 2.62
Check: package dependencies
Result: NOTE
    Package suggested but not available for checking: ‘igraph’
Flavor: r-devel-osx-x86_64-gcc

Version: 2.62
Check: R code for possible problems
Result: NOTE
    igraph2sg: no visible global function definition for ‘get.adjlist’
    sg2igraph: no visible global function definition for ‘graph.data.frame’
Flavor: r-devel-osx-x86_64-gcc

Version: 2.62
Check: PDF version of manual
Result: WARNING
    LaTeX errors when creating PDF version.
    This typically indicates Rd problems.
    LaTeX errors found:
    ! LaTeX Error: File `upquote.sty' not found.
    
    Type X to quit or <RETURN> to proceed,
    or enter new name. (Default extension: sty)
    
    631a050/Rd2.tex:8: ==> Fatal error occurred, no output PDF file produced!
Flavor: r-release-osx-x86_64-mavericks