CRAN Package Check Results for Package spatgraphs

Last updated on 2014-09-03 05:47:54.

Flavor Version Tinstall Tcheck Ttotal Status Flags
r-devel-linux-x86_64-debian-clang 2.62 2.92 10.88 13.80 NOTE
r-devel-linux-x86_64-debian-gcc 2.62 4.64 11.26 15.90 NOTE
r-devel-linux-x86_64-fedora-clang 2.62 29.85 NOTE
r-devel-linux-x86_64-fedora-gcc 2.62 27.84 NOTE
r-devel-osx-x86_64-clang 2.62 29.32 NOTE
r-devel-windows-ix86+x86_64 2.62 18.00 23.00 41.00 NOTE
r-patched-linux-x86_64 2.62 4.44 12.46 16.90 OK
r-patched-solaris-sparc 2.62 201.50 OK
r-patched-solaris-x86 2.62 45.70 OK
r-release-linux-ix86 2.62 6.34 19.48 25.82 OK
r-release-linux-x86_64 2.62 4.45 13.56 18.00 OK
r-release-osx-x86_64-mavericks 2.62 OK
r-release-windows-ix86+x86_64 2.62 20.00 26.00 46.00 OK
r-oldrel-windows-ix86+x86_64 2.62 19.00 26.00 45.00 OK

Check Details

Version: 2.62
Check: R code for possible problems
Result: NOTE
    igraph2sg: no visible global function definition for ‘get.adjlist’
    plot.sg: no visible global function definition for ‘rgl.lines’
    plot.sgc: no visible binding for global variable ‘spheres3d’
    plot.sgc: no visible binding for global variable ‘points3d’
    sg2igraph: no visible global function definition for ‘graph.data.frame’
    sg2sparse: no visible global function definition for ‘sparseMatrix’
Flavors: r-devel-linux-x86_64-debian-clang, r-devel-linux-x86_64-debian-gcc, r-devel-linux-x86_64-fedora-clang, r-devel-linux-x86_64-fedora-gcc, r-devel-osx-x86_64-clang, r-devel-windows-ix86+x86_64

Version: 2.62
Check: top-level files
Result: NOTE
    Non-standard files/directories found at top level:
     ‘ToAdd.TXT0’ ‘change.log’
Flavors: r-devel-linux-x86_64-fedora-clang, r-devel-linux-x86_64-fedora-gcc

Version: 2.62
Check: Rd line widths
Result: NOTE
    Rd file 'spatgraphs-package.Rd':
     \examples lines wider than 100 characters:
     pp3d<-list(x=r*sin(tau)*cos(phi),y=r*cos(phi)*cos(tau),z=r*cos(phi),n=n,window=list(x=w,y=w,z=w))
    
    These lines will be truncated in the PDF manual.
Flavors: r-devel-linux-x86_64-fedora-clang, r-devel-linux-x86_64-fedora-gcc