CRAN Package Check Results for Package spatgraphs

Last updated on 2014-08-22 13:47:04.

Flavor Version Tinstall Tcheck Ttotal Status Flags
r-devel-linux-x86_64-debian-clang 2.62 2.97 12.68 15.65 OK
r-devel-linux-x86_64-debian-gcc 2.62 4.57 12.44 17.01 OK
r-devel-linux-x86_64-fedora-clang 2.62 29.03 NOTE
r-devel-linux-x86_64-fedora-gcc 2.62 29.36 NOTE
r-devel-osx-x86_64-clang 2.62 28.52 NOTE
r-devel-windows-ix86+x86_64 2.62 21.00 25.00 46.00 OK
r-patched-linux-x86_64 2.62 4.72 12.57 17.29 OK
r-patched-solaris-sparc 2.62 201.50 OK
r-patched-solaris-x86 2.62 46.50 OK
r-release-linux-ix86 2.62 6.36 19.03 25.39 OK
r-release-linux-x86_64 2.62 4.37 13.31 17.68 OK
r-release-osx-x86_64-mavericks 2.62 OK
r-release-windows-ix86+x86_64 2.62 16.00 26.00 42.00 OK
r-oldrel-windows-ix86+x86_64 2.62 18.00 26.00 44.00 OK

Check Details

Version: 2.62
Check: top-level files
Result: NOTE
    Non-standard files/directories found at top level:
     ‘ToAdd.TXT0’ ‘change.log’
Flavors: r-devel-linux-x86_64-fedora-clang, r-devel-linux-x86_64-fedora-gcc

Version: 2.62
Check: R code for possible problems
Result: NOTE
    igraph2sg: no visible global function definition for ‘get.adjlist’
    plot.sg: no visible global function definition for ‘rgl.lines’
    plot.sgc: no visible binding for global variable ‘spheres3d’
    plot.sgc: no visible binding for global variable ‘points3d’
    sg2igraph: no visible global function definition for ‘graph.data.frame’
    sg2sparse: no visible global function definition for ‘sparseMatrix’
Flavors: r-devel-linux-x86_64-fedora-clang, r-devel-linux-x86_64-fedora-gcc, r-devel-osx-x86_64-clang

Version: 2.62
Check: Rd line widths
Result: NOTE
    Rd file 'spatgraphs-package.Rd':
     \examples lines wider than 100 characters:
     pp3d<-list(x=r*sin(tau)*cos(phi),y=r*cos(phi)*cos(tau),z=r*cos(phi),n=n,window=list(x=w,y=w,z=w))
    
    These lines will be truncated in the PDF manual.
Flavors: r-devel-linux-x86_64-fedora-clang, r-devel-linux-x86_64-fedora-gcc