CRAN Package Check Results for Package spatgraphs

Last updated on 2015-08-02 11:47:40.

Flavor Version Tinstall Tcheck Ttotal Status Flags
r-devel-linux-x86_64-debian-clang 2.62 3.42 12.30 15.71 NOTE
r-devel-linux-x86_64-debian-gcc 2.62 4.64 10.92 15.56 NOTE
r-devel-linux-x86_64-fedora-clang 2.62 28.83 NOTE
r-devel-linux-x86_64-fedora-gcc 2.62 26.20 NOTE
r-devel-osx-x86_64-clang 2.62 25.76 NOTE
r-devel-windows-ix86+x86_64 2.62 21.00 27.00 48.00 NOTE
r-patched-linux-x86_64 2.62 4.63 12.30 16.93 NOTE
r-patched-solaris-sparc 2.62 182.50 NOTE
r-patched-solaris-x86 2.62 39.80 NOTE
r-release-linux-x86_64 2.62 4.63 11.65 16.28 NOTE
r-release-osx-x86_64-mavericks 2.62 NOTE
r-release-windows-ix86+x86_64 2.62 26.00 26.00 52.00 NOTE
r-oldrel-windows-ix86+x86_64 2.62 27.00 28.00 55.00 NOTE

Check Details

Version: 2.62
Check: top-level files
Result: NOTE
    Non-standard files/directories found at top level:
     ‘ToAdd.TXT0’ ‘change.log’
Flavors: r-devel-linux-x86_64-debian-clang, r-devel-linux-x86_64-debian-gcc, r-devel-linux-x86_64-fedora-clang, r-devel-linux-x86_64-fedora-gcc, r-patched-linux-x86_64, r-release-linux-x86_64

Version: 2.62
Check: dependencies in R code
Result: NOTE
    'library' or 'require' call to ‘Matrix’ in package code.
     Please use :: or requireNamespace() instead.
     See section 'Suggested packages' in the 'Writing R Extensions' manual.
Flavors: r-devel-linux-x86_64-debian-clang, r-devel-linux-x86_64-debian-gcc, r-devel-linux-x86_64-fedora-clang, r-devel-linux-x86_64-fedora-gcc, r-devel-osx-x86_64-clang, r-devel-windows-ix86+x86_64, r-patched-linux-x86_64, r-patched-solaris-sparc, r-patched-solaris-x86, r-release-linux-x86_64, r-release-osx-x86_64-mavericks, r-release-windows-ix86+x86_64, r-oldrel-windows-ix86+x86_64

Version: 2.62
Check: S3 generic/method consistency
Result: NOTE
    Found the following apparent S3 methods exported but not registered:
     cut.sg plot.sg plot.sgadj plot.sgc print.sg print.sgadj print.sgc
     summary.sg summary.sgc t.sg t.sgadj
    See section ‘Registering S3 methods’ in the ‘Writing R Extensions’
    manual.
Flavors: r-devel-linux-x86_64-debian-clang, r-devel-linux-x86_64-debian-gcc, r-devel-linux-x86_64-fedora-clang, r-devel-linux-x86_64-fedora-gcc, r-devel-osx-x86_64-clang, r-patched-linux-x86_64, r-patched-solaris-sparc, r-patched-solaris-x86, r-release-linux-x86_64

Version: 2.62
Check: R code for possible problems
Result: NOTE
    igraph2sg: no visible global function definition for ‘get.adjlist’
    plot.sg: no visible global function definition for ‘plot’
    plot.sg: no visible global function definition for ‘lines’
    plot.sg: no visible global function definition for ‘arrows’
    plot.sg: no visible global function definition for ‘points’
    plot.sg: no visible global function definition for ‘rgl.lines’
    plot.sgc: no visible global function definition for ‘rgb’
    plot.sgc: no visible global function definition for ‘runif’
    plot.sgc: no visible global function definition for ‘plot’
    plot.sgc: no visible global function definition for ‘points’
    plot.sgc: no visible binding for global variable ‘spheres3d’
    plot.sgc: no visible binding for global variable ‘points3d’
    runif3d: no visible global function definition for ‘runif’
    sg2igraph: no visible global function definition for ‘graph.data.frame’
    sg2sparse: no visible global function definition for ‘sparseMatrix’
    sg_verify_parameters: no visible global function definition for ‘is’
    shortestPath: no visible global function definition for ‘dist’
    shortestPath: no visible global function definition for ‘runif’
    spectral.sg: no visible global function definition for ‘kmeans’
    spectral.sg: no visible global function definition for ‘par’
    spectral.sg: no visible global function definition for ‘plot’
    spectral.sg: no visible global function definition for ‘abline’
    spectral.sg: no visible global function definition for ‘axis’
    spectral.sg: no visible global function definition for ‘points’
    weight.sg: no visible global function definition for ‘dist’
    Undefined global functions or variables:
     abline arrows axis dist get.adjlist graph.data.frame is kmeans lines
     par plot points points3d rgb rgl.lines runif sparseMatrix spheres3d
    Consider adding
     importFrom("grDevices", "rgb")
     importFrom("graphics", "abline", "arrows", "axis", "lines", "par",
     "plot", "points")
     importFrom("methods", "is")
     importFrom("stats", "dist", "kmeans", "runif")
    to your NAMESPACE.
Flavors: r-devel-linux-x86_64-debian-clang, r-devel-linux-x86_64-debian-gcc, r-devel-linux-x86_64-fedora-clang, r-devel-linux-x86_64-fedora-gcc, r-devel-windows-ix86+x86_64

Version: 2.62
Check: Rd line widths
Result: NOTE
    Rd file 'spatgraphs-package.Rd':
     \examples lines wider than 100 characters:
     pp3d<-list(x=r*sin(tau)*cos(phi),y=r*cos(phi)*cos(tau),z=r*cos(phi),n=n,window=list(x=w,y=w,z=w))
    
    These lines will be truncated in the PDF manual.
Flavors: r-devel-linux-x86_64-debian-clang, r-devel-linux-x86_64-debian-gcc, r-devel-linux-x86_64-fedora-clang, r-devel-linux-x86_64-fedora-gcc, r-patched-linux-x86_64, r-release-linux-x86_64

Version: 2.62
Check: R code for possible problems
Result: NOTE
    igraph2sg: no visible global function definition for ‘get.adjlist’
    plot.sg: no visible global function definition for ‘rgl.lines’
    plot.sgc: no visible binding for global variable ‘spheres3d’
    plot.sgc: no visible binding for global variable ‘points3d’
    sg2igraph: no visible global function definition for ‘graph.data.frame’
    sg2sparse: no visible global function definition for ‘sparseMatrix’
    Undefined global functions or variables:
     get.adjlist graph.data.frame points3d rgl.lines sparseMatrix
     spheres3d
Flavor: r-devel-osx-x86_64-clang

Version: 2.62
Check: R code for possible problems
Result: NOTE
    igraph2sg: no visible global function definition for ‘get.adjlist’
    plot.sg: no visible global function definition for ‘rgl.lines’
    plot.sgc: no visible binding for global variable ‘spheres3d’
    plot.sgc: no visible binding for global variable ‘points3d’
    sg2igraph: no visible global function definition for ‘graph.data.frame’
    sg2sparse: no visible global function definition for ‘sparseMatrix’
Flavors: r-patched-linux-x86_64, r-patched-solaris-sparc, r-patched-solaris-x86, r-release-linux-x86_64, r-release-osx-x86_64-mavericks, r-release-windows-ix86+x86_64, r-oldrel-windows-ix86+x86_64