CRAN Package Check Results for Package spatgraphs

Last updated on 2014-07-24 22:48:44.

Flavor Version Tinstall Tcheck Ttotal Status Flags
r-devel-linux-x86_64-debian-clang 2.62 2.98 13.58 16.57 OK
r-devel-linux-x86_64-debian-gcc 2.62 4.50 12.64 17.15 OK
r-devel-linux-x86_64-fedora-clang 2.62 33.85 NOTE
r-devel-linux-x86_64-fedora-gcc 2.62 33.12 NOTE
r-devel-osx-x86_64-clang 2.62 32.82 OK
r-devel-windows-ix86+x86_64 2.62 20.00 24.00 44.00 OK
r-patched-linux-x86_64 2.62 4.47 12.94 17.41 OK
r-patched-solaris-sparc 2.62 183.90 OK
r-patched-solaris-x86 2.62 47.30 OK
r-release-linux-ix86 2.62 6.28 19.01 25.29 OK
r-release-linux-x86_64 2.62 4.68 13.36 18.04 OK
r-release-osx-x86_64-mavericks 2.62 OK
r-release-windows-ix86+x86_64 2.62 18.00 24.00 42.00 OK
r-oldrel-windows-ix86+x86_64 2.62 20.00 28.00 48.00 OK

Check Details

Version: 2.62
Check: top-level files
Result: NOTE
    Non-standard files/directories found at top level:
     ‘ToAdd.TXT0’ ‘change.log’
Flavors: r-devel-linux-x86_64-fedora-clang, r-devel-linux-x86_64-fedora-gcc

Version: 2.62
Check: Rd line widths
Result: NOTE
    Rd file 'spatgraphs-package.Rd':
     \examples lines wider than 100 characters:
     pp3d<-list(x=r*sin(tau)*cos(phi),y=r*cos(phi)*cos(tau),z=r*cos(phi),n=n,window=list(x=w,y=w,z=w))
    
    These lines will be truncated in the PDF manual.
Flavors: r-devel-linux-x86_64-fedora-clang, r-devel-linux-x86_64-fedora-gcc