CRAN Package Check Results for Package spatgraphs

Last updated on 2015-03-31 19:51:17.

Flavor Version Tinstall Tcheck Ttotal Status Flags
r-devel-linux-x86_64-debian-clang 2.62 3.29 12.04 15.33 NOTE
r-devel-linux-x86_64-debian-gcc 2.62 4.45 11.87 16.32 NOTE
r-devel-linux-x86_64-fedora-clang 2.62 29.65 NOTE
r-devel-linux-x86_64-fedora-gcc 2.62 27.86 NOTE
r-devel-osx-x86_64-clang 2.62 31.65 NOTE
r-prerel-windows-ix86+x86_64 2.62 19.00 23.00 42.00 NOTE
r-prerel-linux-x86_64 2.62 4.45 11.38 15.83 NOTE
r-prerel-solaris-sparc 2.62 171.50 NOTE
r-prerel-solaris-x86 2.62 38.30 NOTE
r-release-linux-x86_64 2.62 4.62 12.83 17.45 NOTE
r-release-osx-x86_64-mavericks 2.62 NOTE
r-release-windows-ix86+x86_64 2.62 17.00 23.00 40.00 NOTE
r-oldrel-windows-ix86+x86_64 2.62 20.00 25.00 45.00 OK

Check Details

Version: 2.62
Check: top-level files
Result: NOTE
    Non-standard files/directories found at top level:
     ‘ToAdd.TXT0’ ‘change.log’
Flavors: r-devel-linux-x86_64-debian-clang, r-devel-linux-x86_64-debian-gcc, r-devel-linux-x86_64-fedora-clang, r-devel-linux-x86_64-fedora-gcc, r-prerel-linux-x86_64, r-release-linux-x86_64

Version: 2.62
Check: dependencies in R code
Result: NOTE
    'library' or 'require' call to ‘Matrix’ in package code.
     Please use :: or requireNamespace() instead.
     See section 'Suggested packages' in the 'Writing R Extensions' manual.
Flavors: r-devel-linux-x86_64-debian-clang, r-devel-linux-x86_64-debian-gcc, r-devel-linux-x86_64-fedora-clang, r-devel-linux-x86_64-fedora-gcc, r-devel-osx-x86_64-clang, r-prerel-windows-ix86+x86_64, r-prerel-linux-x86_64, r-prerel-solaris-sparc, r-prerel-solaris-x86, r-release-linux-x86_64, r-release-windows-ix86+x86_64

Version: 2.62
Check: S3 generic/method consistency
Result: NOTE
    Found the following apparent S3 methods exported but not registered:
     cut.sg plot.sg plot.sgadj plot.sgc print.sg print.sgadj print.sgc
     summary.sg summary.sgc t.sg t.sgadj
    See section ‘Registering S3 methods’ in the ‘Writing R Extensions’
    manual.
Flavors: r-devel-linux-x86_64-debian-clang, r-devel-linux-x86_64-debian-gcc, r-devel-linux-x86_64-fedora-clang, r-devel-linux-x86_64-fedora-gcc, r-devel-osx-x86_64-clang, r-prerel-linux-x86_64

Version: 2.62
Check: R code for possible problems
Result: NOTE
    igraph2sg: no visible global function definition for ‘get.adjlist’
    plot.sg: no visible global function definition for ‘rgl.lines’
    plot.sgc: no visible binding for global variable ‘spheres3d’
    plot.sgc: no visible binding for global variable ‘points3d’
    sg2igraph: no visible global function definition for ‘graph.data.frame’
    sg2sparse: no visible global function definition for ‘sparseMatrix’
Flavors: r-devel-linux-x86_64-debian-clang, r-devel-linux-x86_64-debian-gcc, r-devel-linux-x86_64-fedora-clang, r-devel-linux-x86_64-fedora-gcc, r-devel-osx-x86_64-clang, r-prerel-windows-ix86+x86_64, r-prerel-linux-x86_64, r-prerel-solaris-sparc, r-prerel-solaris-x86, r-release-linux-x86_64, r-release-osx-x86_64-mavericks, r-release-windows-ix86+x86_64

Version: 2.62
Check: Rd line widths
Result: NOTE
    Rd file 'spatgraphs-package.Rd':
     \examples lines wider than 100 characters:
     pp3d<-list(x=r*sin(tau)*cos(phi),y=r*cos(phi)*cos(tau),z=r*cos(phi),n=n,window=list(x=w,y=w,z=w))
    
    These lines will be truncated in the PDF manual.
Flavors: r-devel-linux-x86_64-debian-clang, r-devel-linux-x86_64-debian-gcc, r-devel-linux-x86_64-fedora-clang, r-devel-linux-x86_64-fedora-gcc, r-prerel-linux-x86_64, r-release-linux-x86_64