CRAN Package Check Results for Package spatgraphs

Last updated on 2014-10-24 11:47:26.

Flavor Version Tinstall Tcheck Ttotal Status Flags
r-devel-linux-x86_64-debian-clang 2.62 3.18 12.59 15.76 NOTE
r-devel-linux-x86_64-debian-gcc 2.62 4.56 11.96 16.52 NOTE
r-devel-linux-x86_64-fedora-clang 2.62 31.10 NOTE
r-devel-linux-x86_64-fedora-gcc 2.62 28.57 NOTE
r-devel-osx-x86_64-clang 2.62 30.76 NOTE
r-devel-windows-ix86+x86_64 2.62 18.00 26.00 44.00 NOTE
r-patched-linux-x86_64 2.62 4.52 12.54 17.06 NOTE
r-patched-solaris-sparc 2.62 167.40 NOTE
r-patched-solaris-x86 2.62 42.70 NOTE
r-release-linux-ix86 2.62 6.37 19.01 25.38 OK
r-release-linux-x86_64 2.62 4.51 13.28 17.80 NOTE
r-release-osx-x86_64-mavericks 2.62 OK
r-release-windows-ix86+x86_64 2.62 18.00 27.00 45.00 OK
r-oldrel-windows-ix86+x86_64 2.62 20.00 29.00 49.00 OK

Check Details

Version: 2.62
Check: top-level files
Result: NOTE
    Non-standard files/directories found at top level:
     ‘ToAdd.TXT0’ ‘change.log’
Flavors: r-devel-linux-x86_64-debian-clang, r-devel-linux-x86_64-debian-gcc, r-devel-linux-x86_64-fedora-clang, r-devel-linux-x86_64-fedora-gcc, r-patched-linux-x86_64, r-release-linux-x86_64

Version: 2.62
Check: R code for possible problems
Result: NOTE
    igraph2sg: no visible global function definition for ‘get.adjlist’
    plot.sg: no visible global function definition for ‘rgl.lines’
    plot.sgc: no visible binding for global variable ‘spheres3d’
    plot.sgc: no visible binding for global variable ‘points3d’
    sg2igraph: no visible global function definition for ‘graph.data.frame’
    sg2sparse: no visible global function definition for ‘sparseMatrix’
Flavors: r-devel-linux-x86_64-debian-clang, r-devel-linux-x86_64-debian-gcc, r-devel-linux-x86_64-fedora-clang, r-devel-linux-x86_64-fedora-gcc, r-devel-osx-x86_64-clang, r-devel-windows-ix86+x86_64, r-patched-linux-x86_64, r-patched-solaris-sparc, r-patched-solaris-x86

Version: 2.62
Check: Rd line widths
Result: NOTE
    Rd file 'spatgraphs-package.Rd':
     \examples lines wider than 100 characters:
     pp3d<-list(x=r*sin(tau)*cos(phi),y=r*cos(phi)*cos(tau),z=r*cos(phi),n=n,window=list(x=w,y=w,z=w))
    
    These lines will be truncated in the PDF manual.
Flavors: r-devel-linux-x86_64-debian-clang, r-devel-linux-x86_64-debian-gcc, r-devel-linux-x86_64-fedora-clang, r-devel-linux-x86_64-fedora-gcc, r-patched-linux-x86_64, r-release-linux-x86_64