CRAN Package Check Results for Package spatial.tools

Last updated on 2014-04-16 09:48:08.

Flavor Version Tinstall Tcheck Ttotal Status Flags
r-devel-linux-x86_64-debian-clang 1.3.8 4.38 61.08 65.46 OK
r-devel-linux-x86_64-debian-gcc 1.3.8 4.10 61.64 65.74 OK
r-devel-linux-x86_64-fedora-clang 1.3.8 132.12 OK
r-devel-linux-x86_64-fedora-gcc 1.3.8 126.71 OK
r-devel-macosx-x86_64-clang 1.3.8 106.84 OK
r-devel-macosx-x86_64-gcc 1.3.8 ERROR
r-devel-windows-ix86+x86_64 1.3.8 11.00 80.00 91.00 OK
r-patched-linux-x86_64 1.3.8 4.15 61.41 65.56 OK
r-patched-solaris-sparc 1.3.8 741.40 OK
r-patched-solaris-x86 1.3.8 201.10 OK
r-release-linux-ix86 1.3.8 9.00 97.00 106.00 OK
r-release-linux-x86_64 1.3.8 4.16 61.74 65.90 OK
r-release-macosx-x86_64 1.3.8 OK
r-release-windows-ix86+x86_64 1.3.8 13.00 86.00 99.00 OK
r-oldrel-windows-ix86+x86_64 1.3.8 13.00 79.00 92.00 OK

Check Details

Version: 1.3.8
Check: package dependencies
Result: ERROR
    Package required but not available: ‘raster’
    
    See the information on DESCRIPTION files in the chapter ‘Creating R
    packages’ of the ‘Writing R Extensions’ manual.
Flavor: r-devel-macosx-x86_64-gcc