CRAN Package Check Results for Package spatial.tools

Last updated on 2016-12-09 07:48:54.

Flavor Version Tinstall Tcheck Ttotal Status Flags
r-devel-linux-x86_64-debian-clang 1.4.8 3.37 58.40 61.77 NOTE
r-devel-linux-x86_64-debian-gcc 1.4.8 3.45 61.17 64.62 NOTE
r-devel-linux-x86_64-fedora-clang 1.4.8 112.42 NOTE --no-stop-on-test-error
r-devel-linux-x86_64-fedora-gcc 1.4.8 111.67 NOTE --no-stop-on-test-error
r-devel-macos-x86_64-clang 1.4.8 82.95 NOTE --no-stop-on-test-error
r-devel-windows-ix86+x86_64 1.4.8 10.00 132.00 142.00 NOTE
r-patched-linux-x86_64 1.4.8 3.03 49.24 52.26 NOTE
r-patched-solaris-sparc 1.4.8 582.70 NOTE
r-patched-solaris-x86 1.4.8 139.10 NOTE
r-release-linux-x86_64 1.4.8 3.03 48.55 51.58 NOTE
r-release-osx-x86_64-mavericks 1.4.8 NOTE
r-release-windows-ix86+x86_64 1.4.8 9.00 78.00 87.00 NOTE
r-oldrel-windows-ix86+x86_64 1.4.8 13.00 76.00 89.00 NOTE

Check Details

Version: 1.4.8
Check: DESCRIPTION meta-information
Result: NOTE
    Malformed Title field: should not end in a period.
Flavors: r-devel-linux-x86_64-debian-clang, r-devel-linux-x86_64-debian-gcc, r-devel-windows-ix86+x86_64, r-patched-linux-x86_64, r-patched-solaris-sparc, r-patched-solaris-x86, r-release-linux-x86_64, r-release-osx-x86_64-mavericks, r-release-windows-ix86+x86_64, r-oldrel-windows-ix86+x86_64

Version: 1.4.8
Check: R code for possible problems
Result: NOTE
    bbox_to_SpatialPolygons: no visible global function definition for
     ‘CRS’
    bbox_to_SpatialPolygons: no visible global function definition for
     ‘Polygon’
    bbox_to_SpatialPolygons: no visible global function definition for
     ‘Polygons’
    bbox_to_SpatialPolygons: no visible global function definition for
     ‘SpatialPolygons’
    list.raster.files: no visible global function definition for ‘CRS’
    list.raster.files: no visible global function definition for
     ‘spTransform’
    list.raster.files: no visible global function definition for
     ‘SpatialPolygonsDataFrame’
    list.raster.files: no visible global function definition for ‘spChFIDs’
    predict_rasterEngine : predict.rasterEngine_function: no visible global
     function definition for ‘complete.cases’
    projectRaster_rigorous : chunk_function: no visible global function
     definition for ‘spTransform’
    projectRaster_rigorous : chunk_function: no visible global function
     definition for ‘CRS’
    spatial_sync_raster: no visible global function definition for ‘bbox’
    spatial_sync_vector: no visible global function definition for
     ‘spTransform’
    spatial_sync_vector: no visible global function definition for ‘CRS’
    Undefined global functions or variables:
     CRS Polygon Polygons SpatialPolygons SpatialPolygonsDataFrame bbox
     complete.cases spChFIDs spTransform
    Consider adding
     importFrom("stats", "complete.cases")
    to your NAMESPACE file.
Flavors: r-devel-linux-x86_64-debian-clang, r-devel-linux-x86_64-debian-gcc, r-devel-windows-ix86+x86_64, r-patched-linux-x86_64, r-patched-solaris-sparc, r-patched-solaris-x86, r-release-linux-x86_64, r-release-osx-x86_64-mavericks, r-release-windows-ix86+x86_64

Version: 1.4.8
Flags: --no-stop-on-test-error
Check: DESCRIPTION meta-information
Result: NOTE
    Malformed Title field: should not end in a period.
Flavors: r-devel-linux-x86_64-fedora-clang, r-devel-linux-x86_64-fedora-gcc, r-devel-macos-x86_64-clang

Version: 1.4.8
Flags: --no-stop-on-test-error
Check: R code for possible problems
Result: NOTE
    bbox_to_SpatialPolygons: no visible global function definition for
     ‘CRS’
    bbox_to_SpatialPolygons: no visible global function definition for
     ‘Polygon’
    bbox_to_SpatialPolygons: no visible global function definition for
     ‘Polygons’
    bbox_to_SpatialPolygons: no visible global function definition for
     ‘SpatialPolygons’
    list.raster.files: no visible global function definition for ‘CRS’
    list.raster.files: no visible global function definition for
     ‘spTransform’
    list.raster.files: no visible global function definition for
     ‘SpatialPolygonsDataFrame’
    list.raster.files: no visible global function definition for ‘spChFIDs’
    predict_rasterEngine : predict.rasterEngine_function: no visible global
     function definition for ‘complete.cases’
    projectRaster_rigorous : chunk_function: no visible global function
     definition for ‘spTransform’
    projectRaster_rigorous : chunk_function: no visible global function
     definition for ‘CRS’
    spatial_sync_raster: no visible global function definition for ‘bbox’
    spatial_sync_vector: no visible global function definition for
     ‘spTransform’
    spatial_sync_vector: no visible global function definition for ‘CRS’
    Undefined global functions or variables:
     CRS Polygon Polygons SpatialPolygons SpatialPolygonsDataFrame bbox
     complete.cases spChFIDs spTransform
    Consider adding
     importFrom("stats", "complete.cases")
    to your NAMESPACE file.
Flavors: r-devel-linux-x86_64-fedora-clang, r-devel-linux-x86_64-fedora-gcc, r-devel-macos-x86_64-clang

Version: 1.4.8
Check: R code for possible problems
Result: NOTE
    bbox_to_SpatialPolygons: no visible global function definition for
     'CRS'
    bbox_to_SpatialPolygons: no visible global function definition for
     'Polygon'
    bbox_to_SpatialPolygons: no visible global function definition for
     'Polygons'
    bbox_to_SpatialPolygons: no visible global function definition for
     'SpatialPolygons'
    list.raster.files: no visible global function definition for 'CRS'
    list.raster.files: no visible global function definition for
     'spTransform'
    list.raster.files: no visible global function definition for
     'SpatialPolygonsDataFrame'
    list.raster.files: no visible global function definition for 'spChFIDs'
    projectRaster_rigorous : chunk_function: no visible global function
     definition for 'spTransform'
    projectRaster_rigorous : chunk_function: no visible global function
     definition for 'CRS'
    spatial_sync_raster: no visible global function definition for 'bbox'
    spatial_sync_vector: no visible global function definition for
     'spTransform'
    spatial_sync_vector: no visible global function definition for 'CRS'
Flavor: r-oldrel-windows-ix86+x86_64