CRAN Package Check Results for Package spatial.tools

Last updated on 2018-04-26 06:47:56 CEST.

Flavor Version Tinstall Tcheck Ttotal Status Flags
r-devel-linux-x86_64-debian-clang 1.6.0 6.63 68.02 74.65 OK
r-devel-linux-x86_64-debian-gcc 1.6.0 5.45 65.92 71.37 OK
r-devel-linux-x86_64-fedora-clang 1.6.0 99.27 OK
r-devel-linux-x86_64-fedora-gcc 1.6.0 92.13 OK
r-devel-windows-ix86+x86_64 1.4.8 15.00 84.00 99.00 NOTE
r-patched-linux-x86_64 1.6.0 6.19 77.53 83.72 OK
r-patched-solaris-x86 1.6.0 144.10 OK
r-release-linux-x86_64 1.6.0 5.44 77.70 83.14 OK
r-release-windows-ix86+x86_64 1.4.8 15.00 84.00 99.00 NOTE
r-release-osx-x86_64 1.4.8 NOTE
r-oldrel-windows-ix86+x86_64 1.6.0 8.00 93.00 101.00 OK
r-oldrel-osx-x86_64 1.4.8 NOTE

Check Details

Version: 1.4.8
Check: DESCRIPTION meta-information
Result: NOTE
    Malformed Title field: should not end in a period.
Flavors: r-devel-windows-ix86+x86_64, r-release-windows-ix86+x86_64, r-release-osx-x86_64, r-oldrel-osx-x86_64

Version: 1.4.8
Check: R code for possible problems
Result: NOTE
    bbox_to_SpatialPolygons: no visible global function definition for
     'CRS'
    bbox_to_SpatialPolygons: no visible global function definition for
     'Polygon'
    bbox_to_SpatialPolygons: no visible global function definition for
     'Polygons'
    bbox_to_SpatialPolygons: no visible global function definition for
     'SpatialPolygons'
    list.raster.files: no visible global function definition for 'CRS'
    list.raster.files: no visible global function definition for
     'spTransform'
    list.raster.files: no visible global function definition for
     'SpatialPolygonsDataFrame'
    list.raster.files: no visible global function definition for 'spChFIDs'
    predict_rasterEngine : predict.rasterEngine_function: no visible global
     function definition for 'complete.cases'
    projectRaster_rigorous : chunk_function: no visible global function
     definition for 'spTransform'
    projectRaster_rigorous : chunk_function: no visible global function
     definition for 'CRS'
    spatial_sync_raster: no visible global function definition for 'bbox'
    spatial_sync_vector: no visible global function definition for
     'spTransform'
    spatial_sync_vector: no visible global function definition for 'CRS'
    Undefined global functions or variables:
     CRS Polygon Polygons SpatialPolygons SpatialPolygonsDataFrame bbox
     complete.cases spChFIDs spTransform
    Consider adding
     importFrom("stats", "complete.cases")
    to your NAMESPACE file.
Flavors: r-devel-windows-ix86+x86_64, r-release-windows-ix86+x86_64, r-release-osx-x86_64, r-oldrel-osx-x86_64