CRAN Package Check Results for Package spatial.tools

Last updated on 2017-02-25 08:49:46.

Flavor Version Tinstall Tcheck Ttotal Status Flags
r-devel-linux-x86_64-debian-clang 1.4.8 3.36 57.82 61.18 NOTE
r-devel-linux-x86_64-debian-gcc 1.4.8 3.50 56.93 60.43 NOTE
r-devel-linux-x86_64-fedora-clang 1.4.8 107.45 NOTE --no-stop-on-test-error
r-devel-linux-x86_64-fedora-gcc 1.4.8 121.96 NOTE --no-stop-on-test-error
r-devel-macos-x86_64-clang 1.4.8 78.16 NOTE --no-stop-on-test-error
r-devel-windows-ix86+x86_64 1.4.8 17.00 128.00 145.00 NOTE
r-patched-linux-x86_64 1.4.8 3.18 48.69 51.86 NOTE
r-patched-solaris-sparc 1.4.8 593.30 NOTE
r-patched-solaris-x86 1.4.8 168.80 NOTE
r-release-linux-x86_64 1.4.8 3.30 48.60 51.90 NOTE
r-release-osx-x86_64-mavericks 1.4.8 NOTE
r-release-windows-ix86+x86_64 1.4.8 15.00 111.00 126.00 NOTE
r-oldrel-windows-ix86+x86_64 1.4.8 14.00 163.00 177.00 NOTE

Check Details

Version: 1.4.8
Check: DESCRIPTION meta-information
Result: NOTE
    Malformed Title field: should not end in a period.
Flavors: r-devel-linux-x86_64-debian-clang, r-devel-linux-x86_64-debian-gcc, r-devel-windows-ix86+x86_64, r-patched-linux-x86_64, r-patched-solaris-sparc, r-patched-solaris-x86, r-release-linux-x86_64, r-release-osx-x86_64-mavericks, r-release-windows-ix86+x86_64, r-oldrel-windows-ix86+x86_64

Version: 1.4.8
Check: R code for possible problems
Result: NOTE
    bbox_to_SpatialPolygons: no visible global function definition for
     ‘CRS’
    bbox_to_SpatialPolygons: no visible global function definition for
     ‘Polygon’
    bbox_to_SpatialPolygons: no visible global function definition for
     ‘Polygons’
    bbox_to_SpatialPolygons: no visible global function definition for
     ‘SpatialPolygons’
    list.raster.files: no visible global function definition for ‘CRS’
    list.raster.files: no visible global function definition for
     ‘spTransform’
    list.raster.files: no visible global function definition for
     ‘SpatialPolygonsDataFrame’
    list.raster.files: no visible global function definition for ‘spChFIDs’
    predict_rasterEngine : predict.rasterEngine_function: no visible global
     function definition for ‘complete.cases’
    projectRaster_rigorous : chunk_function: no visible global function
     definition for ‘spTransform’
    projectRaster_rigorous : chunk_function: no visible global function
     definition for ‘CRS’
    spatial_sync_raster: no visible global function definition for ‘bbox’
    spatial_sync_vector: no visible global function definition for
     ‘spTransform’
    spatial_sync_vector: no visible global function definition for ‘CRS’
    Undefined global functions or variables:
     CRS Polygon Polygons SpatialPolygons SpatialPolygonsDataFrame bbox
     complete.cases spChFIDs spTransform
    Consider adding
     importFrom("stats", "complete.cases")
    to your NAMESPACE file.
Flavors: r-devel-linux-x86_64-debian-clang, r-devel-linux-x86_64-debian-gcc, r-devel-windows-ix86+x86_64, r-patched-linux-x86_64, r-patched-solaris-sparc, r-patched-solaris-x86, r-release-linux-x86_64, r-release-osx-x86_64-mavericks, r-release-windows-ix86+x86_64

Version: 1.4.8
Flags: --no-stop-on-test-error
Check: DESCRIPTION meta-information
Result: NOTE
    Malformed Title field: should not end in a period.
Flavors: r-devel-linux-x86_64-fedora-clang, r-devel-linux-x86_64-fedora-gcc, r-devel-macos-x86_64-clang

Version: 1.4.8
Flags: --no-stop-on-test-error
Check: R code for possible problems
Result: NOTE
    bbox_to_SpatialPolygons: no visible global function definition for
     ‘CRS’
    bbox_to_SpatialPolygons: no visible global function definition for
     ‘Polygon’
    bbox_to_SpatialPolygons: no visible global function definition for
     ‘Polygons’
    bbox_to_SpatialPolygons: no visible global function definition for
     ‘SpatialPolygons’
    list.raster.files: no visible global function definition for ‘CRS’
    list.raster.files: no visible global function definition for
     ‘spTransform’
    list.raster.files: no visible global function definition for
     ‘SpatialPolygonsDataFrame’
    list.raster.files: no visible global function definition for ‘spChFIDs’
    predict_rasterEngine : predict.rasterEngine_function: no visible global
     function definition for ‘complete.cases’
    projectRaster_rigorous : chunk_function: no visible global function
     definition for ‘spTransform’
    projectRaster_rigorous : chunk_function: no visible global function
     definition for ‘CRS’
    spatial_sync_raster: no visible global function definition for ‘bbox’
    spatial_sync_vector: no visible global function definition for
     ‘spTransform’
    spatial_sync_vector: no visible global function definition for ‘CRS’
    Undefined global functions or variables:
     CRS Polygon Polygons SpatialPolygons SpatialPolygonsDataFrame bbox
     complete.cases spChFIDs spTransform
    Consider adding
     importFrom("stats", "complete.cases")
    to your NAMESPACE file.
Flavors: r-devel-linux-x86_64-fedora-clang, r-devel-linux-x86_64-fedora-gcc, r-devel-macos-x86_64-clang

Version: 1.4.8
Check: R code for possible problems
Result: NOTE
    bbox_to_SpatialPolygons: no visible global function definition for
     'CRS'
    bbox_to_SpatialPolygons: no visible global function definition for
     'Polygon'
    bbox_to_SpatialPolygons: no visible global function definition for
     'Polygons'
    bbox_to_SpatialPolygons: no visible global function definition for
     'SpatialPolygons'
    list.raster.files: no visible global function definition for 'CRS'
    list.raster.files: no visible global function definition for
     'spTransform'
    list.raster.files: no visible global function definition for
     'SpatialPolygonsDataFrame'
    list.raster.files: no visible global function definition for 'spChFIDs'
    projectRaster_rigorous : chunk_function: no visible global function
     definition for 'spTransform'
    projectRaster_rigorous : chunk_function: no visible global function
     definition for 'CRS'
    spatial_sync_raster: no visible global function definition for 'bbox'
    spatial_sync_vector: no visible global function definition for
     'spTransform'
    spatial_sync_vector: no visible global function definition for 'CRS'
Flavor: r-oldrel-windows-ix86+x86_64