CRAN Package Check Results for Package spatial.tools

Last updated on 2014-08-02 08:48:44.

Flavor Version Tinstall Tcheck Ttotal Status Flags
r-devel-linux-x86_64-debian-clang 1.4.8 3.94 56.84 60.78 OK
r-devel-linux-x86_64-debian-gcc 1.4.8 4.59 58.84 63.43 OK
r-devel-linux-x86_64-fedora-clang 1.4.8 133.77 OK
r-devel-linux-x86_64-fedora-gcc 1.4.8 126.29 OK
r-devel-osx-x86_64-clang 1.4.8 105.67 OK
r-devel-windows-ix86+x86_64 1.4.8 13.00 78.00 91.00 OK
r-patched-linux-x86_64 1.4.8 3.92 59.38 63.30 OK
r-patched-solaris-sparc 1.4.8 768.60 OK
r-patched-solaris-x86 1.4.8 189.40 OK
r-release-linux-ix86 1.4.8 5.23 68.71 73.94 OK
r-release-linux-x86_64 1.4.8 4.27 57.72 62.00 OK
r-release-osx-x86_64-mavericks 1.4.8 ERROR
r-release-osx-x86_64-snowleopard 1.4.8 OK
r-release-windows-ix86+x86_64 1.4.8 12.00 79.00 91.00 OK
r-oldrel-windows-ix86+x86_64 1.4.8 16.00 108.00 124.00 OK

Check Details

Version: 1.4.8
Check: package dependencies
Result: ERROR
    Package required but not available: rgdal
    
    See the information on DESCRIPTION files in the chapter Creating R
    packages of the Writing R Extensions manual.
Flavor: r-release-osx-x86_64-mavericks