CRAN Package Check Results for Package spatial.tools

Last updated on 2014-09-19 00:47:07.

Flavor Version Tinstall Tcheck Ttotal Status Flags
r-devel-linux-x86_64-debian-clang 1.4.8 4.06 57.75 61.80 NOTE
r-devel-linux-x86_64-debian-gcc 1.4.8 3.86 57.58 61.44 NOTE
r-devel-linux-x86_64-fedora-clang 1.4.8 128.65 NOTE
r-devel-linux-x86_64-fedora-gcc 1.4.8 118.33 NOTE
r-devel-osx-x86_64-clang 1.4.8 105.00 NOTE
r-devel-windows-ix86+x86_64 1.4.8 10.00 78.00 88.00 NOTE
r-patched-linux-x86_64 1.4.8 4.43 59.26 63.69 OK
r-patched-solaris-sparc 1.4.8 736.80 OK
r-patched-solaris-x86 1.4.8 189.50 OK
r-release-linux-ix86 1.4.8 5.21 70.07 75.28 OK
r-release-linux-x86_64 1.4.8 4.29 57.10 61.39 OK
r-release-osx-x86_64-mavericks 1.4.8 ERROR
r-release-osx-x86_64-snowleopard 1.4.8 OK
r-release-windows-ix86+x86_64 1.4.8 13.00 86.00 99.00 OK
r-oldrel-windows-ix86+x86_64 1.4.8 13.00 86.00 99.00 OK

Check Details

Version: 1.4.8
Check: R code for possible problems
Result: NOTE
    bbox_to_SpatialPolygons: no visible global function definition for
     ‘CRS’
    bbox_to_SpatialPolygons: no visible global function definition for
     ‘Polygon’
    bbox_to_SpatialPolygons: no visible global function definition for
     ‘Polygons’
    bbox_to_SpatialPolygons: no visible global function definition for
     ‘SpatialPolygons’
    list.raster.files: no visible global function definition for ‘CRS’
    list.raster.files: no visible global function definition for
     ‘spTransform’
    list.raster.files: no visible global function definition for
     ‘SpatialPolygonsDataFrame’
    list.raster.files: no visible global function definition for ‘spChFIDs’
    projectRaster_rigorous : chunk_function: no visible global function
     definition for ‘spTransform’
    projectRaster_rigorous : chunk_function: no visible global function
     definition for ‘CRS’
    spatial_sync_raster: no visible global function definition for ‘bbox’
    spatial_sync_vector: no visible global function definition for
     ‘spTransform’
    spatial_sync_vector: no visible global function definition for ‘CRS’
Flavors: r-devel-linux-x86_64-debian-clang, r-devel-linux-x86_64-debian-gcc, r-devel-linux-x86_64-fedora-clang, r-devel-linux-x86_64-fedora-gcc, r-devel-osx-x86_64-clang, r-devel-windows-ix86+x86_64

Version: 1.4.8
Check: package dependencies
Result: ERROR
    Package required but not available: ‘rgdal’
    
    See the information on DESCRIPTION files in the chapter ‘Creating R
    packages’ of the ‘Writing R Extensions’ manual.
Flavor: r-release-osx-x86_64-mavericks