CRAN Package Check Results for Package spatial.tools

Last updated on 2014-10-25 22:48:05.

Flavor Version Tinstall Tcheck Ttotal Status Flags
r-devel-linux-x86_64-debian-clang 1.4.8 4.40 57.06 61.46 NOTE
r-devel-linux-x86_64-debian-gcc 1.4.8 4.96 58.78 63.74 NOTE
r-devel-linux-x86_64-fedora-clang 1.4.8 130.15 NOTE
r-devel-linux-x86_64-fedora-gcc 1.4.8 124.19 NOTE
r-devel-osx-x86_64-clang 1.4.8 109.11 NOTE
r-devel-windows-ix86+x86_64 1.4.8 11.00 76.00 87.00 NOTE
r-patched-linux-x86_64 1.4.8 3.99 57.39 61.38 NOTE
r-patched-solaris-sparc 1.4.8 736.40 NOTE
r-patched-solaris-x86 1.4.8 198.40 NOTE
r-release-linux-ix86 1.4.8 5.32 70.60 75.92 OK
r-release-linux-x86_64 1.4.8 3.96 56.98 60.95 OK
r-release-osx-x86_64-mavericks 1.4.8 ERROR
r-release-osx-x86_64-snowleopard 1.4.8 OK
r-release-windows-ix86+x86_64 1.4.8 15.00 85.00 100.00 OK
r-oldrel-windows-ix86+x86_64 1.4.8 13.00 79.00 92.00 OK

Check Details

Version: 1.4.8
Check: R code for possible problems
Result: NOTE
    bbox_to_SpatialPolygons: no visible global function definition for
     ‘CRS’
    bbox_to_SpatialPolygons: no visible global function definition for
     ‘Polygon’
    bbox_to_SpatialPolygons: no visible global function definition for
     ‘Polygons’
    bbox_to_SpatialPolygons: no visible global function definition for
     ‘SpatialPolygons’
    list.raster.files: no visible global function definition for ‘CRS’
    list.raster.files: no visible global function definition for
     ‘spTransform’
    list.raster.files: no visible global function definition for
     ‘SpatialPolygonsDataFrame’
    list.raster.files: no visible global function definition for ‘spChFIDs’
    projectRaster_rigorous : chunk_function: no visible global function
     definition for ‘spTransform’
    projectRaster_rigorous : chunk_function: no visible global function
     definition for ‘CRS’
    spatial_sync_raster: no visible global function definition for ‘bbox’
    spatial_sync_vector: no visible global function definition for
     ‘spTransform’
    spatial_sync_vector: no visible global function definition for ‘CRS’
Flavors: r-devel-linux-x86_64-debian-clang, r-devel-linux-x86_64-debian-gcc, r-devel-linux-x86_64-fedora-clang, r-devel-linux-x86_64-fedora-gcc, r-devel-osx-x86_64-clang, r-devel-windows-ix86+x86_64, r-patched-linux-x86_64, r-patched-solaris-sparc, r-patched-solaris-x86

Version: 1.4.8
Check: package dependencies
Result: ERROR
    Package required but not available: ‘rgdal’
    
    See the information on DESCRIPTION files in the chapter ‘Creating R
    packages’ of the ‘Writing R Extensions’ manual.
Flavor: r-release-osx-x86_64-mavericks