CRAN Package Check Results for Package spatial.tools

Last updated on 2014-07-26 19:50:30.

Flavor Version Tinstall Tcheck Ttotal Status Flags
r-devel-linux-x86_64-debian-clang 1.4.8 3.99 57.06 61.05 OK
r-devel-linux-x86_64-debian-gcc 1.4.8 4.20 54.65 58.85 OK
r-devel-linux-x86_64-fedora-clang 1.4.8 133.77 OK
r-devel-linux-x86_64-fedora-gcc 1.4.8 126.29 OK
r-devel-osx-x86_64-clang 1.4.8 106.16 OK
r-devel-windows-ix86+x86_64 1.4.8 11.00 79.00 90.00 OK
r-patched-linux-x86_64 1.4.8 3.93 59.50 63.42 OK
r-patched-solaris-sparc 1.4.8 706.80 OK
r-patched-solaris-x86 1.4.8 191.70 OK
r-release-linux-ix86 1.4.8 4.98 68.80 73.78 OK
r-release-linux-x86_64 1.4.8 4.52 56.54 61.05 OK
r-release-osx-x86_64-mavericks 1.4.8 ERROR
r-release-osx-x86_64-snowleopard 1.4.8 OK
r-release-windows-ix86+x86_64 1.4.8 11.00 80.00 91.00 OK
r-oldrel-windows-ix86+x86_64 1.4.8 13.00 80.00 93.00 OK

Check Details

Version: 1.4.8
Check: package dependencies
Result: ERROR
    Package required but not available: ‘rgdal’
    
    See the information on DESCRIPTION files in the chapter ‘Creating R
    packages’ of the ‘Writing R Extensions’ manual.
Flavor: r-release-osx-x86_64-mavericks