CRAN Package Check Results for Package spatial.tools

Last updated on 2015-03-28 18:50:40.

Flavor Version Tinstall Tcheck Ttotal Status Flags
r-devel-linux-x86_64-debian-clang 1.4.8 3.03 48.77 51.80 NOTE
r-devel-linux-x86_64-debian-gcc 1.4.8 3.34 46.38 49.73 NOTE
r-devel-linux-x86_64-fedora-clang 1.4.8 96.42 NOTE
r-devel-linux-x86_64-fedora-gcc 1.4.8 97.12 NOTE
r-devel-osx-x86_64-clang 1.4.8 87.76 NOTE
r-prerel-windows-ix86+x86_64 1.4.8 11.00 85.00 96.00 NOTE
r-prerel-linux-x86_64 1.4.8 2.92 48.73 51.65 NOTE
r-prerel-solaris-sparc 1.4.8 580.50 NOTE
r-prerel-solaris-x86 1.4.8 146.20 NOTE
r-release-linux-x86_64 1.4.8 4.06 57.96 62.01 NOTE
r-release-osx-x86_64-mavericks 1.4.8 ERROR
r-release-osx-x86_64-snowleopard 1.4.8 OK
r-release-windows-ix86+x86_64 1.4.8 13.00 89.00 102.00 NOTE
r-oldrel-windows-ix86+x86_64 1.4.8 13.00 82.00 95.00 OK

Check Details

Version: 1.4.8
Check: DESCRIPTION meta-information
Result: NOTE
    Malformed Title field: should not end in a period.
Flavors: r-devel-linux-x86_64-debian-clang, r-devel-linux-x86_64-debian-gcc, r-devel-linux-x86_64-fedora-clang, r-devel-linux-x86_64-fedora-gcc, r-devel-osx-x86_64-clang, r-prerel-windows-ix86+x86_64, r-prerel-linux-x86_64, r-prerel-solaris-sparc, r-prerel-solaris-x86

Version: 1.4.8
Check: R code for possible problems
Result: NOTE
    bbox_to_SpatialPolygons: no visible global function definition for
     ‘CRS’
    bbox_to_SpatialPolygons: no visible global function definition for
     ‘Polygon’
    bbox_to_SpatialPolygons: no visible global function definition for
     ‘Polygons’
    bbox_to_SpatialPolygons: no visible global function definition for
     ‘SpatialPolygons’
    list.raster.files: no visible global function definition for ‘CRS’
    list.raster.files: no visible global function definition for
     ‘spTransform’
    list.raster.files: no visible global function definition for
     ‘SpatialPolygonsDataFrame’
    list.raster.files: no visible global function definition for ‘spChFIDs’
    projectRaster_rigorous : chunk_function: no visible global function
     definition for ‘spTransform’
    projectRaster_rigorous : chunk_function: no visible global function
     definition for ‘CRS’
    spatial_sync_raster: no visible global function definition for ‘bbox’
    spatial_sync_vector: no visible global function definition for
     ‘spTransform’
    spatial_sync_vector: no visible global function definition for ‘CRS’
Flavors: r-devel-linux-x86_64-debian-clang, r-devel-linux-x86_64-debian-gcc, r-devel-linux-x86_64-fedora-clang, r-devel-linux-x86_64-fedora-gcc, r-devel-osx-x86_64-clang, r-prerel-windows-ix86+x86_64, r-prerel-linux-x86_64, r-prerel-solaris-sparc, r-prerel-solaris-x86, r-release-linux-x86_64, r-release-windows-ix86+x86_64

Version: 1.4.8
Check: package dependencies
Result: ERROR
    Package required but not available: ‘rgdal’
    
    See section ‘The DESCRIPTION file’ in the ‘Writing R Extensions’
    manual.
Flavor: r-release-osx-x86_64-mavericks