CRAN Package Check Results for Package spatial.tools

Last updated on 2015-08-02 17:48:04.

Flavor Version Tinstall Tcheck Ttotal Status Flags
r-devel-linux-x86_64-debian-clang 1.4.8 3.58 50.67 54.26 NOTE
r-devel-linux-x86_64-debian-gcc 1.4.8 3.11 49.02 52.13 NOTE
r-devel-linux-x86_64-fedora-clang 1.4.8 100.76 NOTE
r-devel-linux-x86_64-fedora-gcc 1.4.8 95.39 NOTE
r-devel-osx-x86_64-clang 1.4.8 83.05 NOTE
r-devel-windows-ix86+x86_64 1.4.8 10.00 81.00 91.00 NOTE
r-patched-linux-x86_64 1.4.8 3.13 49.98 53.11 NOTE
r-patched-solaris-sparc 1.4.8 636.90 NOTE
r-patched-solaris-x86 1.4.8 152.40 NOTE
r-release-linux-x86_64 1.4.8 3.21 50.83 54.04 NOTE
r-release-osx-x86_64-mavericks 1.4.8 NOTE
r-release-windows-ix86+x86_64 1.4.8 13.00 77.00 90.00 NOTE
r-oldrel-windows-ix86+x86_64 1.4.8 21.00 93.00 114.00 NOTE

Check Details

Version: 1.4.8
Check: DESCRIPTION meta-information
Result: NOTE
    Malformed Title field: should not end in a period.
Flavors: r-devel-linux-x86_64-debian-clang, r-devel-linux-x86_64-debian-gcc, r-devel-linux-x86_64-fedora-clang, r-devel-linux-x86_64-fedora-gcc, r-devel-osx-x86_64-clang, r-devel-windows-ix86+x86_64, r-patched-linux-x86_64, r-patched-solaris-sparc, r-patched-solaris-x86, r-release-linux-x86_64, r-release-osx-x86_64-mavericks, r-release-windows-ix86+x86_64

Version: 1.4.8
Check: R code for possible problems
Result: NOTE
    bbox_to_SpatialPolygons: no visible global function definition for
     ‘CRS’
    bbox_to_SpatialPolygons: no visible global function definition for
     ‘Polygon’
    bbox_to_SpatialPolygons: no visible global function definition for
     ‘Polygons’
    bbox_to_SpatialPolygons: no visible global function definition for
     ‘SpatialPolygons’
    list.raster.files: no visible global function definition for ‘CRS’
    list.raster.files: no visible global function definition for
     ‘spTransform’
    list.raster.files: no visible global function definition for
     ‘SpatialPolygonsDataFrame’
    list.raster.files: no visible global function definition for ‘spChFIDs’
    predict_rasterEngine : predict.rasterEngine_function: no visible global
     function definition for ‘complete.cases’
    projectRaster_rigorous : chunk_function: no visible global function
     definition for ‘spTransform’
    projectRaster_rigorous : chunk_function: no visible global function
     definition for ‘CRS’
    spatial_sync_raster: no visible global function definition for ‘bbox’
    spatial_sync_vector: no visible global function definition for
     ‘spTransform’
    spatial_sync_vector: no visible global function definition for ‘CRS’
    Undefined global functions or variables:
     CRS Polygon Polygons SpatialPolygons SpatialPolygonsDataFrame bbox
     complete.cases spChFIDs spTransform
    Consider adding
     importFrom("stats", "complete.cases")
    to your NAMESPACE.
Flavors: r-devel-linux-x86_64-debian-clang, r-devel-linux-x86_64-debian-gcc, r-devel-linux-x86_64-fedora-clang, r-devel-linux-x86_64-fedora-gcc, r-devel-windows-ix86+x86_64

Version: 1.4.8
Check: R code for possible problems
Result: NOTE
    bbox_to_SpatialPolygons: no visible global function definition for
     ‘CRS’
    bbox_to_SpatialPolygons: no visible global function definition for
     ‘Polygon’
    bbox_to_SpatialPolygons: no visible global function definition for
     ‘Polygons’
    bbox_to_SpatialPolygons: no visible global function definition for
     ‘SpatialPolygons’
    list.raster.files: no visible global function definition for ‘CRS’
    list.raster.files: no visible global function definition for
     ‘spTransform’
    list.raster.files: no visible global function definition for
     ‘SpatialPolygonsDataFrame’
    list.raster.files: no visible global function definition for ‘spChFIDs’
    projectRaster_rigorous : chunk_function: no visible global function
     definition for ‘spTransform’
    projectRaster_rigorous : chunk_function: no visible global function
     definition for ‘CRS’
    spatial_sync_raster: no visible global function definition for ‘bbox’
    spatial_sync_vector: no visible global function definition for
     ‘spTransform’
    spatial_sync_vector: no visible global function definition for ‘CRS’
    Undefined global functions or variables:
     CRS Polygon Polygons SpatialPolygons SpatialPolygonsDataFrame bbox
     spChFIDs spTransform
Flavor: r-devel-osx-x86_64-clang

Version: 1.4.8
Check: R code for possible problems
Result: NOTE
    bbox_to_SpatialPolygons: no visible global function definition for
     ‘CRS’
    bbox_to_SpatialPolygons: no visible global function definition for
     ‘Polygon’
    bbox_to_SpatialPolygons: no visible global function definition for
     ‘Polygons’
    bbox_to_SpatialPolygons: no visible global function definition for
     ‘SpatialPolygons’
    list.raster.files: no visible global function definition for ‘CRS’
    list.raster.files: no visible global function definition for
     ‘spTransform’
    list.raster.files: no visible global function definition for
     ‘SpatialPolygonsDataFrame’
    list.raster.files: no visible global function definition for ‘spChFIDs’
    projectRaster_rigorous : chunk_function: no visible global function
     definition for ‘spTransform’
    projectRaster_rigorous : chunk_function: no visible global function
     definition for ‘CRS’
    spatial_sync_raster: no visible global function definition for ‘bbox’
    spatial_sync_vector: no visible global function definition for
     ‘spTransform’
    spatial_sync_vector: no visible global function definition for ‘CRS’
Flavors: r-patched-linux-x86_64, r-patched-solaris-sparc, r-patched-solaris-x86, r-release-linux-x86_64, r-release-osx-x86_64-mavericks, r-release-windows-ix86+x86_64, r-oldrel-windows-ix86+x86_64