CRAN Package Check Results for Package spatial.tools

Last updated on 2014-11-23 16:46:41.

Flavor Version Tinstall Tcheck Ttotal Status Flags
r-devel-linux-x86_64-debian-clang 1.4.8 3.99 57.58 61.58 NOTE
r-devel-linux-x86_64-debian-gcc 1.4.8 3.97 55.89 59.86 NOTE
r-devel-linux-x86_64-fedora-clang 1.4.8 131.06 NOTE
r-devel-linux-x86_64-fedora-gcc 1.4.8 123.92 NOTE
r-devel-osx-x86_64-clang 1.4.8 109.40 NOTE
r-devel-windows-ix86+x86_64 1.4.8 14.00 74.00 88.00 NOTE
r-patched-linux-x86_64 1.4.8 3.94 59.90 63.84 NOTE
r-patched-solaris-sparc 1.4.8 736.40 NOTE
r-patched-solaris-x86 1.4.8 194.30 NOTE
r-release-linux-ix86 1.4.8 5.42 67.76 73.18 NOTE
r-release-linux-x86_64 1.4.8 3.94 58.01 61.95 NOTE
r-release-osx-x86_64-mavericks 1.4.8 ERROR
r-release-osx-x86_64-snowleopard 1.4.8 OK
r-release-windows-ix86+x86_64 1.4.8 13.00 82.00 95.00 NOTE
r-oldrel-windows-ix86+x86_64 1.4.8 13.00 86.00 99.00 OK

Check Details

Version: 1.4.8
Check: R code for possible problems
Result: NOTE
    bbox_to_SpatialPolygons: no visible global function definition for
     ‘CRS’
    bbox_to_SpatialPolygons: no visible global function definition for
     ‘Polygon’
    bbox_to_SpatialPolygons: no visible global function definition for
     ‘Polygons’
    bbox_to_SpatialPolygons: no visible global function definition for
     ‘SpatialPolygons’
    list.raster.files: no visible global function definition for ‘CRS’
    list.raster.files: no visible global function definition for
     ‘spTransform’
    list.raster.files: no visible global function definition for
     ‘SpatialPolygonsDataFrame’
    list.raster.files: no visible global function definition for ‘spChFIDs’
    projectRaster_rigorous : chunk_function: no visible global function
     definition for ‘spTransform’
    projectRaster_rigorous : chunk_function: no visible global function
     definition for ‘CRS’
    spatial_sync_raster: no visible global function definition for ‘bbox’
    spatial_sync_vector: no visible global function definition for
     ‘spTransform’
    spatial_sync_vector: no visible global function definition for ‘CRS’
Flavors: r-devel-linux-x86_64-debian-clang, r-devel-linux-x86_64-debian-gcc, r-devel-linux-x86_64-fedora-clang, r-devel-linux-x86_64-fedora-gcc, r-devel-osx-x86_64-clang, r-devel-windows-ix86+x86_64, r-patched-linux-x86_64, r-patched-solaris-sparc, r-patched-solaris-x86, r-release-linux-ix86, r-release-linux-x86_64, r-release-windows-ix86+x86_64

Version: 1.4.8
Check: package dependencies
Result: ERROR
    Package required but not available: ‘rgdal’
    
    See the information on DESCRIPTION files in the chapter ‘Creating R
    packages’ of the ‘Writing R Extensions’ manual.
Flavor: r-release-osx-x86_64-mavericks