CRAN Package Check Results for Package spatial.tools

Last updated on 2015-05-25 16:47:25.

Flavor Version Tinstall Tcheck Ttotal Status Flags
r-devel-linux-x86_64-debian-clang 1.4.8 3.14 50.20 53.34 NOTE
r-devel-linux-x86_64-debian-gcc 1.4.8 3.13 49.26 52.39 NOTE
r-devel-linux-x86_64-fedora-clang 1.4.8 97.91 NOTE
r-devel-linux-x86_64-fedora-gcc 1.4.8 95.41 NOTE
r-devel-osx-x86_64-clang 1.4.8 82.43 NOTE
r-devel-windows-ix86+x86_64 1.4.8 10.00 69.00 79.00 NOTE
r-patched-linux-x86_64 1.4.8 2.87 48.31 51.18 NOTE
r-patched-solaris-sparc 1.4.8 598.50 NOTE
r-patched-solaris-x86 1.4.8 144.70 NOTE
r-release-linux-x86_64 1.4.8 2.95 46.84 49.80 NOTE
r-release-osx-x86_64-mavericks 1.4.8 NOTE
r-release-osx-x86_64-snowleopard 1.4.8 ERROR
r-release-windows-ix86+x86_64 1.4.8 11.00 65.00 76.00 NOTE
r-oldrel-windows-ix86+x86_64 1.4.8 14.00 81.00 95.00 NOTE

Check Details

Version: 1.4.8
Check: DESCRIPTION meta-information
Result: NOTE
    Malformed Title field: should not end in a period.
Flavors: r-devel-linux-x86_64-debian-clang, r-devel-linux-x86_64-debian-gcc, r-devel-linux-x86_64-fedora-clang, r-devel-linux-x86_64-fedora-gcc, r-devel-osx-x86_64-clang, r-devel-windows-ix86+x86_64, r-patched-linux-x86_64, r-patched-solaris-sparc, r-patched-solaris-x86, r-release-linux-x86_64, r-release-osx-x86_64-mavericks, r-release-windows-ix86+x86_64

Version: 1.4.8
Check: R code for possible problems
Result: NOTE
    bbox_to_SpatialPolygons: no visible global function definition for
     ‘CRS’
    bbox_to_SpatialPolygons: no visible global function definition for
     ‘Polygon’
    bbox_to_SpatialPolygons: no visible global function definition for
     ‘Polygons’
    bbox_to_SpatialPolygons: no visible global function definition for
     ‘SpatialPolygons’
    list.raster.files: no visible global function definition for ‘CRS’
    list.raster.files: no visible global function definition for
     ‘spTransform’
    list.raster.files: no visible global function definition for
     ‘SpatialPolygonsDataFrame’
    list.raster.files: no visible global function definition for ‘spChFIDs’
    projectRaster_rigorous : chunk_function: no visible global function
     definition for ‘spTransform’
    projectRaster_rigorous : chunk_function: no visible global function
     definition for ‘CRS’
    spatial_sync_raster: no visible global function definition for ‘bbox’
    spatial_sync_vector: no visible global function definition for
     ‘spTransform’
    spatial_sync_vector: no visible global function definition for ‘CRS’
Flavors: r-devel-linux-x86_64-debian-clang, r-devel-linux-x86_64-debian-gcc, r-devel-linux-x86_64-fedora-clang, r-devel-linux-x86_64-fedora-gcc, r-devel-osx-x86_64-clang, r-devel-windows-ix86+x86_64, r-patched-linux-x86_64, r-patched-solaris-sparc, r-patched-solaris-x86, r-release-linux-x86_64, r-release-osx-x86_64-mavericks, r-release-windows-ix86+x86_64, r-oldrel-windows-ix86+x86_64

Version: 1.4.8
Check: package dependencies
Result: ERROR
    Package required but not available: ‘raster’
    
    See section ‘The DESCRIPTION file’ in the ‘Writing R Extensions’
    manual.
Flavor: r-release-osx-x86_64-snowleopard