CRAN Package Check Results for Package spatial.tools

Last updated on 2014-12-23 03:49:53.

Flavor Version Tinstall Tcheck Ttotal Status Flags
r-devel-linux-x86_64-debian-clang 1.4.8 3.83 58.29 62.12 NOTE
r-devel-linux-x86_64-debian-gcc 1.4.8 3.98 55.73 59.72 NOTE
r-devel-linux-x86_64-fedora-clang 1.4.8 134.20 NOTE
r-devel-linux-x86_64-fedora-gcc 1.4.8 126.33 NOTE
r-devel-osx-x86_64-clang 1.4.8 110.05 NOTE
r-devel-windows-ix86+x86_64 1.4.8 14.00 81.00 95.00 NOTE
r-patched-linux-x86_64 1.4.8 3.95 59.86 63.81 NOTE
r-patched-solaris-sparc 1.4.8 756.10 NOTE
r-patched-solaris-x86 1.4.8 192.60 NOTE
r-release-linux-ix86 1.4.8 4.69 68.03 72.72 NOTE
r-release-linux-x86_64 1.4.8 3.88 58.98 62.85 NOTE
r-release-osx-x86_64-mavericks 1.4.8 ERROR
r-release-osx-x86_64-snowleopard 1.4.8 OK
r-release-windows-ix86+x86_64 1.4.8 16.00 84.00 100.00 NOTE
r-oldrel-windows-ix86+x86_64 1.4.8 14.00 86.00 100.00 OK

Check Details

Version: 1.4.8
Check: R code for possible problems
Result: NOTE
    bbox_to_SpatialPolygons: no visible global function definition for
     ‘CRS’
    bbox_to_SpatialPolygons: no visible global function definition for
     ‘Polygon’
    bbox_to_SpatialPolygons: no visible global function definition for
     ‘Polygons’
    bbox_to_SpatialPolygons: no visible global function definition for
     ‘SpatialPolygons’
    list.raster.files: no visible global function definition for ‘CRS’
    list.raster.files: no visible global function definition for
     ‘spTransform’
    list.raster.files: no visible global function definition for
     ‘SpatialPolygonsDataFrame’
    list.raster.files: no visible global function definition for ‘spChFIDs’
    projectRaster_rigorous : chunk_function: no visible global function
     definition for ‘spTransform’
    projectRaster_rigorous : chunk_function: no visible global function
     definition for ‘CRS’
    spatial_sync_raster: no visible global function definition for ‘bbox’
    spatial_sync_vector: no visible global function definition for
     ‘spTransform’
    spatial_sync_vector: no visible global function definition for ‘CRS’
Flavors: r-devel-linux-x86_64-debian-clang, r-devel-linux-x86_64-debian-gcc, r-devel-linux-x86_64-fedora-clang, r-devel-linux-x86_64-fedora-gcc, r-devel-osx-x86_64-clang, r-devel-windows-ix86+x86_64, r-patched-linux-x86_64, r-patched-solaris-sparc, r-patched-solaris-x86, r-release-linux-ix86, r-release-linux-x86_64, r-release-windows-ix86+x86_64

Version: 1.4.8
Check: package dependencies
Result: ERROR
    Package required but not available: ‘rgdal’
    
    See the information on DESCRIPTION files in the chapter ‘Creating R
    packages’ of the ‘Writing R Extensions’ manual.
Flavor: r-release-osx-x86_64-mavericks