CRAN Package Check Results for Package spatialCovariance

Last updated on 2015-07-03 11:47:23.

Flavor Version Tinstall Tcheck Ttotal Status Flags
r-devel-linux-x86_64-debian-clang 0.6-8 0.50 12.16 12.66 NOTE
r-devel-linux-x86_64-debian-gcc 0.6-8 0.47 13.11 13.58 NOTE
r-devel-linux-x86_64-fedora-clang 0.6-8 24.74 NOTE
r-devel-linux-x86_64-fedora-gcc 0.6-8 23.71 NOTE
r-devel-osx-x86_64-clang 0.6-8 23.96 OK
r-devel-windows-ix86+x86_64 0.6-8 4.00 20.00 24.00 OK
r-patched-linux-x86_64 0.6-8 0.52 14.77 15.29 NOTE
r-patched-solaris-sparc 0.6-8 172.00 OK
r-patched-solaris-x86 0.6-8 37.30 OK
r-release-linux-x86_64 0.6-8 0.53 13.52 14.05 NOTE
r-release-osx-x86_64-mavericks 0.6-8 OK
r-release-windows-ix86+x86_64 0.6-8 2.00 22.00 24.00 OK
r-oldrel-windows-ix86+x86_64 0.6-8 4.00 21.00 25.00 OK

Check Details

Version: 0.6-8
Check: R code for possible problems
Result: NOTE
    Hypergeometric2F1: no visible global function definition for
     ‘integrate’
    f.NI: no visible global function definition for ‘integrate’
    precompute : <anonymous>: no visible global function definition for
     ‘object.size’
    Undefined global functions or variables:
     integrate object.size
Flavors: r-devel-linux-x86_64-debian-clang, r-devel-linux-x86_64-debian-gcc, r-devel-linux-x86_64-fedora-clang, r-devel-linux-x86_64-fedora-gcc

Version: 0.6-8
Check: Rd line widths
Result: NOTE
    Rd file 'computeV.Rd':
     \usage lines wider than 90 characters:
     computeV(info,class="ldt",params,rel.tol = .Machine$double.eps^0.25,abs.tol = rel.tol,cat.level=0, K=NULL)
    
    These lines will be truncated in the PDF manual.
Flavors: r-devel-linux-x86_64-debian-clang, r-devel-linux-x86_64-debian-gcc, r-devel-linux-x86_64-fedora-clang, r-devel-linux-x86_64-fedora-gcc, r-patched-linux-x86_64, r-release-linux-x86_64