CRAN Package Check Results for Package spatialCovariance

Last updated on 2014-04-24 07:52:38.

Flavor Version Tinstall Tcheck Ttotal Status Flags
r-devel-linux-x86_64-debian-clang 0.6-8 0.57 14.68 15.24 OK
r-devel-linux-x86_64-debian-gcc 0.6-8 0.54 13.72 14.26 OK
r-devel-linux-x86_64-fedora-clang 0.6-8 27.53 NOTE
r-devel-linux-x86_64-fedora-gcc 0.6-8 27.23 NOTE
r-devel-osx-x86_64-clang 0.6-8 28.35 OK
r-devel-osx-x86_64-gcc 0.6-8 OK
r-devel-windows-ix86+x86_64 0.6-8 2.00 21.00 23.00 OK
r-patched-linux-x86_64 0.6-8 0.57 15.06 15.62 OK
r-patched-solaris-sparc 0.6-8 156.10 OK
r-patched-solaris-x86 0.6-8 37.20 OK
r-release-linux-ix86 0.6-8 1.00 27.00 28.00 OK
r-release-linux-x86_64 0.6-8 0.56 14.23 14.78 OK
r-release-osx-x86_64-mavericks 0.6-8 OK
r-release-windows-ix86+x86_64 0.6-8 4.00 20.00 24.00 OK
r-oldrel-windows-ix86+x86_64 0.6-8 2.00 20.00 22.00 OK

Check Details

Version: 0.6-8
Check: Rd line widths
Result: NOTE
    Rd file 'computeV.Rd':
     \usage lines wider than 90 characters:
     computeV(info,class="ldt",params,rel.tol = .Machine$double.eps^0.25,abs.tol = rel.tol,cat.level=0, K=NULL)
    
    These lines will be truncated in the PDF manual.
Flavors: r-devel-linux-x86_64-fedora-clang, r-devel-linux-x86_64-fedora-gcc