CRAN Package Check Results for Package spatialCovariance

Last updated on 2014-07-31 19:48:18.

Flavor Version Tinstall Tcheck Ttotal Status Flags
r-devel-linux-x86_64-debian-clang 0.6-8 0.51 13.92 14.43 OK
r-devel-linux-x86_64-debian-gcc 0.6-8 0.51 15.31 15.82 OK
r-devel-linux-x86_64-fedora-clang 0.6-8 27.78 NOTE
r-devel-linux-x86_64-fedora-gcc 0.6-8 25.77 NOTE
r-devel-osx-x86_64-clang 0.6-8 28.61 OK
r-devel-windows-ix86+x86_64 0.6-8 2.00 20.00 22.00 OK
r-patched-linux-x86_64 0.6-8 0.52 14.36 14.88 OK
r-patched-solaris-sparc 0.6-8 190.60 OK
r-patched-solaris-x86 0.6-8 37.00 OK
r-release-linux-ix86 0.6-8 0.85 19.35 20.20 OK
r-release-linux-x86_64 0.6-8 0.53 13.68 14.20 OK
r-release-osx-x86_64-mavericks 0.6-8 OK
r-release-windows-ix86+x86_64 0.6-8 3.00 27.00 30.00 OK
r-oldrel-windows-ix86+x86_64 0.6-8 2.00 20.00 22.00 OK

Check Details

Version: 0.6-8
Check: Rd line widths
Result: NOTE
    Rd file 'computeV.Rd':
     \usage lines wider than 90 characters:
     computeV(info,class="ldt",params,rel.tol = .Machine$double.eps^0.25,abs.tol = rel.tol,cat.level=0, K=NULL)
    
    These lines will be truncated in the PDF manual.
Flavors: r-devel-linux-x86_64-fedora-clang, r-devel-linux-x86_64-fedora-gcc