CRAN Package Check Results for Package spatialCovariance

Last updated on 2015-04-18 17:51:03.

Flavor Version Tinstall Tcheck Ttotal Status Flags
r-devel-linux-x86_64-debian-clang 0.6-8 0.58 13.73 14.31 NOTE
r-devel-linux-x86_64-debian-gcc 0.6-8 0.65 13.70 14.34 NOTE
r-devel-linux-x86_64-fedora-clang 0.6-8 26.88 NOTE
r-devel-linux-x86_64-fedora-gcc 0.6-8 25.97 NOTE
r-devel-osx-x86_64-clang 0.6-8 29.92 OK
r-patched-linux-x86_64 0.6-8 0.52 13.63 14.15 NOTE
r-patched-solaris-sparc 0.6-8 172.40 OK
r-patched-solaris-x86 0.6-8 35.20 OK
r-release-linux-x86_64 0.6-8 0.52 12.01 12.52 NOTE
r-release-osx-x86_64-mavericks 0.6-8 OK
r-release-osx-x86_64-snowleopard 0.6-8 OK
r-release-windows-ix86+x86_64 0.6-8 1.00 24.00 25.00 OK
r-oldrel-windows-ix86+x86_64 0.6-8 2.00 20.00 22.00 OK

Check Details

Version: 0.6-8
Check: Rd line widths
Result: NOTE
    Rd file 'computeV.Rd':
     \usage lines wider than 90 characters:
     computeV(info,class="ldt",params,rel.tol = .Machine$double.eps^0.25,abs.tol = rel.tol,cat.level=0, K=NULL)
    
    These lines will be truncated in the PDF manual.
Flavors: r-devel-linux-x86_64-debian-clang, r-devel-linux-x86_64-debian-gcc, r-devel-linux-x86_64-fedora-clang, r-devel-linux-x86_64-fedora-gcc, r-patched-linux-x86_64, r-release-linux-x86_64