CRAN Package Check Results for Package spatialCovariance

Last updated on 2014-11-28 17:51:46.

Flavor Version Tinstall Tcheck Ttotal Status Flags
r-devel-linux-x86_64-debian-clang 0.6-8 0.54 14.97 15.52 NOTE
r-devel-linux-x86_64-debian-gcc 0.6-8 0.58 13.70 14.29 NOTE
r-devel-linux-x86_64-fedora-clang 0.6-8 30.64 NOTE
r-devel-linux-x86_64-fedora-gcc 0.6-8 28.36 NOTE
r-devel-osx-x86_64-clang 0.6-8 34.88 OK
r-devel-windows-ix86+x86_64 0.6-8 2.00 21.00 23.00 OK
r-patched-linux-x86_64 0.6-8 0.55 14.64 15.19 NOTE
r-patched-solaris-sparc 0.6-8 190.60 OK
r-patched-solaris-x86 0.6-8 40.50 OK
r-release-linux-ix86 0.6-8 0.87 20.02 20.89 OK
r-release-linux-x86_64 0.6-8 0.58 14.72 15.31 NOTE
r-release-osx-x86_64-mavericks 0.6-8 OK
r-release-windows-ix86+x86_64 0.6-8 2.00 28.00 30.00 OK
r-oldrel-windows-ix86+x86_64 0.6-8 2.00 20.00 22.00 OK

Check Details

Version: 0.6-8
Check: Rd line widths
Result: NOTE
    Rd file 'computeV.Rd':
     \usage lines wider than 90 characters:
     computeV(info,class="ldt",params,rel.tol = .Machine$double.eps^0.25,abs.tol = rel.tol,cat.level=0, K=NULL)
    
    These lines will be truncated in the PDF manual.
Flavors: r-devel-linux-x86_64-debian-clang, r-devel-linux-x86_64-debian-gcc, r-devel-linux-x86_64-fedora-clang, r-devel-linux-x86_64-fedora-gcc, r-patched-linux-x86_64, r-release-linux-x86_64