CRAN Package Check Results for Package spatialCovariance

Last updated on 2014-10-21 18:48:13.

Flavor Version Tinstall Tcheck Ttotal Status Flags
r-devel-linux-x86_64-debian-clang 0.6-8 0.60 14.42 15.03 NOTE
r-devel-linux-x86_64-debian-gcc 0.6-8 0.53 14.08 14.62 NOTE
r-devel-linux-x86_64-fedora-clang 0.6-8 28.97 NOTE
r-devel-linux-x86_64-fedora-gcc 0.6-8 25.86 NOTE
r-devel-osx-x86_64-clang 0.6-8 32.84 OK
r-devel-windows-ix86+x86_64 0.6-8 2.00 19.00 21.00 OK
r-patched-linux-x86_64 0.6-8 0.59 14.46 15.05 NOTE
r-patched-solaris-sparc 0.6-8 190.60 OK
r-patched-solaris-x86 0.6-8 39.50 OK
r-release-linux-ix86 0.6-8 0.80 19.65 20.45 OK
r-release-linux-x86_64 0.6-8 0.53 14.02 14.55 NOTE
r-release-osx-x86_64-mavericks 0.6-8 OK
r-release-windows-ix86+x86_64 0.6-8 3.00 27.00 30.00 OK
r-oldrel-windows-ix86+x86_64 0.6-8 2.00 20.00 22.00 OK

Check Details

Version: 0.6-8
Check: Rd line widths
Result: NOTE
    Rd file 'computeV.Rd':
     \usage lines wider than 90 characters:
     computeV(info,class="ldt",params,rel.tol = .Machine$double.eps^0.25,abs.tol = rel.tol,cat.level=0, K=NULL)
    
    These lines will be truncated in the PDF manual.
Flavors: r-devel-linux-x86_64-debian-clang, r-devel-linux-x86_64-debian-gcc, r-devel-linux-x86_64-fedora-clang, r-devel-linux-x86_64-fedora-gcc, r-patched-linux-x86_64, r-release-linux-x86_64