CRAN Package Check Results for Package spatialCovariance

Last updated on 2015-05-22 23:48:12.

Flavor Version Tinstall Tcheck Ttotal Status Flags
r-devel-linux-x86_64-debian-clang 0.6-8 0.53 13.88 14.41 NOTE
r-devel-linux-x86_64-debian-gcc 0.6-8 0.65 13.67 14.32 NOTE
r-devel-linux-x86_64-fedora-clang 0.6-8 26.86 NOTE
r-devel-linux-x86_64-fedora-gcc 0.6-8 24.58 NOTE
r-devel-osx-x86_64-clang 0.6-8 29.96 OK
r-devel-windows-ix86+x86_64 0.6-8 3.00 20.00 23.00 OK
r-patched-linux-x86_64 0.6-8 0.52 15.02 15.54 NOTE
r-patched-solaris-sparc 0.6-8 172.00 OK
r-patched-solaris-x86 0.6-8 35.60 OK
r-release-linux-x86_64 0.6-8 0.52 14.44 14.96 NOTE
r-release-osx-x86_64-mavericks 0.6-8 OK
r-release-osx-x86_64-snowleopard 0.6-8 OK
r-release-windows-ix86+x86_64 0.6-8 1.00 24.00 25.00 OK
r-oldrel-windows-ix86+x86_64 0.6-8 4.00 21.00 25.00 OK

Check Details

Version: 0.6-8
Check: Rd line widths
Result: NOTE
    Rd file 'computeV.Rd':
     \usage lines wider than 90 characters:
     computeV(info,class="ldt",params,rel.tol = .Machine$double.eps^0.25,abs.tol = rel.tol,cat.level=0, K=NULL)
    
    These lines will be truncated in the PDF manual.
Flavors: r-devel-linux-x86_64-debian-clang, r-devel-linux-x86_64-debian-gcc, r-devel-linux-x86_64-fedora-clang, r-devel-linux-x86_64-fedora-gcc, r-patched-linux-x86_64, r-release-linux-x86_64