CRAN Package Check Results for Package spatialCovariance

Last updated on 2014-08-30 04:48:24.

Flavor Version Tinstall Tcheck Ttotal Status Flags
r-devel-linux-x86_64-debian-clang 0.6-8 0.50 13.35 13.85 OK
r-devel-linux-x86_64-debian-gcc 0.6-8 0.48 14.05 14.54 OK
r-devel-linux-x86_64-fedora-clang 0.6-8 26.97 NOTE
r-devel-linux-x86_64-fedora-gcc 0.6-8 24.92 NOTE
r-devel-osx-x86_64-clang 0.6-8 27.12 OK
r-devel-windows-ix86+x86_64 0.6-8 2.00 20.00 22.00 OK
r-patched-linux-x86_64 0.6-8 0.51 13.46 13.97 OK
r-patched-solaris-sparc 0.6-8 190.60 OK
r-patched-solaris-x86 0.6-8 36.40 OK
r-release-linux-ix86 0.6-8 0.82 19.65 20.47 OK
r-release-linux-x86_64 0.6-8 0.56 14.05 14.61 OK
r-release-osx-x86_64-mavericks 0.6-8 OK
r-release-windows-ix86+x86_64 0.6-8 3.00 27.00 30.00 OK
r-oldrel-windows-ix86+x86_64 0.6-8 2.00 20.00 22.00 OK

Check Details

Version: 0.6-8
Check: Rd line widths
Result: NOTE
    Rd file 'computeV.Rd':
     \usage lines wider than 90 characters:
     computeV(info,class="ldt",params,rel.tol = .Machine$double.eps^0.25,abs.tol = rel.tol,cat.level=0, K=NULL)
    
    These lines will be truncated in the PDF manual.
Flavors: r-devel-linux-x86_64-fedora-clang, r-devel-linux-x86_64-fedora-gcc