CRAN Package Check Results for Package spatialkernel

Last updated on 2014-04-24 09:49:11.

Flavor Version Tinstall Tcheck Ttotal Status Flags
r-devel-linux-x86_64-debian-clang 0.4-19 3.82 12.53 16.34 OK
r-devel-linux-x86_64-debian-gcc 0.4-19 5.84 12.03 17.87 OK
r-devel-linux-x86_64-fedora-clang 0.4-19 30.02 NOTE
r-devel-linux-x86_64-fedora-gcc 0.4-19 31.31 NOTE
r-devel-osx-x86_64-clang 0.4-19 30.62 OK
r-devel-osx-x86_64-gcc 0.4-19 OK
r-devel-windows-ix86+x86_64 0.4-19 21.00 23.00 44.00 OK
r-patched-linux-x86_64 0.4-19 5.83 12.97 18.80 OK
r-patched-solaris-sparc 0.4-19 176.70 OK
r-patched-solaris-x86 0.4-19 45.90 OK
r-release-linux-ix86 0.4-19 10.00 26.00 36.00 OK
r-release-linux-x86_64 0.4-19 6.04 12.70 18.74 OK
r-release-osx-x86_64-mavericks 0.4-19 WARN
r-release-windows-ix86+x86_64 0.4-19 32.00 22.00 54.00 OK
r-oldrel-windows-ix86+x86_64 0.4-19 21.00 24.00 45.00 OK

Check Details

Version: 0.4-19
Check: top-level files
Result: NOTE
    Non-standard file/directory found at top level:
     ‘doc’
Flavors: r-devel-linux-x86_64-fedora-clang, r-devel-linux-x86_64-fedora-gcc

Version: 0.4-19
Check: PDF version of manual
Result: WARNING
    LaTeX errors when creating PDF version.
    This typically indicates Rd problems.
    LaTeX errors found:
    ! LaTeX Error: File `upquote.sty' not found.
    
    Type X to quit or <RETURN> to proceed,
    or enter new name. (Default extension: sty)
    
    2a4b561/Rd2.tex:8: ==> Fatal error occurred, no output PDF file produced!
Flavor: r-release-osx-x86_64-mavericks