CRAN Package Check Results for Package spatialkernel

Last updated on 2017-05-25 10:47:32.

Flavor Version Tinstall Tcheck Ttotal Status Flags
r-release-osx-x86_64 0.4-19 NOTE

Check Details

Version: 0.4-19
Check: DESCRIPTION meta-information
Result: NOTE
    Malformed Description field: should contain one or more complete sentences.
    Deprecated license: CC BY-NC-SA 3.0 + file LICENSE
Flavor: r-release-osx-x86_64

Version: 0.4-19
Check: R code for possible problems
Result: NOTE
    filled.contour.poly: no visible global function definition for ‘par’
    filled.contour.poly: no visible global function definition for ‘layout’
    filled.contour.poly: no visible global function definition for ‘lcm’
    filled.contour.poly: no visible global function definition for
     ‘plot.new’
    filled.contour.poly: no visible global function definition for
     ‘plot.window’
    filled.contour.poly: no visible global function definition for ‘rect’
    filled.contour.poly: no visible global function definition for ‘axis’
    filled.contour.poly: no visible global function definition for ‘box’
    filled.contour.poly: no visible global function definition for
     ‘.filled.contour’
    filled.contour.poly: no visible global function definition for ‘title’
    filled.contour.poly: no visible global function definition for
     ‘contour’
    filled.contour.poly: no visible global function definition for
     ‘polygon’
    mcpat.test: no visible global function definition for ‘runif’
    metre: no visible global function definition for ‘rect’
    metre: no visible global function definition for ‘text’
    plotcv: no visible global function definition for ‘plot’
    plotmc: no visible global function definition for ‘plot’
    plotmc: no visible global function definition for ‘image’
    plotmc: no visible global function definition for ‘contour’
    plotmc: no visible global function definition for ‘polygon’
    plotmc: no visible global function definition for ‘points’
    plotphat: no visible global function definition for ‘plot’
    plotphat: no visible global function definition for ‘image’
    plotphat: no visible global function definition for ‘polygon’
    plotphat: no visible global function definition for ‘points’
    risk.colors: no visible global function definition for ‘rgb’
    risk.colors: no visible global function definition for ‘rainbow’
    risk.colors: no visible global function definition for ‘hsv’
    Undefined global functions or variables:
     .filled.contour axis box contour hsv image layout lcm par plot
     plot.new plot.window points polygon rainbow rect rgb runif text title
    Consider adding
     importFrom("grDevices", "hsv", "rainbow", "rgb")
     importFrom("graphics", ".filled.contour", "axis", "box", "contour",
     "image", "layout", "lcm", "par", "plot", "plot.new",
     "plot.window", "points", "polygon", "rect", "text", "title")
     importFrom("stats", "runif")
    to your NAMESPACE file.
Flavor: r-release-osx-x86_64