CRAN Package Check Results for Package spatialnbda

Last updated on 2018-09-20 02:46:45 CEST.

Flavor Version Tinstall Tcheck Ttotal Status Flags
r-devel-linux-x86_64-debian-clang 1.0 2.54 41.40 43.94 NOTE
r-devel-linux-x86_64-debian-gcc 1.0 2.19 32.03 34.22 NOTE
r-devel-linux-x86_64-fedora-clang 1.0 53.86 NOTE
r-devel-linux-x86_64-fedora-gcc 1.0 48.86 NOTE
r-devel-windows-ix86+x86_64 1.0 6.00 69.00 75.00 NOTE
r-patched-linux-x86_64 1.0 2.10 37.73 39.83 NOTE
r-patched-solaris-x86 1.0 80.10 NOTE
r-release-linux-x86_64 1.0 2.45 38.11 40.56 NOTE
r-release-windows-ix86+x86_64 1.0 7.00 56.00 63.00 NOTE
r-release-osx-x86_64 1.0 NOTE
r-oldrel-windows-ix86+x86_64 1.0 4.00 68.00 72.00 NOTE
r-oldrel-osx-x86_64 1.0 NOTE

Check Details

Version: 1.0
Check: R code for possible problems
Result: NOTE
    mcmc : blockupdate: no visible global function definition for ‘runif’
    mcmc : CpS: no visible global function definition for ‘dunif’
    mcmc: no visible global function definition for ‘par’
    mcmc: no visible global function definition for ‘plot’
    mcmc: no visible global function definition for ‘density’
    mcmc: no visible global function definition for ‘acf’
    mcmc: no visible global function definition for ‘quantile’
    mcmcre : blockupdate: no visible global function definition for ‘runif’
    mcmcre : CpS: no visible global function definition for ‘dunif’
    mcmcre : CpS: no visible global function definition for ‘dnorm’
    mcmcre: no visible global function definition for ‘par’
    mcmcre: no visible global function definition for ‘plot’
    mcmcre: no visible global function definition for ‘density’
    mcmcre: no visible global function definition for ‘acf’
    mcmcre: no visible global function definition for ‘quantile’
    nullmcmc : updatelambda: no visible global function definition for
     ‘runif’
    nullmcmc : CpS: no visible global function definition for ‘dunif’
    nullmcmc: no visible global function definition for ‘plot’
    nullmcmc: no visible global function definition for ‘density’
    nullmcmc: no visible global function definition for ‘acf’
    nullmcmc: no visible global function definition for ‘quantile’
    rjmcmc : updates: no visible global function definition for ‘runif’
    rjmcmc : updatelambda: no visible global function definition for
     ‘runif’
    rjmcmc : CpS: no visible global function definition for ‘dunif’
    rjmcmc : model_space_travel: no visible global function definition for
     ‘rnorm’
    rjmcmc : model_space_travel: no visible global function definition for
     ‘dnorm’
    rjmcmc : model_space_travel: no visible global function definition for
     ‘runif’
    rjmcmc: no visible global function definition for ‘par’
    rjmcmc: no visible global function definition for ‘plot’
    rjmcmc: no visible global function definition for ‘density’
    rjmcmc: no visible global function definition for ‘acf’
    rjmcmc: no visible global function definition for ‘sd’
    rjmcmc: no visible global function definition for ‘rnorm’
    rjmcmc: no visible global function definition for ‘cov’
    smcmc : updates: no visible global function definition for ‘runif’
    smcmc : updatelambda: no visible global function definition for ‘runif’
    smcmc : updatecovariate: no visible global function definition for
     ‘runif’
    smcmc : CpS: no visible global function definition for ‘dunif’
    smcmc: no visible global function definition for ‘par’
    smcmc: no visible global function definition for ‘plot’
    smcmc: no visible global function definition for ‘sd’
    Undefined global functions or variables:
     acf cov density dnorm dunif par plot quantile rnorm runif sd
    Consider adding
     importFrom("graphics", "par", "plot")
     importFrom("stats", "acf", "cov", "density", "dnorm", "dunif",
     "quantile", "rnorm", "runif", "sd")
    to your NAMESPACE file.
Flavors: r-devel-linux-x86_64-debian-clang, r-devel-linux-x86_64-debian-gcc, r-devel-linux-x86_64-fedora-clang, r-devel-linux-x86_64-fedora-gcc, r-devel-windows-ix86+x86_64, r-patched-linux-x86_64, r-patched-solaris-x86, r-release-linux-x86_64, r-release-windows-ix86+x86_64, r-release-osx-x86_64, r-oldrel-windows-ix86+x86_64, r-oldrel-osx-x86_64