CRAN Package Check Results for Package spatialprobit

Last updated on 2015-04-18 19:51:36.

Flavor Version Tinstall Tcheck Ttotal Status Flags
r-devel-linux-x86_64-debian-clang 0.9-10 4.97 49.78 54.75 NOTE
r-devel-linux-x86_64-debian-gcc 0.9-10 3.75 47.93 51.68 NOTE
r-devel-linux-x86_64-fedora-clang 0.9-10 112.25 NOTE
r-devel-linux-x86_64-fedora-gcc 0.9-10 103.68 NOTE
r-devel-osx-x86_64-clang 0.9-10 91.73 NOTE
r-patched-linux-x86_64 0.9-10 3.58 49.80 53.38 NOTE
r-patched-solaris-sparc 0.9-10 628.90 NOTE
r-patched-solaris-x86 0.9-10 141.00 NOTE
r-release-linux-x86_64 0.9-10 3.50 45.35 48.86 NOTE
r-release-osx-x86_64-mavericks 0.9-10 NOTE
r-release-osx-x86_64-snowleopard 0.9-10 ERROR
r-release-windows-ix86+x86_64 0.9-10 11.00 87.00 98.00 NOTE
r-oldrel-windows-ix86+x86_64 0.9-10 18.00 122.00 140.00 OK

Check Details

Version: 0.9-10
Check: DESCRIPTION meta-information
Result: NOTE
    Malformed Description field: should contain one or more complete sentences.
Flavors: r-devel-linux-x86_64-debian-clang, r-devel-linux-x86_64-debian-gcc, r-devel-linux-x86_64-fedora-clang, r-devel-linux-x86_64-fedora-gcc, r-devel-osx-x86_64-clang, r-patched-linux-x86_64, r-patched-solaris-sparc, r-patched-solaris-x86, r-release-linux-x86_64, r-release-osx-x86_64-mavericks, r-release-windows-ix86+x86_64

Version: 0.9-10
Check: S3 generic/method consistency
Result: NOTE
    Found the following apparent S3 methods exported but not registered:
     c.sarprobit coef.sarprobit coef.sartobit coef.semprobit plot.sartobit
     plot.semprobit summary.sarprobit summary.sartobit summary.semprobit
    See section ‘Registering S3 methods’ in the ‘Writing R Extensions’
    manual.
Flavors: r-devel-linux-x86_64-debian-clang, r-devel-linux-x86_64-debian-gcc, r-devel-linux-x86_64-fedora-clang, r-devel-linux-x86_64-fedora-gcc, r-devel-osx-x86_64-clang, r-patched-linux-x86_64, r-release-linux-x86_64

Version: 0.9-10
Check: package dependencies
Result: ERROR
    Packages required but not available: ‘spdep’ ‘tmvtnorm’
    
    See section ‘The DESCRIPTION file’ in the ‘Writing R Extensions’
    manual.
Flavor: r-release-osx-x86_64-snowleopard