CRAN Package Check Results for Package spatialprobit

Last updated on 2015-07-06 08:48:26.

Flavor Version Tinstall Tcheck Ttotal Status Flags
r-devel-linux-x86_64-debian-clang 0.9-10 3.76 47.72 51.48 NOTE
r-devel-linux-x86_64-debian-gcc 0.9-10 3.90 47.65 51.55 NOTE
r-devel-linux-x86_64-fedora-clang 0.9-10 107.37 NOTE
r-devel-linux-x86_64-fedora-gcc 0.9-10 105.26 NOTE
r-devel-osx-x86_64-clang 0.9-10 81.30 NOTE
r-devel-windows-ix86+x86_64 0.9-10 15.00 77.00 92.00 NOTE
r-patched-linux-x86_64 0.9-10 3.51 47.16 50.67 NOTE
r-patched-solaris-sparc 0.9-10 635.40 NOTE
r-patched-solaris-x86 0.9-10 146.00 NOTE
r-release-linux-x86_64 0.9-10 3.56 49.38 52.94 NOTE
r-release-osx-x86_64-mavericks 0.9-10 NOTE
r-release-windows-ix86+x86_64 0.9-10 13.00 72.00 85.00 NOTE
r-oldrel-windows-ix86+x86_64 0.9-10 16.00 96.00 112.00 OK

Check Details

Version: 0.9-10
Check: DESCRIPTION meta-information
Result: NOTE
    Malformed Description field: should contain one or more complete sentences.
Flavors: r-devel-linux-x86_64-debian-clang, r-devel-linux-x86_64-debian-gcc, r-devel-linux-x86_64-fedora-clang, r-devel-linux-x86_64-fedora-gcc, r-devel-osx-x86_64-clang, r-devel-windows-ix86+x86_64, r-patched-linux-x86_64, r-patched-solaris-sparc, r-patched-solaris-x86, r-release-linux-x86_64, r-release-osx-x86_64-mavericks, r-release-windows-ix86+x86_64

Version: 0.9-10
Check: S3 generic/method consistency
Result: NOTE
    Found the following apparent S3 methods exported but not registered:
     c.sarprobit coef.sarprobit coef.sartobit coef.semprobit plot.sartobit
     plot.semprobit summary.sarprobit summary.sartobit summary.semprobit
    See section ‘Registering S3 methods’ in the ‘Writing R Extensions’
    manual.
Flavors: r-devel-linux-x86_64-debian-clang, r-devel-linux-x86_64-debian-gcc, r-devel-linux-x86_64-fedora-clang, r-devel-linux-x86_64-fedora-gcc, r-devel-osx-x86_64-clang, r-patched-linux-x86_64, r-patched-solaris-sparc, r-patched-solaris-x86, r-release-linux-x86_64

Version: 0.9-10
Check: R code for possible problems
Result: NOTE
    plot.sarprobit: no visible global function definition for ‘par’
    plot.sarprobit: no visible global function definition for
     ‘dev.interactive’
    plot.sarprobit: no visible global function definition for
     ‘devAskNewPage’
    plot.sarprobit: no visible global function definition for ‘plot’
    plot.sarprobit: no visible global function definition for ‘abline’
    plot.sartobit: no visible global function definition for ‘par’
    plot.sartobit: no visible global function definition for
     ‘dev.interactive’
    plot.sartobit: no visible global function definition for
     ‘devAskNewPage’
    plot.sartobit: no visible global function definition for ‘plot’
    plot.sartobit: no visible global function definition for ‘abline’
    plot.semprobit: no visible global function definition for ‘par’
    plot.semprobit: no visible global function definition for
     ‘dev.interactive’
    plot.semprobit: no visible global function definition for
     ‘devAskNewPage’
    plot.semprobit: no visible global function definition for ‘plot’
    plot.semprobit: no visible global function definition for ‘abline’
    sar_ordered_probit_mcmc: no visible global function definition for
     ‘txtProgressBar’
    sar_ordered_probit_mcmc: no visible global function definition for
     ‘setTxtProgressBar’
    sar_probit_mcmc: no visible global function definition for
     ‘txtProgressBar’
    sar_probit_mcmc: no visible global function definition for
     ‘setTxtProgressBar’
    sar_tobit_mcmc: no visible global function definition for
     ‘txtProgressBar’
    sar_tobit_mcmc: no visible global function definition for
     ‘setTxtProgressBar’
    sem: no visible global function definition for ‘txtProgressBar’
    sem: no visible global function definition for ‘setTxtProgressBar’
    sem_probit_mcmc: no visible global function definition for
     ‘txtProgressBar’
    sem_probit_mcmc: no visible global function definition for
     ‘setTxtProgressBar’
    Undefined global functions or variables:
     abline dev.interactive devAskNewPage par plot setTxtProgressBar
     txtProgressBar
Flavors: r-devel-linux-x86_64-debian-clang, r-devel-linux-x86_64-debian-gcc, r-devel-linux-x86_64-fedora-clang, r-devel-linux-x86_64-fedora-gcc, r-devel-windows-ix86+x86_64