CRAN Package Check Results for Package spatialprobit

Last updated on 2015-01-29 07:48:59.

Flavor Version Tinstall Tcheck Ttotal Status Flags
r-devel-linux-x86_64-debian-clang 0.9-10 4.27 53.28 57.56 NOTE
r-devel-linux-x86_64-debian-gcc 0.9-10 3.92 52.54 56.46 NOTE
r-devel-linux-x86_64-fedora-clang 0.9-10 152.75 NOTE
r-devel-linux-x86_64-fedora-gcc 0.9-10 141.39 NOTE
r-devel-osx-x86_64-clang 0.9-10 125.31 NOTE
r-devel-windows-ix86+x86_64 0.9-10 15.00 75.00 90.00 OK
r-patched-linux-x86_64 0.9-10 4.60 61.32 65.92 OK
r-patched-solaris-sparc 0.9-10 792.70 OK
r-patched-solaris-x86 0.9-10 197.90 OK
r-release-linux-ix86 0.9-10 5.28 72.40 77.68 OK
r-release-linux-x86_64 0.9-10 5.01 61.54 66.55 OK
r-release-osx-x86_64-mavericks 0.9-10 OK
r-release-osx-x86_64-snowleopard 0.9-10 OK
r-release-windows-ix86+x86_64 0.9-10 15.00 96.00 111.00 OK
r-oldrel-windows-ix86+x86_64 0.9-10 14.00 86.00 100.00 OK

Check Details

Version: 0.9-10
Check: S3 generic/method consistency
Result: NOTE
    Found the following apparent S3 methods exported but not registered:
     summary.sarprobit summary.sartobit summary.semprobit plot.sartobit
     plot.semprobit coef.sarprobit coef.sartobit coef.semprobit
     c.sarprobit
    See section ‘Registering S3 methods’ in the ‘Writing R Extensions’
    manual.
Flavors: r-devel-linux-x86_64-debian-clang, r-devel-linux-x86_64-debian-gcc, r-devel-linux-x86_64-fedora-clang, r-devel-linux-x86_64-fedora-gcc, r-devel-osx-x86_64-clang