CRAN Package Check Results for Package spatialprobit

Last updated on 2014-04-23 12:48:28.

Flavor Version Tinstall Tcheck Ttotal Status Flags
r-devel-linux-x86_64-debian-clang 0.9-9 4.96 63.56 68.52 NOTE
r-devel-linux-x86_64-debian-gcc 0.9-9 4.71 61.64 66.35 NOTE
r-devel-linux-x86_64-fedora-clang 0.9-9 156.19 NOTE
r-devel-linux-x86_64-fedora-gcc 0.9-9 149.61 NOTE
r-devel-osx-x86_64-clang 0.9-9 125.14 NOTE
r-devel-osx-x86_64-gcc 0.9-9 ERROR
r-devel-windows-ix86+x86_64 0.9-9 13.00 82.00 95.00 NOTE
r-patched-linux-x86_64 0.9-9 4.90 60.91 65.81 NOTE
r-patched-solaris-sparc 0.9-9 790.50 NOTE
r-patched-solaris-x86 0.9-9 191.20 NOTE
r-release-linux-ix86 0.9-9 7.00 98.00 105.00 NOTE
r-release-linux-x86_64 0.9-9 5.08 61.32 66.39 NOTE
r-release-osx-x86_64-mavericks 0.9-9 ERROR
r-release-osx-x86_64-snowleopard 0.9-9 NOTE
r-release-windows-ix86+x86_64 0.9-9 12.00 89.00 101.00 NOTE
r-oldrel-windows-ix86+x86_64 0.9-9 15.00 94.00 109.00 NOTE

Check Details

Version: 0.9-9
Check: dependencies in R code
Result: NOTE
    Package in Depends field not imported from: ‘mvtnorm’
     These packages need to be imported from (in the NAMESPACE file)
     for when this namespace is loaded but not attached.
    See the information on DESCRIPTION files in the chapter ‘Creating R
    packages’ of the ‘Writing R Extensions’ manual.
Flavors: r-devel-linux-x86_64-debian-clang, r-devel-linux-x86_64-debian-gcc, r-devel-linux-x86_64-fedora-clang, r-devel-linux-x86_64-fedora-gcc, r-devel-osx-x86_64-clang, r-devel-windows-ix86+x86_64, r-patched-linux-x86_64, r-patched-solaris-sparc, r-patched-solaris-x86, r-release-linux-ix86, r-release-linux-x86_64, r-release-windows-ix86+x86_64, r-oldrel-windows-ix86+x86_64

Version: 0.9-9
Check: package dependencies
Result: ERROR
    Packages required but not available: ‘spdep’ ‘tmvtnorm’
    
    See the information on DESCRIPTION files in the chapter ‘Creating R
    packages’ of the ‘Writing R Extensions’ manual.
Flavor: r-devel-osx-x86_64-gcc

Version: 0.9-9
Check: package dependencies
Result: ERROR
    Package required but not available: ‘spdep’
    
    See the information on DESCRIPTION files in the chapter ‘Creating R
    packages’ of the ‘Writing R Extensions’ manual.
Flavor: r-release-osx-x86_64-mavericks

Version: 0.9-9
Check: dependencies in R code
Result: NOTE
    Package in Depends field not imported from: ‘mvtnorm’
     These packages need to be imported from for the case when
     this namespace is loaded but not attached.
    See the information on DESCRIPTION files in the chapter ‘Creating R
    packages’ of the ‘Writing R Extensions’ manual.
Flavor: r-release-osx-x86_64-snowleopard