CRAN Package Check Results for Package spatialprobit

Last updated on 2015-08-28 03:48:40.

Flavor Version Tinstall Tcheck Ttotal Status Flags
r-devel-linux-x86_64-debian-clang 0.9-10 3.84 46.78 50.61 NOTE
r-devel-linux-x86_64-debian-gcc 0.9-10 3.27 45.57 48.84 NOTE
r-devel-linux-x86_64-fedora-clang 0.9-10 104.13 NOTE
r-devel-linux-x86_64-fedora-gcc 0.9-10 99.03 NOTE
r-devel-osx-x86_64-clang 0.9-10 84.90 NOTE
r-devel-windows-ix86+x86_64 0.9-10 13.00 79.00 92.00 NOTE
r-patched-linux-x86_64 0.9-10 4.11 48.71 52.82 NOTE
r-patched-solaris-sparc 0.9-10 652.20 NOTE
r-patched-solaris-x86 0.9-10 146.60 NOTE
r-release-linux-x86_64 0.9-10 3.59 48.91 52.50 NOTE
r-release-osx-x86_64-mavericks 0.9-10 NOTE
r-release-windows-ix86+x86_64 0.9-10 16.00 86.00 102.00 NOTE
r-oldrel-windows-ix86+x86_64 0.9-10 21.00 109.00 130.00 OK

Check Details

Version: 0.9-10
Check: DESCRIPTION meta-information
Result: NOTE
    Malformed Description field: should contain one or more complete sentences.
Flavors: r-devel-linux-x86_64-debian-clang, r-devel-linux-x86_64-debian-gcc, r-devel-linux-x86_64-fedora-clang, r-devel-linux-x86_64-fedora-gcc, r-devel-osx-x86_64-clang, r-devel-windows-ix86+x86_64, r-patched-linux-x86_64, r-patched-solaris-sparc, r-patched-solaris-x86, r-release-linux-x86_64, r-release-osx-x86_64-mavericks, r-release-windows-ix86+x86_64

Version: 0.9-10
Check: S3 generic/method consistency
Result: NOTE
    Found the following apparent S3 methods exported but not registered:
     c.sarprobit coef.sarprobit coef.sartobit coef.semprobit plot.sartobit
     plot.semprobit summary.sarprobit summary.sartobit summary.semprobit
    See section ‘Registering S3 methods’ in the ‘Writing R Extensions’
    manual.
Flavors: r-devel-linux-x86_64-debian-clang, r-devel-linux-x86_64-debian-gcc, r-devel-linux-x86_64-fedora-clang, r-devel-linux-x86_64-fedora-gcc, r-devel-osx-x86_64-clang, r-patched-linux-x86_64, r-patched-solaris-sparc, r-patched-solaris-x86, r-release-linux-x86_64

Version: 0.9-10
Check: R code for possible problems
Result: NOTE
    plot.sarprobit: no visible global function definition for ‘par’
    plot.sarprobit: no visible global function definition for
     ‘dev.interactive’
    plot.sarprobit: no visible global function definition for
     ‘devAskNewPage’
    plot.sarprobit: no visible global function definition for ‘plot’
    plot.sarprobit: no visible global function definition for ‘abline’
    plot.sartobit: no visible global function definition for ‘par’
    plot.sartobit: no visible global function definition for
     ‘dev.interactive’
    plot.sartobit: no visible global function definition for
     ‘devAskNewPage’
    plot.sartobit: no visible global function definition for ‘plot’
    plot.sartobit: no visible global function definition for ‘abline’
    plot.semprobit: no visible global function definition for ‘par’
    plot.semprobit: no visible global function definition for
     ‘dev.interactive’
    plot.semprobit: no visible global function definition for
     ‘devAskNewPage’
    plot.semprobit: no visible global function definition for ‘plot’
    plot.semprobit: no visible global function definition for ‘abline’
    sar_ordered_probit_mcmc: no visible global function definition for
     ‘txtProgressBar’
    sar_ordered_probit_mcmc: no visible global function definition for
     ‘setTxtProgressBar’
    sar_probit_mcmc: no visible global function definition for
     ‘txtProgressBar’
    sar_probit_mcmc: no visible global function definition for
     ‘setTxtProgressBar’
    sar_tobit_mcmc: no visible global function definition for
     ‘txtProgressBar’
    sar_tobit_mcmc: no visible global function definition for
     ‘setTxtProgressBar’
    sem: no visible global function definition for ‘txtProgressBar’
    sem: no visible global function definition for ‘setTxtProgressBar’
    sem_probit_mcmc: no visible global function definition for
     ‘txtProgressBar’
    sem_probit_mcmc: no visible global function definition for
     ‘setTxtProgressBar’
    Undefined global functions or variables:
     abline dev.interactive devAskNewPage par plot setTxtProgressBar
     txtProgressBar
    Consider adding
     importFrom("grDevices", "dev.interactive", "devAskNewPage")
     importFrom("graphics", "abline", "par", "plot")
     importFrom("utils", "setTxtProgressBar", "txtProgressBar")
    to your NAMESPACE.
Flavors: r-devel-linux-x86_64-debian-clang, r-devel-linux-x86_64-debian-gcc, r-devel-linux-x86_64-fedora-clang, r-devel-linux-x86_64-fedora-gcc, r-devel-windows-ix86+x86_64