CRAN Package Check Results for Package spatialprobit

Last updated on 2015-03-30 08:50:10.

Flavor Version Tinstall Tcheck Ttotal Status Flags
r-devel-linux-x86_64-debian-clang 0.9-10 3.76 48.34 52.10 NOTE
r-devel-linux-x86_64-debian-gcc 0.9-10 3.47 48.59 52.06 NOTE
r-devel-linux-x86_64-fedora-clang 0.9-10 108.71 NOTE
r-devel-linux-x86_64-fedora-gcc 0.9-10 108.65 NOTE
r-devel-osx-x86_64-clang 0.9-10 97.00 NOTE
r-prerel-windows-ix86+x86_64 0.9-10 11.00 73.00 84.00 NOTE
r-prerel-linux-x86_64 0.9-10 3.38 48.36 51.74 NOTE
r-prerel-solaris-sparc 0.9-10 628.90 NOTE
r-prerel-solaris-x86 0.9-10 139.80 NOTE
r-release-linux-x86_64 0.9-10 5.22 61.23 66.45 OK
r-release-osx-x86_64-mavericks 0.9-10 OK
r-release-osx-x86_64-snowleopard 0.9-10 OK
r-release-windows-ix86+x86_64 0.9-10 14.00 100.00 114.00 OK
r-oldrel-windows-ix86+x86_64 0.9-10 12.00 89.00 101.00 OK

Check Details

Version: 0.9-10
Check: DESCRIPTION meta-information
Result: NOTE
    Malformed Description field: should contain one or more complete sentences.
Flavors: r-devel-linux-x86_64-debian-clang, r-devel-linux-x86_64-debian-gcc, r-devel-linux-x86_64-fedora-clang, r-devel-linux-x86_64-fedora-gcc, r-devel-osx-x86_64-clang, r-prerel-windows-ix86+x86_64, r-prerel-linux-x86_64, r-prerel-solaris-sparc, r-prerel-solaris-x86

Version: 0.9-10
Check: S3 generic/method consistency
Result: NOTE
    Found the following apparent S3 methods exported but not registered:
     c.sarprobit coef.sarprobit coef.sartobit coef.semprobit plot.sartobit
     plot.semprobit summary.sarprobit summary.sartobit summary.semprobit
    See section ‘Registering S3 methods’ in the ‘Writing R Extensions’
    manual.
Flavors: r-devel-linux-x86_64-debian-clang, r-devel-linux-x86_64-debian-gcc, r-devel-linux-x86_64-fedora-clang, r-devel-linux-x86_64-fedora-gcc, r-devel-osx-x86_64-clang, r-prerel-linux-x86_64