CRAN Package Check Results for Package spatialprobit

Last updated on 2015-05-23 05:48:03.

Flavor Version Tinstall Tcheck Ttotal Status Flags
r-devel-linux-x86_64-debian-clang 0.9-10 3.60 48.84 52.45 NOTE
r-devel-linux-x86_64-debian-gcc 0.9-10 3.74 51.52 55.26 NOTE
r-devel-linux-x86_64-fedora-clang 0.9-10 110.64 NOTE
r-devel-linux-x86_64-fedora-gcc 0.9-10 107.62 NOTE
r-devel-osx-x86_64-clang 0.9-10 90.98 NOTE
r-devel-windows-ix86+x86_64 0.9-10 11.00 70.00 81.00 NOTE
r-patched-linux-x86_64 0.9-10 3.54 49.44 52.97 NOTE
r-patched-solaris-sparc 0.9-10 635.40 NOTE
r-patched-solaris-x86 0.9-10 145.20 NOTE
r-release-linux-x86_64 0.9-10 4.57 49.14 53.72 NOTE
r-release-osx-x86_64-mavericks 0.9-10 NOTE
r-release-osx-x86_64-snowleopard 0.9-10 ERROR
r-release-windows-ix86+x86_64 0.9-10 12.00 74.00 86.00 NOTE
r-oldrel-windows-ix86+x86_64 0.9-10 16.00 88.00 104.00 OK

Check Details

Version: 0.9-10
Check: DESCRIPTION meta-information
Result: NOTE
    Malformed Description field: should contain one or more complete sentences.
Flavors: r-devel-linux-x86_64-debian-clang, r-devel-linux-x86_64-debian-gcc, r-devel-linux-x86_64-fedora-clang, r-devel-linux-x86_64-fedora-gcc, r-devel-osx-x86_64-clang, r-devel-windows-ix86+x86_64, r-patched-linux-x86_64, r-patched-solaris-sparc, r-patched-solaris-x86, r-release-linux-x86_64, r-release-osx-x86_64-mavericks, r-release-windows-ix86+x86_64

Version: 0.9-10
Check: S3 generic/method consistency
Result: NOTE
    Found the following apparent S3 methods exported but not registered:
     c.sarprobit coef.sarprobit coef.sartobit coef.semprobit plot.sartobit
     plot.semprobit summary.sarprobit summary.sartobit summary.semprobit
    See section ‘Registering S3 methods’ in the ‘Writing R Extensions’
    manual.
Flavors: r-devel-linux-x86_64-debian-clang, r-devel-linux-x86_64-debian-gcc, r-devel-linux-x86_64-fedora-clang, r-devel-linux-x86_64-fedora-gcc, r-devel-osx-x86_64-clang, r-patched-linux-x86_64, r-patched-solaris-sparc, r-patched-solaris-x86, r-release-linux-x86_64

Version: 0.9-10
Check: package dependencies
Result: ERROR
    Packages required but not available: ‘spdep’ ‘tmvtnorm’
    
    See section ‘The DESCRIPTION file’ in the ‘Writing R Extensions’
    manual.
Flavor: r-release-osx-x86_64-snowleopard