CRAN Package Check Results for Package spatialrisk

Last updated on 2025-01-25 13:51:20 CET.

Flavor Version Tinstall Tcheck Ttotal Status Flags
r-devel-linux-x86_64-debian-clang 0.7.1 43.15 307.11 350.26 NOTE
r-devel-linux-x86_64-debian-gcc 0.7.1 29.15 197.08 226.23 NOTE
r-devel-linux-x86_64-fedora-clang 0.7.1 579.39 OK
r-devel-linux-x86_64-fedora-gcc 0.7.1 565.91 NOTE
r-devel-windows-x86_64 0.7.1 46.00 257.00 303.00 OK
r-patched-linux-x86_64 0.7.1 44.27 284.35 328.62 OK
r-release-linux-x86_64 0.7.1 40.98 285.12 326.10 OK
r-release-macos-arm64 0.7.1 149.00 NOTE
r-release-macos-x86_64 0.7.1 218.00 NOTE
r-release-windows-x86_64 0.7.1 43.00 258.00 301.00 NOTE
r-oldrel-macos-arm64 0.7.1 129.00 NOTE
r-oldrel-macos-x86_64 0.7.1 281.00 NOTE
r-oldrel-windows-x86_64 0.7.1 61.00 350.00 411.00 NOTE

Check Details

Version: 0.7.1
Check: DESCRIPTION meta-information
Result: NOTE Missing dependency on R >= 4.1.0 because package code uses the pipe |> or function shorthand \(...) syntax added in R 4.1.0. File(s) using such syntax: ‘highest_concentration.R’ ‘plot_points.R’ Flavors: r-devel-linux-x86_64-debian-clang, r-devel-linux-x86_64-debian-gcc, r-devel-linux-x86_64-fedora-gcc

Version: 0.7.1
Check: installed package size
Result: NOTE installed size is 5.6Mb sub-directories of 1Mb or more: data 2.6Mb help 1.7Mb libs 1.2Mb Flavors: r-release-macos-arm64, r-release-macos-x86_64, r-release-windows-x86_64, r-oldrel-macos-arm64, r-oldrel-macos-x86_64, r-oldrel-windows-x86_64