CRAN Package Check Results for Package spatialsample

Last updated on 2022-01-22 17:49:33 CET.

Flavor Version Tinstall Tcheck Ttotal Status Flags
r-devel-linux-x86_64-debian-clang 0.1.0 4.86 63.87 68.73 NOTE
r-devel-linux-x86_64-debian-gcc 0.1.0 3.52 48.89 52.41 NOTE
r-devel-linux-x86_64-fedora-clang 0.1.0 86.14 NOTE
r-devel-linux-x86_64-fedora-gcc 0.1.0 71.29 NOTE
r-devel-windows-x86_64-new-UL 0.1.0 36.00 84.00 120.00 NOTE
r-devel-windows-x86_64-new-TK 0.1.0 NOTE
r-patched-linux-x86_64 0.1.0 4.62 60.65 65.27 NOTE
r-release-linux-x86_64 0.1.0 3.10 59.38 62.48 NOTE
r-release-macos-arm64 0.1.0 NOTE
r-release-macos-x86_64 0.1.0 NOTE
r-release-windows-ix86+x86_64 0.1.0 12.00 74.00 86.00 NOTE
r-oldrel-macos-x86_64 0.1.0 OK
r-oldrel-windows-ix86+x86_64 0.1.0 13.00 79.00 92.00 OK

Check Details

Version: 0.1.0
Check: LazyData
Result: NOTE
     'LazyData' is specified without a 'data' directory
Flavors: r-devel-linux-x86_64-debian-clang, r-devel-linux-x86_64-debian-gcc, r-devel-linux-x86_64-fedora-clang, r-devel-linux-x86_64-fedora-gcc, r-devel-windows-x86_64-new-UL, r-devel-windows-x86_64-new-TK, r-patched-linux-x86_64, r-release-linux-x86_64, r-release-macos-arm64, r-release-macos-x86_64, r-release-windows-ix86+x86_64