CRAN Package Check Results for Package spatialsegregation

Last updated on 2017-02-19 23:48:39.

Flavor Version Tinstall Tcheck Ttotal Status Flags
r-devel-linux-x86_64-debian-clang 2.43 7.92 41.25 49.16 NOTE
r-devel-linux-x86_64-debian-gcc 2.43 9.17 41.52 50.68 NOTE
r-devel-linux-x86_64-fedora-clang 2.43 107.72 NOTE --no-stop-on-test-error
r-devel-linux-x86_64-fedora-gcc 2.43 107.79 NOTE --no-stop-on-test-error
r-devel-macos-x86_64-clang 2.43 80.56 NOTE --no-stop-on-test-error
r-devel-windows-ix86+x86_64 2.43 46.00 97.00 143.00 OK
r-patched-linux-x86_64 2.43 9.03 37.49 46.52 OK
r-patched-solaris-sparc 2.43 520.00 OK
r-patched-solaris-x86 2.43 141.00 OK
r-release-linux-x86_64 2.43 8.66 36.63 45.30 OK
r-release-osx-x86_64-mavericks 2.43 OK
r-release-windows-ix86+x86_64 2.43 28.00 83.00 111.00 OK
r-oldrel-windows-ix86+x86_64 2.43 51.00 115.00 166.00 OK

Check Details

Version: 2.43
Check: compiled code
Result: NOTE
    File ‘spatialsegregation/libs/spatialsegregation.so’:
     Found no calls to: ‘R_registerRoutines’, ‘R_useDynamicSymbols’
    
    It is good practice to register native routines and to disable symbol
    search.
    
    See ‘Writing portable packages’ in the ‘Writing R Extensions’ manual.
Flavors: r-devel-linux-x86_64-debian-clang, r-devel-linux-x86_64-debian-gcc

Version: 2.43
Flags: --no-stop-on-test-error
Check: compiled code
Result: NOTE
    File ‘spatialsegregation/libs/spatialsegregation.so’:
     Found no calls to: ‘R_registerRoutines’, ‘R_useDynamicSymbols’
    
    It is good practice to register native routines and to disable symbol
    search.
    
    See ‘Writing portable packages’ in the ‘Writing R Extensions’ manual.
Flavors: r-devel-linux-x86_64-fedora-clang, r-devel-linux-x86_64-fedora-gcc, r-devel-macos-x86_64-clang