CRAN Package Check Results for Package spatialsegregation

Last updated on 2016-09-28 12:47:17.

Flavor Version Tinstall Tcheck Ttotal Status Flags
r-devel-linux-x86_64-debian-clang 2.40 8.26 35.49 43.75 NOTE
r-devel-linux-x86_64-debian-gcc 2.40 8.88 35.90 44.78 NOTE
r-devel-linux-x86_64-fedora-clang 2.40 95.62 NOTE
r-devel-linux-x86_64-fedora-gcc 2.40 91.26 NOTE
r-devel-macos-x86_64-clang 2.40 70.26 NOTE
r-devel-windows-ix86+x86_64 2.40 49.00 104.00 153.00 NOTE
r-patched-linux-x86_64 2.40 8.67 36.94 45.62 NOTE
r-patched-solaris-sparc 2.40 517.10 NOTE
r-patched-solaris-x86 2.40 119.80 NOTE
r-release-linux-x86_64 2.40 8.54 35.61 44.16 NOTE
r-release-osx-x86_64-mavericks 2.40 NOTE
r-release-windows-ix86+x86_64 2.40 42.00 75.00 117.00 NOTE
r-oldrel-windows-ix86+x86_64 2.40 53.00 113.00 166.00 OK

Check Details

Version: 2.40
Check: S3 generic/method consistency
Result: NOTE
    Found the following apparent S3 methods exported but not registered:
     print.segtest
    See section ‘Registering S3 methods’ in the ‘Writing R Extensions’
    manual.
Flavors: r-devel-linux-x86_64-debian-clang, r-devel-linux-x86_64-debian-gcc, r-devel-linux-x86_64-fedora-clang, r-devel-linux-x86_64-fedora-gcc, r-devel-macos-x86_64-clang, r-patched-linux-x86_64, r-patched-solaris-sparc, r-patched-solaris-x86, r-release-linux-x86_64

Version: 2.40
Check: R code for possible problems
Result: NOTE
    print.segtest: no visible global function definition for ‘pchisq’
    print.segtest: no visible global function definition for ‘pnorm’
    shake: no visible global function definition for ‘runif’
    Undefined global functions or variables:
     pchisq pnorm runif
    Consider adding
     importFrom("stats", "pchisq", "pnorm", "runif")
    to your NAMESPACE file.
Flavors: r-devel-linux-x86_64-debian-clang, r-devel-linux-x86_64-debian-gcc, r-devel-linux-x86_64-fedora-clang, r-devel-linux-x86_64-fedora-gcc, r-devel-macos-x86_64-clang, r-devel-windows-ix86+x86_64, r-patched-linux-x86_64, r-patched-solaris-sparc, r-patched-solaris-x86, r-release-linux-x86_64, r-release-osx-x86_64-mavericks, r-release-windows-ix86+x86_64