CRAN Package Check Results for Package spatialsegregation

Last updated on 2015-08-02 11:47:40.

Flavor Version Tinstall Tcheck Ttotal Status Flags
r-devel-linux-x86_64-debian-clang 2.40 7.91 39.90 47.81 NOTE
r-devel-linux-x86_64-debian-gcc 2.40 8.38 37.92 46.30 NOTE
r-devel-linux-x86_64-fedora-clang 2.40 99.12 NOTE
r-devel-linux-x86_64-fedora-gcc 2.40 91.12 NOTE
r-devel-osx-x86_64-clang 2.40 78.63 NOTE
r-devel-windows-ix86+x86_64 2.40 32.00 84.00 116.00 NOTE
r-patched-linux-x86_64 2.40 8.56 38.08 46.64 NOTE
r-patched-solaris-sparc 2.40 567.20 NOTE
r-patched-solaris-x86 2.40 133.00 NOTE
r-release-linux-x86_64 2.40 9.02 39.51 48.53 NOTE
r-release-osx-x86_64-mavericks 2.40 OK
r-release-windows-ix86+x86_64 2.40 44.00 130.00 174.00 OK
r-oldrel-windows-ix86+x86_64 2.40 53.00 103.00 156.00 OK

Check Details

Version: 2.40
Check: S3 generic/method consistency
Result: NOTE
    Found the following apparent S3 methods exported but not registered:
     print.segtest
    See section ‘Registering S3 methods’ in the ‘Writing R Extensions’
    manual.
Flavors: r-devel-linux-x86_64-debian-clang, r-devel-linux-x86_64-debian-gcc, r-devel-linux-x86_64-fedora-clang, r-devel-linux-x86_64-fedora-gcc, r-devel-osx-x86_64-clang, r-patched-linux-x86_64, r-patched-solaris-sparc, r-patched-solaris-x86, r-release-linux-x86_64

Version: 2.40
Check: R code for possible problems
Result: NOTE
    print.segtest: no visible global function definition for ‘pchisq’
    print.segtest: no visible global function definition for ‘pnorm’
    shake: no visible global function definition for ‘runif’
    Undefined global functions or variables:
     pchisq pnorm runif
    Consider adding
     importFrom("stats", "pchisq", "pnorm", "runif")
    to your NAMESPACE.
Flavors: r-devel-linux-x86_64-debian-clang, r-devel-linux-x86_64-debian-gcc, r-devel-linux-x86_64-fedora-clang, r-devel-linux-x86_64-fedora-gcc, r-devel-windows-ix86+x86_64