CRAN Package Check Results for Package spatialsegregation

Last updated on 2014-04-24 23:48:13.

Flavor Version Tinstall Tcheck Ttotal Status Flags
r-devel-linux-x86_64-debian-clang 2.40 7.55 46.79 54.34 OK
r-devel-linux-x86_64-debian-gcc 2.40 9.34 47.06 56.40 OK
r-devel-linux-x86_64-fedora-clang 2.40 130.94 OK
r-devel-linux-x86_64-fedora-gcc 2.40 126.01 OK
r-devel-osx-x86_64-clang 2.40 106.25 OK
r-devel-osx-x86_64-gcc 2.40 OK
r-devel-windows-ix86+x86_64 2.40 35.00 87.00 122.00 OK
r-patched-linux-x86_64 2.40 9.16 46.15 55.31 OK
r-patched-solaris-sparc 2.40 660.00 OK
r-patched-solaris-x86 2.40 166.90 OK
r-release-linux-ix86 2.40 15.00 76.00 91.00 OK
r-release-linux-x86_64 2.40 9.14 45.17 54.31 OK
r-release-osx-x86_64-mavericks 2.40 WARN
r-release-osx-x86_64-snowleopard 2.40 OK
r-release-windows-ix86+x86_64 2.40 29.00 85.00 114.00 OK
r-oldrel-windows-ix86+x86_64 2.40 31.00 84.00 115.00 OK

Check Details

Version: 2.40
Check: PDF version of manual
Result: WARNING
    LaTeX errors when creating PDF version.
    This typically indicates Rd problems.
    LaTeX errors found:
    ! LaTeX Error: File `upquote.sty' not found.
    
    Type X to quit or <RETURN> to proceed,
    or enter new name. (Default extension: sty)
    
    c3f0835/Rd2.tex:8: ==> Fatal error occurred, no output PDF file produced!
Flavor: r-release-osx-x86_64-mavericks