CRAN Package Check Results for Package spatialsegregation

Last updated on 2016-08-24 02:48:43.

Flavor Version Tinstall Tcheck Ttotal Status Flags
r-devel-linux-x86_64-debian-clang 2.40 8.49 38.91 47.39 NOTE
r-devel-linux-x86_64-debian-gcc 2.40 9.03 38.91 47.95 NOTE
r-devel-linux-x86_64-fedora-clang 2.40 98.18 NOTE
r-devel-linux-x86_64-fedora-gcc 2.40 91.70 NOTE
r-devel-osx-x86_64-clang 2.40 72.88 NOTE
r-devel-windows-ix86+x86_64 2.40 41.00 106.00 147.00 NOTE
r-patched-linux-x86_64 2.40 8.37 37.86 46.23 NOTE
r-patched-solaris-sparc 2.40 517.10 NOTE
r-patched-solaris-x86 2.40 126.30 NOTE
r-release-linux-x86_64 2.40 8.53 38.43 46.97 NOTE
r-release-osx-x86_64-mavericks 2.40 NOTE
r-release-windows-ix86+x86_64 2.40 48.00 111.00 159.00 NOTE
r-oldrel-windows-ix86+x86_64 2.40 52.00 92.00 144.00 OK

Check Details

Version: 2.40
Check: S3 generic/method consistency
Result: NOTE
    Found the following apparent S3 methods exported but not registered:
     print.segtest
    See section ‘Registering S3 methods’ in the ‘Writing R Extensions’
    manual.
Flavors: r-devel-linux-x86_64-debian-clang, r-devel-linux-x86_64-debian-gcc, r-devel-linux-x86_64-fedora-clang, r-devel-linux-x86_64-fedora-gcc, r-devel-osx-x86_64-clang, r-patched-linux-x86_64, r-patched-solaris-sparc, r-patched-solaris-x86, r-release-linux-x86_64

Version: 2.40
Check: R code for possible problems
Result: NOTE
    print.segtest: no visible global function definition for ‘pchisq’
    print.segtest: no visible global function definition for ‘pnorm’
    shake: no visible global function definition for ‘runif’
    Undefined global functions or variables:
     pchisq pnorm runif
    Consider adding
     importFrom("stats", "pchisq", "pnorm", "runif")
    to your NAMESPACE file.
Flavors: r-devel-linux-x86_64-debian-clang, r-devel-linux-x86_64-debian-gcc, r-devel-linux-x86_64-fedora-clang, r-devel-linux-x86_64-fedora-gcc, r-devel-osx-x86_64-clang, r-devel-windows-ix86+x86_64, r-patched-linux-x86_64, r-patched-solaris-sparc, r-patched-solaris-x86, r-release-linux-x86_64, r-release-osx-x86_64-mavericks, r-release-windows-ix86+x86_64