CRAN Package Check Results for Package spatialsegregation

Last updated on 2016-02-08 08:47:52.

Flavor Version Tinstall Tcheck Ttotal Status Flags
r-devel-linux-x86_64-debian-gcc 2.40 8.47 35.71 44.19 NOTE
r-devel-linux-x86_64-fedora-clang 2.40 93.90 NOTE
r-devel-linux-x86_64-fedora-gcc 2.40 86.65 NOTE
r-devel-osx-x86_64-clang 2.40 91.74 NOTE
r-devel-windows-ix86+x86_64 2.40 43.00 93.00 136.00 NOTE
r-patched-linux-x86_64 2.40 8.83 40.16 48.99 NOTE
r-patched-solaris-sparc 2.40 549.90 NOTE
r-patched-solaris-x86 2.40 130.60 NOTE
r-release-linux-x86_64 2.40 8.80 39.83 48.63 NOTE
r-release-osx-x86_64-mavericks 2.40 OK
r-release-windows-ix86+x86_64 2.40 40.00 92.00 132.00 OK
r-oldrel-windows-ix86+x86_64 2.40 55.00 110.00 165.00 OK

Check Details

Version: 2.40
Check: S3 generic/method consistency
Result: NOTE
    Found the following apparent S3 methods exported but not registered:
     print.segtest
    See section ‘Registering S3 methods’ in the ‘Writing R Extensions’
    manual.
Flavors: r-devel-linux-x86_64-debian-gcc, r-devel-linux-x86_64-fedora-clang, r-devel-linux-x86_64-fedora-gcc, r-devel-osx-x86_64-clang, r-patched-linux-x86_64, r-patched-solaris-sparc, r-patched-solaris-x86, r-release-linux-x86_64

Version: 2.40
Check: R code for possible problems
Result: NOTE
    print.segtest: no visible global function definition for ‘pchisq’
    print.segtest: no visible global function definition for ‘pnorm’
    shake: no visible global function definition for ‘runif’
    Undefined global functions or variables:
     pchisq pnorm runif
    Consider adding
     importFrom("stats", "pchisq", "pnorm", "runif")
    to your NAMESPACE file.
Flavors: r-devel-linux-x86_64-debian-gcc, r-devel-linux-x86_64-fedora-clang, r-devel-linux-x86_64-fedora-gcc, r-devel-osx-x86_64-clang, r-devel-windows-ix86+x86_64