CRAN Package Check Results for Package spatialsegregation

Last updated on 2016-07-29 05:49:20.

Flavor Version Tinstall Tcheck Ttotal Status Flags
r-devel-linux-x86_64-debian-clang 2.40 9.25 39.13 48.38 NOTE
r-devel-linux-x86_64-debian-gcc 2.40 11.35 38.28 49.64 NOTE
r-devel-linux-x86_64-fedora-clang 2.40 106.91 NOTE
r-devel-linux-x86_64-fedora-gcc 2.40 90.43 NOTE
r-devel-osx-x86_64-clang 2.40 72.06 NOTE
r-devel-windows-ix86+x86_64 2.40 40.00 92.00 132.00 NOTE
r-patched-linux-x86_64 2.40 10.70 41.65 52.35 NOTE
r-patched-solaris-sparc 2.40 517.10 NOTE
r-patched-solaris-x86 2.40 119.30 NOTE
r-release-linux-x86_64 2.40 10.41 41.30 51.71 NOTE
r-release-osx-x86_64-mavericks 2.40 NOTE
r-release-windows-ix86+x86_64 2.40 38.00 116.00 154.00 NOTE
r-oldrel-windows-ix86+x86_64 2.40 44.00 119.00 163.00 OK

Check Details

Version: 2.40
Check: S3 generic/method consistency
Result: NOTE
    Found the following apparent S3 methods exported but not registered:
     print.segtest
    See section ‘Registering S3 methods’ in the ‘Writing R Extensions’
    manual.
Flavors: r-devel-linux-x86_64-debian-clang, r-devel-linux-x86_64-debian-gcc, r-devel-linux-x86_64-fedora-clang, r-devel-linux-x86_64-fedora-gcc, r-devel-osx-x86_64-clang, r-patched-linux-x86_64, r-patched-solaris-sparc, r-patched-solaris-x86, r-release-linux-x86_64

Version: 2.40
Check: R code for possible problems
Result: NOTE
    print.segtest: no visible global function definition for ‘pchisq’
    print.segtest: no visible global function definition for ‘pnorm’
    shake: no visible global function definition for ‘runif’
    Undefined global functions or variables:
     pchisq pnorm runif
    Consider adding
     importFrom("stats", "pchisq", "pnorm", "runif")
    to your NAMESPACE file.
Flavors: r-devel-linux-x86_64-debian-clang, r-devel-linux-x86_64-debian-gcc, r-devel-linux-x86_64-fedora-clang, r-devel-linux-x86_64-fedora-gcc, r-devel-osx-x86_64-clang, r-devel-windows-ix86+x86_64, r-patched-linux-x86_64, r-patched-solaris-sparc, r-patched-solaris-x86, r-release-linux-x86_64, r-release-osx-x86_64-mavericks, r-release-windows-ix86+x86_64