CRAN Package Check Results for Package spatialsegregation

Last updated on 2015-03-02 19:52:28.

Flavor Version Tinstall Tcheck Ttotal Status Flags
r-devel-linux-x86_64-debian-clang 2.40 6.69 38.74 45.43 NOTE
r-devel-linux-x86_64-debian-gcc 2.40 8.20 37.00 45.20 NOTE
r-devel-linux-x86_64-fedora-clang 2.40 97.87 NOTE
r-devel-linux-x86_64-fedora-gcc 2.40 88.69 NOTE
r-devel-osx-x86_64-clang 2.40 79.92 NOTE
r-devel-windows-ix86+x86_64 2.40 54.00 99.00 153.00 OK
r-patched-linux-x86_64 2.40 9.78 50.36 60.14 OK
r-patched-solaris-sparc 2.40 674.20 OK
r-patched-solaris-x86 2.40 172.70 OK
r-release-linux-ix86 2.40 11.50 56.62 68.12 OK
r-release-linux-x86_64 2.40 9.90 48.35 58.25 OK
r-release-osx-x86_64-mavericks 2.40 OK
r-release-osx-x86_64-snowleopard 2.40 OK
r-release-windows-ix86+x86_64 2.40 47.00 94.00 141.00 OK
r-oldrel-windows-ix86+x86_64 2.40 39.00 94.00 133.00 OK

Check Details

Version: 2.40
Check: S3 generic/method consistency
Result: NOTE
    Found the following apparent S3 methods exported but not registered:
     print.segtest
    See section ‘Registering S3 methods’ in the ‘Writing R Extensions’
    manual.
Flavors: r-devel-linux-x86_64-debian-clang, r-devel-linux-x86_64-debian-gcc, r-devel-linux-x86_64-fedora-clang, r-devel-linux-x86_64-fedora-gcc, r-devel-osx-x86_64-clang