CRAN Package Check Results for Package spatialsegregation

Last updated on 2015-07-02 17:47:46.

Flavor Version Tinstall Tcheck Ttotal Status Flags
r-devel-linux-x86_64-debian-clang 2.40 6.89 40.10 46.99 NOTE
r-devel-linux-x86_64-debian-gcc 2.40 8.09 37.26 45.36 NOTE
r-devel-linux-x86_64-fedora-clang 2.40 98.34 NOTE
r-devel-linux-x86_64-fedora-gcc 2.40 91.48 NOTE
r-devel-osx-x86_64-clang 2.40 75.42 NOTE
r-devel-windows-ix86+x86_64 2.40 37.00 82.00 119.00 NOTE
r-patched-linux-x86_64 2.40 8.41 39.15 47.56 NOTE
r-patched-solaris-sparc 2.40 543.60 NOTE
r-patched-solaris-x86 2.40 129.80 NOTE
r-release-linux-x86_64 2.40 8.49 39.04 47.53 NOTE
r-release-osx-x86_64-mavericks 2.40 OK
r-release-windows-ix86+x86_64 2.40 32.00 82.00 114.00 OK
r-oldrel-windows-ix86+x86_64 2.40 39.00 96.00 135.00 OK

Check Details

Version: 2.40
Check: S3 generic/method consistency
Result: NOTE
    Found the following apparent S3 methods exported but not registered:
     print.segtest
    See section ‘Registering S3 methods’ in the ‘Writing R Extensions’
    manual.
Flavors: r-devel-linux-x86_64-debian-clang, r-devel-linux-x86_64-debian-gcc, r-devel-linux-x86_64-fedora-clang, r-devel-linux-x86_64-fedora-gcc, r-devel-osx-x86_64-clang, r-patched-linux-x86_64, r-patched-solaris-sparc, r-patched-solaris-x86, r-release-linux-x86_64

Version: 2.40
Check: R code for possible problems
Result: NOTE
    print.segtest: no visible global function definition for ‘pchisq’
    print.segtest: no visible global function definition for ‘pnorm’
    shake: no visible global function definition for ‘runif’
Flavors: r-devel-linux-x86_64-debian-clang, r-devel-linux-x86_64-debian-gcc, r-devel-windows-ix86+x86_64

Version: 2.40
Check: R code for possible problems
Result: NOTE
    print.segtest: no visible global function definition for ‘pchisq’
    print.segtest: no visible global function definition for ‘pnorm’
    shake: no visible global function definition for ‘runif’
    Undefined global functions or variables:
     pchisq pnorm runif
Flavors: r-devel-linux-x86_64-fedora-clang, r-devel-linux-x86_64-fedora-gcc