CRAN Package Check Results for Package spatialsegregation

Last updated on 2016-05-28 19:49:30.

Flavor Version Tinstall Tcheck Ttotal Status Flags
r-devel-linux-x86_64-debian-gcc 2.40 9.28 37.93 47.21 NOTE
r-devel-linux-x86_64-fedora-clang 2.40 95.96 NOTE
r-devel-linux-x86_64-fedora-gcc 2.40 87.32 NOTE
r-devel-osx-x86_64-clang 2.40 93.88 NOTE
r-devel-windows-ix86+x86_64 2.40 29.00 87.00 116.00 NOTE
r-patched-linux-x86_64 2.40 8.45 37.70 46.15 NOTE
r-patched-solaris-sparc 2.40 519.30 NOTE
r-patched-solaris-x86 2.40 121.70 NOTE
r-release-linux-x86_64 2.40 8.68 38.23 46.91 NOTE
r-release-osx-x86_64-mavericks 2.40 NOTE
r-release-windows-ix86+x86_64 2.40 45.00 91.00 136.00 NOTE
r-oldrel-windows-ix86+x86_64 2.40 33.00 143.00 176.00 OK

Check Details

Version: 2.40
Check: S3 generic/method consistency
Result: NOTE
    Found the following apparent S3 methods exported but not registered:
     print.segtest
    See section ‘Registering S3 methods’ in the ‘Writing R Extensions’
    manual.
Flavors: r-devel-linux-x86_64-debian-gcc, r-devel-linux-x86_64-fedora-clang, r-devel-linux-x86_64-fedora-gcc, r-devel-osx-x86_64-clang, r-patched-linux-x86_64, r-patched-solaris-sparc, r-patched-solaris-x86, r-release-linux-x86_64

Version: 2.40
Check: R code for possible problems
Result: NOTE
    print.segtest: no visible global function definition for ‘pchisq’
    print.segtest: no visible global function definition for ‘pnorm’
    shake: no visible global function definition for ‘runif’
    Undefined global functions or variables:
     pchisq pnorm runif
    Consider adding
     importFrom("stats", "pchisq", "pnorm", "runif")
    to your NAMESPACE file.
Flavors: r-devel-linux-x86_64-debian-gcc, r-devel-linux-x86_64-fedora-clang, r-devel-linux-x86_64-fedora-gcc, r-devel-osx-x86_64-clang, r-devel-windows-ix86+x86_64, r-patched-linux-x86_64, r-patched-solaris-sparc, r-patched-solaris-x86, r-release-linux-x86_64, r-release-osx-x86_64-mavericks, r-release-windows-ix86+x86_64