CRAN Package Check Results for Package spatialsegregation

Last updated on 2015-01-29 16:48:39.

Flavor Version Tinstall Tcheck Ttotal Status Flags
r-devel-linux-x86_64-debian-clang 2.40 7.30 40.55 47.85 NOTE
r-devel-linux-x86_64-debian-gcc 2.40 8.81 39.17 47.98 NOTE
r-devel-linux-x86_64-fedora-clang 2.40 130.44 NOTE
r-devel-linux-x86_64-fedora-gcc 2.40 120.07 NOTE
r-devel-osx-x86_64-clang 2.40 104.66 NOTE
r-devel-windows-ix86+x86_64 2.40 40.00 76.00 116.00 OK
r-patched-linux-x86_64 2.40 9.56 46.41 55.97 OK
r-patched-solaris-sparc 2.40 674.20 OK
r-patched-solaris-x86 2.40 172.80 OK
r-release-linux-ix86 2.40 11.45 55.80 67.25 OK
r-release-linux-x86_64 2.40 9.17 46.92 56.09 OK
r-release-osx-x86_64-mavericks 2.40 OK
r-release-osx-x86_64-snowleopard 2.40 OK
r-release-windows-ix86+x86_64 2.40 36.00 100.00 136.00 OK
r-oldrel-windows-ix86+x86_64 2.40 37.00 89.00 126.00 OK

Check Details

Version: 2.40
Check: S3 generic/method consistency
Result: NOTE
    Found the following apparent S3 methods exported but not registered:
     print.segtest
    See section ‘Registering S3 methods’ in the ‘Writing R Extensions’
    manual.
Flavors: r-devel-linux-x86_64-debian-clang, r-devel-linux-x86_64-debian-gcc, r-devel-linux-x86_64-fedora-clang, r-devel-linux-x86_64-fedora-gcc, r-devel-osx-x86_64-clang