CRAN Package Check Results for Package spatialsegregation

Last updated on 2017-03-26 11:54:09.

Flavor Version Tinstall Tcheck Ttotal Status Flags
r-devel-linux-x86_64-debian-clang 2.43 8.51 41.46 49.97 NOTE
r-devel-linux-x86_64-debian-gcc 2.43 9.57 46.36 55.93 NOTE
r-devel-linux-x86_64-fedora-clang 2.43 123.53 NOTE --no-stop-on-test-error
r-devel-linux-x86_64-fedora-gcc 2.43 105.16 NOTE --no-stop-on-test-error
r-devel-macos-x86_64-clang 2.43 79.82 NOTE --no-stop-on-test-error
r-devel-windows-ix86+x86_64 2.43 35.00 86.00 121.00 OK
r-patched-linux-x86_64 2.43 8.62 40.58 49.20 NOTE
r-patched-solaris-sparc 2.43 592.80 OK
r-patched-solaris-x86 2.43 160.90 OK
r-release-linux-x86_64 2.43 8.49 38.55 47.05 OK
r-release-osx-x86_64-mavericks 2.43 OK
r-release-windows-ix86+x86_64 2.43 56.00 117.00 173.00 OK
r-oldrel-windows-ix86+x86_64 2.43 44.00 91.00 135.00 OK

Check Details

Version: 2.43
Check: compiled code
Result: NOTE
    File ‘spatialsegregation/libs/spatialsegregation.so’:
     Found no calls to: ‘R_registerRoutines’, ‘R_useDynamicSymbols’
    
    It is good practice to register native routines and to disable symbol
    search.
    
    See ‘Writing portable packages’ in the ‘Writing R Extensions’ manual.
Flavors: r-devel-linux-x86_64-debian-clang, r-devel-linux-x86_64-debian-gcc, r-patched-linux-x86_64

Version: 2.43
Flags: --no-stop-on-test-error
Check: compiled code
Result: NOTE
    File ‘spatialsegregation/libs/spatialsegregation.so’:
     Found no calls to: ‘R_registerRoutines’, ‘R_useDynamicSymbols’
    
    It is good practice to register native routines and to disable symbol
    search.
    
    See ‘Writing portable packages’ in the ‘Writing R Extensions’ manual.
Flavors: r-devel-linux-x86_64-fedora-clang, r-devel-linux-x86_64-fedora-gcc, r-devel-macos-x86_64-clang