CRAN Package Check Results for Package spatialsegregation

Last updated on 2015-05-28 03:47:39.

Flavor Version Tinstall Tcheck Ttotal Status Flags
r-devel-linux-x86_64-debian-clang 2.40 6.97 39.96 46.93 NOTE
r-devel-linux-x86_64-debian-gcc 2.40 8.47 38.51 46.98 NOTE
r-devel-linux-x86_64-fedora-clang 2.40 98.08 NOTE
r-devel-linux-x86_64-fedora-gcc 2.40 92.12 NOTE
r-devel-osx-x86_64-clang 2.40 80.43 NOTE
r-devel-windows-ix86+x86_64 2.40 34.00 76.00 110.00 OK
r-patched-linux-x86_64 2.40 8.45 37.40 45.85 NOTE
r-patched-solaris-sparc 2.40 543.60 NOTE
r-patched-solaris-x86 2.40 128.60 NOTE
r-release-linux-x86_64 2.40 8.38 40.68 49.06 NOTE
r-release-osx-x86_64-mavericks 2.40 OK
r-release-osx-x86_64-snowleopard 2.40 OK
r-release-windows-ix86+x86_64 2.40 32.00 82.00 114.00 OK
r-oldrel-windows-ix86+x86_64 2.40 32.00 91.00 123.00 OK

Check Details

Version: 2.40
Check: S3 generic/method consistency
Result: NOTE
    Found the following apparent S3 methods exported but not registered:
     print.segtest
    See section ‘Registering S3 methods’ in the ‘Writing R Extensions’
    manual.
Flavors: r-devel-linux-x86_64-debian-clang, r-devel-linux-x86_64-debian-gcc, r-devel-linux-x86_64-fedora-clang, r-devel-linux-x86_64-fedora-gcc, r-devel-osx-x86_64-clang, r-patched-linux-x86_64, r-patched-solaris-sparc, r-patched-solaris-x86, r-release-linux-x86_64