CRAN Package Check Results for Package spatstat.Knet

Last updated on 2020-07-15 11:48:04 CEST.

Flavor Version Tinstall Tcheck Ttotal Status Flags
r-devel-linux-x86_64-debian-clang 1.12-2 10.31 87.32 97.63 OK
r-devel-linux-x86_64-debian-gcc 1.12-2 7.93 66.91 74.84 OK
r-devel-linux-x86_64-fedora-clang 1.12-2 125.89 OK
r-devel-linux-x86_64-fedora-gcc 1.12-2 128.41 OK
r-devel-windows-ix86+x86_64 1.12-2 38.00 127.00 165.00 OK
r-patched-linux-x86_64 1.12-2 8.60 85.26 93.86 OK
r-patched-solaris-x86 1.12-2 183.30 OK
r-release-linux-x86_64 1.12-2 8.44 86.77 95.21 OK
r-release-macos-x86_64 1.12-2 FAIL
r-release-windows-ix86+x86_64 1.12-2 34.00 127.00 161.00 OK
r-oldrel-macos-x86_64 1.12-2 OK
r-oldrel-windows-ix86+x86_64 1.12-2 28.00 165.00 193.00 OK

Check Details

Version: 1.12-2
Check: DESCRIPTION meta-information
Result: FAIL
Flavor: r-release-macos-x86_64