CRAN Package Check Results for Package spatstat.Knet

Last updated on 2019-09-22 08:48:27 CEST.

Flavor Version Tinstall Tcheck Ttotal Status Flags
r-devel-linux-x86_64-debian-clang 1.11-2 9.49 74.25 83.74 NOTE
r-devel-linux-x86_64-debian-gcc 1.11-2 6.93 58.80 65.73 NOTE
r-devel-linux-x86_64-fedora-clang 1.11-2 101.78 NOTE
r-devel-linux-x86_64-fedora-gcc 1.11-2 103.18 NOTE
r-devel-windows-ix86+x86_64 1.11-2 35.00 117.00 152.00 NOTE
r-patched-linux-x86_64 1.11-2 8.49 74.19 82.68 NOTE
r-patched-solaris-x86 1.11-2 158.90 NOTE
r-release-linux-x86_64 1.11-2 9.17 73.76 82.93 NOTE
r-release-windows-ix86+x86_64 1.11-2 21.00 119.00 140.00 NOTE
r-release-osx-x86_64 1.11-2 NOTE
r-oldrel-windows-ix86+x86_64 1.11-2 16.00 113.00 129.00 NOTE
r-oldrel-osx-x86_64 1.11-2 NOTE

Check Details

Version: 1.11-2
Check: DESCRIPTION meta-information
Result: NOTE
    Malformed Description field: should contain one or more complete sentences.
Flavors: r-devel-linux-x86_64-debian-clang, r-devel-linux-x86_64-debian-gcc, r-devel-linux-x86_64-fedora-clang, r-devel-linux-x86_64-fedora-gcc, r-devel-windows-ix86+x86_64, r-patched-linux-x86_64, r-patched-solaris-x86, r-release-linux-x86_64, r-release-windows-ix86+x86_64, r-release-osx-x86_64, r-oldrel-windows-ix86+x86_64, r-oldrel-osx-x86_64

Version: 1.11-2
Check: compiled code
Result: NOTE
    File ‘spatstat.Knet/libs/spatstat.Knet.so’:
     Found no calls to: ‘R_registerRoutines’, ‘R_useDynamicSymbols’
    
    It is good practice to register native routines and to disable symbol
    search.
    
    See ‘Writing portable packages’ in the ‘Writing R Extensions’ manual.
Flavors: r-devel-linux-x86_64-fedora-clang, r-devel-linux-x86_64-fedora-gcc