CRAN Package Check Results for Package spatstat.Knet

Last updated on 2019-11-22 11:49:50 CET.

Flavor Version Tinstall Tcheck Ttotal Status Flags
r-devel-linux-x86_64-debian-clang 1.11-2 NOTE
r-devel-linux-x86_64-debian-gcc 1.11-2 7.93 59.83 67.76 NOTE
r-devel-linux-x86_64-fedora-clang 1.11-2 103.90 NOTE
r-devel-linux-x86_64-fedora-gcc 1.11-2 107.82 NOTE
r-devel-windows-ix86+x86_64 1.11-2 40.00 152.00 192.00 NOTE
r-devel-windows-ix86+x86_64-gcc8 1.11-2 21.00 125.00 146.00 NOTE
r-patched-linux-x86_64 1.11-2 7.85 74.36 82.21 NOTE
r-patched-solaris-x86 1.11-2 163.00 NOTE
r-release-linux-x86_64 1.11-2 7.99 76.28 84.27 NOTE
r-release-windows-ix86+x86_64 1.11-2 26.00 119.00 145.00 NOTE
r-release-osx-x86_64 1.11-2 NOTE
r-oldrel-windows-ix86+x86_64 1.11-2 15.00 144.00 159.00 NOTE
r-oldrel-osx-x86_64 1.11-2 NOTE

Check Details

Version: 1.11-2
Check: DESCRIPTION meta-information
Result: NOTE
    Malformed Description field: should contain one or more complete sentences.
Flavors: r-devel-linux-x86_64-debian-clang, r-devel-linux-x86_64-debian-gcc, r-devel-linux-x86_64-fedora-clang, r-devel-linux-x86_64-fedora-gcc, r-devel-windows-ix86+x86_64, r-devel-windows-ix86+x86_64-gcc8, r-patched-linux-x86_64, r-patched-solaris-x86, r-release-linux-x86_64, r-release-windows-ix86+x86_64, r-release-osx-x86_64, r-oldrel-windows-ix86+x86_64, r-oldrel-osx-x86_64

Version: 1.11-2
Check: compiled code
Result: NOTE
    File ‘spatstat.Knet/libs/spatstat.Knet.so’:
     Found no calls to: ‘R_registerRoutines’, ‘R_useDynamicSymbols’
    
    It is good practice to register native routines and to disable symbol
    search.
    
    See ‘Writing portable packages’ in the ‘Writing R Extensions’ manual.
Flavors: r-devel-linux-x86_64-fedora-clang, r-devel-linux-x86_64-fedora-gcc