Last updated on 2023-09-22 00:53:30 CEST.
Flavor | Version | Tinstall | Tcheck | Ttotal | Status | Flags |
---|---|---|---|---|---|---|
r-devel-linux-x86_64-debian-clang | 3.2-3 | 62.21 | 457.20 | 519.41 | OK | |
r-devel-linux-x86_64-debian-gcc | 3.2-3 | 45.64 | 333.35 | 378.99 | OK | |
r-devel-linux-x86_64-fedora-clang | 3.2-3 | 619.50 | OK | |||
r-devel-linux-x86_64-fedora-gcc | 3.2-3 | 647.82 | OK | |||
r-devel-windows-x86_64 | 3.2-3 | 57.00 | 424.00 | 481.00 | OK | |
r-patched-linux-x86_64 | 3.2-3 | 85.41 | 446.10 | 531.51 | OK | |
r-release-linux-x86_64 | 3.2-3 | 54.18 | 450.39 | 504.57 | OK | |
r-release-macos-arm64 | 3.2-3 | 188.00 | OK | |||
r-release-macos-x86_64 | 3.2-3 | 339.00 | NOTE | |||
r-release-windows-x86_64 | 3.2-3 | 75.00 | 554.00 | 629.00 | OK | |
r-oldrel-macos-arm64 | 3.2-3 | 158.00 | OK | |||
r-oldrel-macos-x86_64 | 3.2-3 | 208.00 | OK | |||
r-oldrel-windows-x86_64 | 3.2-3 | 75.00 | 486.00 | 561.00 | OK |
Version: 3.2-3
Check: installed package size
Result: NOTE
installed size is 5.0Mb
sub-directories of 1Mb or more:
R 2.2Mb
help 2.0Mb
Flavor: r-release-macos-x86_64