CRAN Package Check Results for Package spatstat

Last updated on 2014-11-28 15:47:11.

Flavor Version Tinstall Tcheck Ttotal Status Flags
r-devel-linux-x86_64-debian-clang 1.39-1 70.36 427.65 498.01 NOTE --no-tests
r-devel-linux-x86_64-debian-gcc 1.39-1 74.57 425.04 499.62 NOTE --no-tests
r-devel-linux-x86_64-fedora-clang 1.39-1 1165.97 NOTE
r-devel-linux-x86_64-fedora-gcc 1.39-1 1127.30 NOTE
r-devel-osx-x86_64-clang 1.39-1 1008.17 NOTE
r-devel-windows-ix86+x86_64 1.39-1 208.00 863.00 1071.00 NOTE
r-patched-linux-x86_64 1.39-1 89.30 448.82 538.12 NOTE --no-tests
r-patched-solaris-sparc 1.39-1 6241.60 NOTE
r-patched-solaris-x86 1.39-1 1511.00 NOTE
r-release-linux-ix86 1.39-1 90.34 510.11 600.45 NOTE --no-tests
r-release-linux-x86_64 1.39-1 86.88 450.14 537.02 NOTE --no-tests
r-release-osx-x86_64-mavericks 1.39-1 NOTE
r-release-osx-x86_64-snowleopard 1.39-1 NOTE
r-release-windows-ix86+x86_64 1.39-1 232.00 939.00 1171.00 NOTE
r-oldrel-windows-ix86+x86_64 1.38-1 201.00 957.00 1158.00 NOTE

Check Details

Version: 1.39-1
Flags: --no-tests
Check: installed package size
Result: NOTE
     installed size is 13.8Mb
     sub-directories of 1Mb or more:
     R 2.9Mb
     data 3.3Mb
     doc 1.0Mb
     help 4.1Mb
     libs 1.7Mb
Flavors: r-devel-linux-x86_64-debian-clang, r-devel-linux-x86_64-debian-gcc, r-patched-linux-x86_64, r-release-linux-ix86, r-release-linux-x86_64

Version: 1.39-1
Check: installed package size
Result: NOTE
     installed size is 13.8Mb
     sub-directories of 1Mb or more:
     R 2.9Mb
     data 3.3Mb
     doc 1.0Mb
     help 4.1Mb
     libs 1.7Mb
Flavors: r-devel-linux-x86_64-fedora-clang, r-devel-linux-x86_64-fedora-gcc, r-devel-osx-x86_64-clang, r-devel-windows-ix86+x86_64, r-patched-solaris-sparc, r-patched-solaris-x86, r-release-osx-x86_64-mavericks, r-release-osx-x86_64-snowleopard, r-release-windows-ix86+x86_64

Version: 1.39-1
Check: package dependencies
Result: NOTE
    Package suggested but not available for checking: ‘gsl’
Flavor: r-release-osx-x86_64-mavericks

Version: 1.38-1
Check: installed package size
Result: NOTE
     installed size is 12.7Mb
     sub-directories of 1Mb or more:
     R 2.8Mb
     data 3.3Mb
     doc 1.0Mb
     help 4.0Mb
     libs 1.0Mb
Flavor: r-oldrel-windows-ix86+x86_64