CRAN Package Check Results for Package spatstat

Last updated on 2016-06-29 03:47:38.

Flavor Version Tinstall Tcheck Ttotal Status Flags
r-devel-linux-x86_64-debian-gcc 1.45-2 101.58 512.65 614.23 NOTE --no-tests
r-devel-linux-x86_64-fedora-clang 1.45-2 1341.53 NOTE
r-devel-linux-x86_64-fedora-gcc 1.45-2 1271.55 NOTE
r-devel-osx-x86_64-clang 1.45-2 592.36 NOTE
r-devel-windows-ix86+x86_64 1.45-2 214.00 1648.00 1862.00 NOTE
r-patched-linux-x86_64 1.45-2 94.16 500.62 594.78 NOTE --no-tests
r-patched-solaris-sparc 1.45-2 8262.90 NOTE
r-patched-solaris-x86 1.45-2 1632.50 NOTE
r-release-linux-x86_64 1.45-2 86.44 500.52 586.96 NOTE --no-tests
r-release-osx-x86_64-mavericks 1.45-2 NOTE
r-release-windows-ix86+x86_64 1.45-2 287.00 1111.00 1398.00 NOTE
r-oldrel-windows-ix86+x86_64 1.45-2 351.00 1355.00 1706.00 NOTE

Check Details

Version: 1.45-2
Flags: --no-tests
Check: installed package size
Result: NOTE
     installed size is 20.1Mb
     sub-directories of 1Mb or more:
     R 3.6Mb
     data 3.4Mb
     doc 5.0Mb
     help 4.8Mb
     libs 2.1Mb
Flavors: r-devel-linux-x86_64-debian-gcc, r-patched-linux-x86_64, r-release-linux-x86_64

Version: 1.45-2
Check: installed package size
Result: NOTE
     installed size is 19.6Mb
     sub-directories of 1Mb or more:
     R 3.6Mb
     data 3.4Mb
     doc 5.0Mb
     help 4.7Mb
     libs 1.6Mb
Flavors: r-devel-linux-x86_64-fedora-clang, r-devel-linux-x86_64-fedora-gcc, r-devel-osx-x86_64-clang, r-devel-windows-ix86+x86_64, r-patched-solaris-sparc, r-patched-solaris-x86, r-release-osx-x86_64-mavericks, r-release-windows-ix86+x86_64, r-oldrel-windows-ix86+x86_64

Version: 1.45-2
Check: dependencies in R code
Result: NOTE
    Invalid MIT-MAGIC-COOKIE-1 key
Flavor: r-release-osx-x86_64-mavericks