CRAN Package Check Results for Package spatstat

Last updated on 2019-03-19 10:49:07 CET.

Flavor Version Tinstall Tcheck Ttotal Status Flags
r-devel-linux-x86_64-debian-clang 1.58-2 146.64 887.44 1034.08 OK --no-tests
r-devel-linux-x86_64-debian-gcc 1.58-2 124.11 658.17 782.28 OK --no-tests
r-devel-linux-x86_64-fedora-clang 1.58-2 1738.04 NOTE
r-devel-linux-x86_64-fedora-gcc 1.58-2 1758.31 OK
r-devel-windows-ix86+x86_64 1.58-2 371.00 588.00 959.00 NOTE --no-examples --no-tests --no-vignettes
r-patched-linux-x86_64 1.58-2 127.97 826.38 954.35 OK --no-tests
r-patched-solaris-x86 1.58-2 2507.20 NOTE
r-release-linux-x86_64 1.58-2 136.50 828.05 964.55 OK --no-tests
r-release-windows-ix86+x86_64 1.58-2 357.00 611.00 968.00 NOTE --no-examples --no-tests --no-vignettes
r-release-osx-x86_64 1.58-2 NOTE
r-oldrel-windows-ix86+x86_64 1.58-2 298.00 586.00 884.00 NOTE --no-examples --no-tests --no-vignettes
r-oldrel-osx-x86_64 1.58-2 NOTE

Check Details

Version: 1.58-2
Check: installed package size
Result: NOTE
     installed size is 17.9Mb
     sub-directories of 1Mb or more:
     R 5.1Mb
     doc 4.8Mb
     help 5.0Mb
     libs 2.0Mb
Flavors: r-devel-linux-x86_64-fedora-clang, r-patched-solaris-x86, r-release-osx-x86_64, r-oldrel-osx-x86_64

Version: 1.58-2
Flags: --no-examples --no-tests --no-vignettes
Check: installed package size
Result: NOTE
     installed size is 17.1Mb
     sub-directories of 1Mb or more:
     R 5.1Mb
     doc 4.8Mb
     help 5.1Mb
     libs 1.2Mb
Flavors: r-devel-windows-ix86+x86_64, r-release-windows-ix86+x86_64, r-oldrel-windows-ix86+x86_64

Version: 1.58-2
Check: package dependencies
Result: NOTE
    Package suggested but not available for checking: ‘rpanel’
Flavor: r-release-osx-x86_64