CRAN Package Check Results for Package spatstat

Last updated on 2017-12-16 13:48:35 CET.

Flavor Version Tinstall Tcheck Ttotal Status Flags
r-devel-linux-x86_64-debian-clang 1.54-0 131.64 853.46 985.10 OK --no-tests
r-devel-linux-x86_64-debian-gcc 1.54-0 132.19 635.90 768.09 OK --no-tests
r-devel-linux-x86_64-fedora-clang 1.54-0 1340.68 NOTE
r-devel-linux-x86_64-fedora-gcc 1.54-0 1330.02 NOTE
r-devel-windows-ix86+x86_64 1.54-0 337.00 537.00 874.00 NOTE --no-examples --no-tests --no-vignettes
r-patched-linux-x86_64 1.54-0 134.72 885.61 1020.33 OK --no-tests
r-patched-solaris-x86 1.54-0 1798.30 NOTE
r-release-linux-x86_64 1.54-0 142.77 877.27 1020.04 OK --no-tests
r-release-windows-ix86+x86_64 1.54-0 247.00 568.00 815.00 NOTE --no-examples --no-tests --no-vignettes
r-release-osx-x86_64 1.54-0 NOTE
r-oldrel-windows-ix86+x86_64 1.54-0 329.00 526.00 855.00 NOTE --no-examples --no-tests --no-vignettes
r-oldrel-osx-x86_64 1.54-0 NOTE

Check Details

Version: 1.54-0
Check: installed package size
Result: NOTE
     installed size is 17.2Mb
     sub-directories of 1Mb or more:
     R 4.9Mb
     doc 4.7Mb
     help 4.9Mb
     libs 1.7Mb
Flavors: r-devel-linux-x86_64-fedora-clang, r-devel-linux-x86_64-fedora-gcc, r-patched-solaris-x86, r-release-osx-x86_64, r-oldrel-osx-x86_64

Version: 1.54-0
Flags: --no-examples --no-tests --no-vignettes
Check: installed package size
Result: NOTE
     installed size is 16.6Mb
     sub-directories of 1Mb or more:
     R 4.9Mb
     doc 4.7Mb
     help 4.9Mb
     libs 1.2Mb
Flavors: r-devel-windows-ix86+x86_64, r-release-windows-ix86+x86_64, r-oldrel-windows-ix86+x86_64