CRAN Package Check Results for Package spatstat

Last updated on 2017-01-24 08:50:05.

Flavor Version Tinstall Tcheck Ttotal Status Flags
r-devel-linux-x86_64-debian-clang 1.48-0 101.46 537.53 638.99 OK --no-tests
r-devel-linux-x86_64-debian-gcc 1.48-0 104.87 518.53 623.40 OK --no-tests
r-devel-linux-x86_64-fedora-clang 1.48-0 1533.06 NOTE --no-stop-on-test-error
r-devel-linux-x86_64-fedora-gcc 1.48-0 1500.82 NOTE --no-stop-on-test-error
r-devel-macos-x86_64-clang 1.48-0 1150.54 NOTE --no-stop-on-test-error
r-devel-windows-ix86+x86_64 1.48-0 368.00 0.00 368.00 FAIL
r-patched-linux-x86_64 1.48-0 90.30 535.94 626.23 OK --no-tests
r-patched-solaris-sparc 1.48-0 8602.20 NOTE
r-patched-solaris-x86 1.48-0 1748.10 NOTE
r-release-linux-x86_64 1.48-0 98.07 524.12 622.19 OK --no-tests
r-release-osx-x86_64-mavericks 1.48-0 NOTE
r-release-windows-ix86+x86_64 1.48-0 248.00 0.00 248.00 FAIL
r-oldrel-windows-ix86+x86_64 1.45-2 335.00 1754.00 2089.00 NOTE

Check Details

Version: 1.48-0
Flags: --no-stop-on-test-error
Check: installed package size
Result: NOTE
     installed size is 20.8Mb
     sub-directories of 1Mb or more:
     R 4.8Mb
     data 3.4Mb
     doc 4.6Mb
     help 5.0Mb
     libs 1.7Mb
Flavors: r-devel-linux-x86_64-fedora-clang, r-devel-linux-x86_64-fedora-gcc, r-devel-macos-x86_64-clang

Version: 1.48-0
Check: installed package size
Result: NOTE
     installed size is 20.2Mb
     sub-directories of 1Mb or more:
     R 4.8Mb
     data 3.4Mb
     doc 4.6Mb
     help 5.0Mb
     libs 1.2Mb
Flavors: r-devel-windows-ix86+x86_64, r-patched-solaris-sparc, r-patched-solaris-x86, r-release-osx-x86_64-mavericks, r-release-windows-ix86+x86_64

Version: 1.48-0
Check: PDF version of manual
Result: FAIL
    Check process probably crashed or hung up for 20 minutes ... killed
    Most likely this happened in the example checks (?),
    if not, ignore the following last lines of example output:
    
    ======== End of example output (where/before crash/hang up occured ?) ========
Flavor: r-devel-windows-ix86+x86_64

Version: 1.48-0
Check: package dependencies
Result: NOTE
    Package suggested but not available for checking: ‘RandomFields’
Flavors: r-patched-solaris-sparc, r-patched-solaris-x86

Version: 1.48-0
Check: Rd cross-references
Result: NOTE
    Package unavailable to check Rd xrefs: ‘RandomFields’
Flavors: r-patched-solaris-sparc, r-patched-solaris-x86

Version: 1.48-0
Check: running tests for arch ‘x64’
Result: FAIL
    Check process probably crashed or hung up for 20 minutes ... killed
    Most likely this happened in the example checks (?),
    if not, ignore the following last lines of example output:
    
    ======== End of example output (where/before crash/hang up occured ?) ========
Flavor: r-release-windows-ix86+x86_64

Version: 1.45-2
Check: installed package size
Result: NOTE
     installed size is 19.2Mb
     sub-directories of 1Mb or more:
     R 3.7Mb
     data 3.4Mb
     doc 5.0Mb
     help 4.8Mb
     libs 1.2Mb
Flavor: r-oldrel-windows-ix86+x86_64