CRAN Package Check Results for Package spatstat

Last updated on 2015-01-26 03:52:39.

Flavor Version Tinstall Tcheck Ttotal Status Flags
r-devel-linux-x86_64-debian-clang 1.40-0 74.26 488.50 562.76 NOTE --no-tests
r-devel-linux-x86_64-debian-gcc 1.40-0 75.37 461.49 536.86 NOTE --no-tests
r-devel-linux-x86_64-fedora-clang 1.40-0 861.99 NOTE
r-devel-linux-x86_64-fedora-gcc 1.40-0 655.58 NOTE
r-devel-osx-x86_64-clang 1.40-0 1039.18 NOTE
r-devel-windows-ix86+x86_64 1.40-0 264.00 1282.00 1546.00 NOTE
r-patched-linux-x86_64 1.40-0 85.38 493.84 579.22 NOTE --no-tests
r-patched-solaris-sparc 1.40-0 6732.00 NOTE
r-patched-solaris-x86 1.40-0 1530.80 NOTE
r-release-linux-ix86 1.40-0 93.32 530.71 624.02 NOTE --no-tests
r-release-linux-x86_64 1.40-0 88.54 494.08 582.62 NOTE --no-tests
r-release-osx-x86_64-mavericks 1.40-0 NOTE
r-release-osx-x86_64-snowleopard 1.40-0 NOTE
r-release-windows-ix86+x86_64 1.40-0 205.00 1084.00 1289.00 NOTE
r-oldrel-windows-ix86+x86_64 1.38-1 201.00 957.00 1158.00 NOTE

Memtest notes: valgrind

Check Details

Version: 1.40-0
Flags: --no-tests
Check: installed package size
Result: NOTE
     installed size is 17.8Mb
     sub-directories of 1Mb or more:
     R 3.0Mb
     data 3.3Mb
     doc 4.6Mb
     help 4.2Mb
     libs 1.8Mb
Flavors: r-devel-linux-x86_64-debian-clang, r-devel-linux-x86_64-debian-gcc, r-patched-linux-x86_64, r-release-linux-ix86, r-release-linux-x86_64

Version: 1.40-0
Flags: --no-tests
Check: dependencies in R code
Result: NOTE
    'library' or 'require' calls in package code:
     ‘Matrix’ ‘RandomFields’ ‘gsl’ ‘locfit’ ‘rpanel’ ‘scatterplot3d’ ‘sm’
     Please use :: or requireNamespace() instead.
     See section 'Suggested packages' in the 'Writing R Extensions' manual.
Flavors: r-devel-linux-x86_64-debian-clang, r-devel-linux-x86_64-debian-gcc

Version: 1.40-0
Check: installed package size
Result: NOTE
     installed size is 17.8Mb
     sub-directories of 1Mb or more:
     R 3.0Mb
     data 3.3Mb
     doc 4.6Mb
     help 4.1Mb
     libs 1.8Mb
Flavors: r-devel-linux-x86_64-fedora-clang, r-devel-linux-x86_64-fedora-gcc, r-devel-osx-x86_64-clang, r-devel-windows-ix86+x86_64, r-patched-solaris-sparc, r-patched-solaris-x86, r-release-osx-x86_64-mavericks, r-release-osx-x86_64-snowleopard, r-release-windows-ix86+x86_64

Version: 1.40-0
Check: dependencies in R code
Result: NOTE
    'library' or 'require' calls in package code:
     ‘Matrix’ ‘RandomFields’ ‘gsl’ ‘locfit’ ‘rpanel’ ‘scatterplot3d’ ‘sm’
     Please use :: or requireNamespace() instead.
     See section 'Suggested packages' in the 'Writing R Extensions' manual.
Flavors: r-devel-linux-x86_64-fedora-clang, r-devel-linux-x86_64-fedora-gcc, r-devel-osx-x86_64-clang, r-devel-windows-ix86+x86_64

Version: 1.40-0
Check: S3 generic/method consistency
Result: NOTE
    Found the following apparent S3 methods exported but not registered:
     compatible.rat is.expandable.ppm is.expandable.rmhmodel
     is.marked.lppm is.multitype.lppm markformat.default markformat.ppp
     markformat.ppx markformat.psp nobjects.ppp nobjects.ppx nobjects.psp
     rebound.im rebound.owin rebound.ppp rebound.psp rmhcontrol.list
     rmhcontrol.rmhcontrol rmhmodel.rmhmodel rmhstart.list
     rmhstart.rmhstart scanmeasure.im scanmeasure.ppp unitname.default
     unitname<-.default image.im Ops.im Math.im Summary.im Complex.im
    See section ‘Registering S3 methods’ in the ‘Writing R Extensions’
    manual.
Flavors: r-devel-linux-x86_64-fedora-clang, r-devel-linux-x86_64-fedora-gcc, r-devel-osx-x86_64-clang

Version: 1.38-1
Check: installed package size
Result: NOTE
     installed size is 12.7Mb
     sub-directories of 1Mb or more:
     R 2.8Mb
     data 3.3Mb
     doc 1.0Mb
     help 4.0Mb
     libs 1.0Mb
Flavor: r-oldrel-windows-ix86+x86_64