CRAN Package Check Results for Package spatstat

Last updated on 2017-03-26 11:54:09.

Flavor Version Tinstall Tcheck Ttotal Status Flags
r-devel-linux-x86_64-debian-clang 1.50-0 105.82 529.48 635.30 OK --no-tests
r-devel-linux-x86_64-debian-gcc 1.50-0 103.66 528.75 632.41 OK --no-tests
r-devel-linux-x86_64-fedora-clang 1.50-0 855.52 NOTE --no-stop-on-test-error
r-devel-linux-x86_64-fedora-gcc 1.50-0 819.38 NOTE --no-stop-on-test-error
r-devel-macos-x86_64-clang 1.50-0 670.17 NOTE --no-stop-on-test-error
r-devel-windows-ix86+x86_64 1.50-0 319.00 1534.00 1853.00 FAIL
r-patched-linux-x86_64 1.50-0 98.18 513.84 612.02 OK --no-tests
r-patched-solaris-sparc 1.50-0 38.60 ERROR
r-patched-solaris-x86 1.50-0 7.30 ERROR
r-release-linux-x86_64 1.50-0 96.97 519.23 616.20 OK --no-tests
r-release-osx-x86_64-mavericks 1.50-0 NOTE
r-release-windows-ix86+x86_64 1.50-0 295.00 500.00 795.00 NOTE --no-examples --no-tests --no-vignettes
r-oldrel-windows-ix86+x86_64 1.45-2 335.00 1754.00 2089.00 NOTE

Check Details

Version: 1.50-0
Flags: --no-stop-on-test-error
Check: installed package size
Result: NOTE
     installed size is 20.7Mb
     sub-directories of 1Mb or more:
     R 4.7Mb
     data 3.4Mb
     doc 4.6Mb
     help 5.0Mb
     libs 1.7Mb
Flavors: r-devel-linux-x86_64-fedora-clang, r-devel-linux-x86_64-fedora-gcc, r-devel-macos-x86_64-clang

Version: 1.50-0
Check: installed package size
Result: NOTE
     installed size is 20.2Mb
     sub-directories of 1Mb or more:
     R 4.7Mb
     data 3.4Mb
     doc 4.6Mb
     help 5.0Mb
     libs 1.2Mb
Flavors: r-devel-windows-ix86+x86_64, r-release-osx-x86_64-mavericks

Version: 1.50-0
Check: running tests for arch ‘x64’
Result: ERROR
     Running 'testsAtoF.R' [20s]
     Running 'testsGtoK.R' [97s]
     Running 'testsLtoM.R' [131s]
     Running 'testsNtoP.R' [35s]
     Running 'testsQtoR.R' [26s]
     Running 'testsStoZ.R' [29s]
    Running the tests in 'tests/testsStoZ.R' failed.
    Last 13 lines of output:
     + AB <- project2segment(A,B)
     +
     + # mark inheritance
     + X <- psp(runif(10), runif(10), runif(10), runif(10), window=owin())
     + marks(X) <- 1:10
     + Y <- selfcut.psp(X)
     + marks(X) <- data.frame(A=1:10, B=factor(letters[1:10]))
     + Z <- selfcut.psp(X)
     + })
     >
     > proc.time()
     user system elapsed
     28.00 0.96 29.01
     Error: failed to load sRGB colorspace file
     Execution halted
Flavor: r-devel-windows-ix86+x86_64

Version: 1.50-0
Check: for unstated dependencies in vignettes
Result: FAIL
    
Flavor: r-devel-windows-ix86+x86_64

Version: 1.50-0
Check: package dependencies
Result: ERROR
    Package required but not available: ‘polyclip’
    
    Packages suggested but not available for checking:
     ‘RandomFields’ ‘RandomFieldsUtils’
    
    See section ‘The DESCRIPTION file’ in the ‘Writing R Extensions’
    manual.
Flavors: r-patched-solaris-sparc, r-patched-solaris-x86

Version: 1.50-0
Flags: --no-examples --no-tests --no-vignettes
Check: installed package size
Result: NOTE
     installed size is 19.3Mb
     sub-directories of 1Mb or more:
     R 3.9Mb
     data 3.4Mb
     doc 4.6Mb
     help 5.0Mb
     libs 1.2Mb
Flavor: r-release-windows-ix86+x86_64

Version: 1.45-2
Check: installed package size
Result: NOTE
     installed size is 19.2Mb
     sub-directories of 1Mb or more:
     R 3.7Mb
     data 3.4Mb
     doc 5.0Mb
     help 4.8Mb
     libs 1.2Mb
Flavor: r-oldrel-windows-ix86+x86_64