CRAN Package Check Results for Package spatstat

Last updated on 2015-05-25 22:47:21.

Flavor Version Tinstall Tcheck Ttotal Status Flags
r-devel-linux-x86_64-debian-clang 1.41-1 74.51 471.63 546.14 NOTE --no-tests
r-devel-linux-x86_64-debian-gcc 1.41-1 74.96 456.34 531.30 NOTE --no-tests
r-devel-linux-x86_64-fedora-clang 1.41-1 1177.86 NOTE
r-devel-linux-x86_64-fedora-gcc 1.41-1 1134.21 NOTE
r-devel-osx-x86_64-clang 1.41-1 961.51 NOTE
r-devel-windows-ix86+x86_64 1.41-1 224.00 966.00 1190.00 NOTE
r-patched-linux-x86_64 1.41-1 81.14 464.87 546.01 NOTE --no-tests
r-patched-solaris-sparc 1.41-1 6845.60 NOTE
r-patched-solaris-x86 1.41-1 1411.60 NOTE
r-release-linux-x86_64 1.41-1 80.94 464.36 545.30 NOTE --no-tests
r-release-osx-x86_64-mavericks 1.41-1 NOTE
r-release-osx-x86_64-snowleopard 1.41-1 ERROR
r-release-windows-ix86+x86_64 1.41-1 220.00 980.00 1200.00 NOTE
r-oldrel-windows-ix86+x86_64 1.41-1 209.00 995.00 1204.00 NOTE

Check Details

Version: 1.41-1
Flags: --no-tests
Check: installed package size
Result: NOTE
     installed size is 18.2Mb
     sub-directories of 1Mb or more:
     R 3.1Mb
     data 3.3Mb
     doc 4.7Mb
     help 4.3Mb
     libs 1.8Mb
Flavors: r-devel-linux-x86_64-debian-clang, r-devel-linux-x86_64-debian-gcc, r-patched-linux-x86_64, r-release-linux-x86_64

Version: 1.41-1
Check: installed package size
Result: NOTE
     installed size is 18.2Mb
     sub-directories of 1Mb or more:
     R 3.1Mb
     data 3.3Mb
     doc 4.7Mb
     help 4.3Mb
     libs 1.8Mb
Flavors: r-devel-linux-x86_64-fedora-clang, r-devel-linux-x86_64-fedora-gcc, r-devel-osx-x86_64-clang, r-devel-windows-ix86+x86_64, r-patched-solaris-sparc, r-patched-solaris-x86, r-release-osx-x86_64-mavericks, r-release-osx-x86_64-snowleopard, r-release-windows-ix86+x86_64, r-oldrel-windows-ix86+x86_64

Version: 1.41-1
Check: for missing documentation entries
Result: ERROR
    Error: package or namespace load failed for ‘spatstat’
    Call sequence:
    2: stop(gettextf("package or namespace load failed for %s", sQuote(package)),
     call. = FALSE, domain = NA)
    1: library(package, lib.loc = lib.loc, character.only = TRUE, verbose = FALSE)
    Execution halted
Flavor: r-release-osx-x86_64-snowleopard

Version: 1.41-1
Check: for code/documentation mismatches
Result: WARN
    Error: package or namespace load failed for ‘spatstat’
    Call sequence:
    2: stop(gettextf("package or namespace load failed for %s", sQuote(package)),
     call. = FALSE, domain = NA)
    1: library(package, lib.loc = lib.loc, character.only = TRUE, verbose = FALSE)
    Execution halted
    Error: package or namespace load failed for ‘spatstat’
    Call sequence:
    2: stop(gettextf("package or namespace load failed for %s", sQuote(package)),
     call. = FALSE, domain = NA)
    1: library(package, lib.loc = lib.loc, character.only = TRUE, verbose = FALSE)
    Execution halted
    Error: package or namespace load failed for ‘spatstat’
    Call sequence:
    2: stop(gettextf("package or namespace load failed for %s", sQuote(package)),
     call. = FALSE, domain = NA)
    1: library(package, lib.loc = lib.loc, character.only = TRUE, verbose = FALSE)
    Execution halted
Flavor: r-release-osx-x86_64-snowleopard

Version: 1.41-1
Check: Rd \usage sections
Result: NOTE
    Error: package or namespace load failed for ‘spatstat’
    Call sequence:
    2: stop(gettextf("package or namespace load failed for %s", sQuote(package)),
     call. = FALSE, domain = NA)
    1: library(package, lib.loc = lib.loc, character.only = TRUE, verbose = FALSE)
    Execution halted
    The \usage entries for S3 methods should use the \method markup and not
    their full name.
    See chapter ‘Writing R documentation files’ in the ‘Writing R
    Extensions’ manual.
Flavor: r-release-osx-x86_64-snowleopard

Version: 1.41-1
Check: data for non-ASCII characters
Result: NOTE
     Error in dyn.load(file, DLLpath = DLLpath, ...) :
     unable to load shared object '/Volumes/XT3/Builds/R-dev-web/QA/Simon/packages/snowleopard-x86_64/Rlib/3.2/lattice/libs/lattice.so':
     dlopen(/Volumes/XT3/Builds/R-dev-web/QA/Simon/packages/snowleopard-x86_64/Rlib/3.2/lattice/libs/lattice.so, 6): Library not loaded: /Library/Frameworks/R.framework/Versions/3.2/Resources/lib/libR.dylib
     Referenced from: /Volumes/XT3/Builds/R-dev-web/QA/Simon/packages/snowleopard-x86_64/Rlib/3.2/lattice/libs/lattice.so
     Reason: Incompatible library version: lattice.so requires version 3.2.0 or later, but libR.dylib provides version 3.1.0
     Error in .requirePackage(package) :
     unable to find required package 'Matrix'
     Calls: <Anonymous> ... .extendsForS3 -> extends -> getClassDef -> .requirePackage
     Execution halted
Flavor: r-release-osx-x86_64-snowleopard

Version: 1.41-1
Check: sizes of PDF files under ‘inst/doc’
Result: NOTE
     ‘qpdf’ made some significant size reductions:
     NULL
     consider running tools::compactPDF() on these files
Flavor: r-release-osx-x86_64-snowleopard

Version: 1.41-1
Check: examples
Result: ERROR
    Running massageExamples to create ‘spatstat-Ex.R’ failed
    Error in tools:::.createExdotR("spatstat", "/Volumes/XT3/Builds/R-dev-web/QA/Simon/packages/snowleopard-x86_64/results/3.2/spatstat.Rcheck/spatstat", :
     unused argument (commentDontrun = TRUE)
    Execution halted
     NONE
Flavor: r-release-osx-x86_64-snowleopard

Version: 1.41-1
Check: tests
Result: ERROR
    Running the tests in ‘tests/alltests.R’ failed.
    Last 13 lines of output:
     + ## minnndist
     + mfast <- minnndist(X)
     + mslow <- min(nndist(X))
     + if(abs(mfast-mslow) > eps)
     + stop("minnndist(X) disagrees with min(nndist(X))")
     + mfast <- maxnndist(X)
     + mslow <- max(nndist(X))
     + if(abs(mfast-mslow) > eps)
     + stop("maxnndist(X) disagrees with max(nndist(X))")
     + })
     Error in eval(expr, envir, enclos) : could not find function "runifpoint"
     Calls: local -> eval.parent -> eval -> eval -> eval -> eval
     Execution halted
Flavor: r-release-osx-x86_64-snowleopard

Version: 1.41-1
Check: running R code from vignettes
Result: ERROR
    Errors in running code in vignettes:
    when running code in ‘datasets.Rnw’
     ...
    Warning: package ‘spatstat’ was built under R version 3.2.0
    Error in dyn.load(file, DLLpath = DLLpath, ...) :
     unable to load shared object '/Volumes/XT3/Builds/R-dev-web/QA/Simon/packages/snowleopard-x86_64/Rlib/3.2/polyclip/libs/polyclip.so':
     dlopen(/Volumes/XT3/Builds/R-dev-web/QA/Simon/packages/snowleopard-x86_64/Rlib/3.2/polyclip/libs/polyclip.so, 6): Library not loaded: /Library/Frameworks/R.framework/Versions/3.2/Resources/lib/libR.dylib
     Referenced from: /Volumes/XT3/Builds/R-dev-web/QA/Simon/packages/snowleopard-x86_64/Rlib/3.2/polyclip/libs/polyclip.so
     Reason: Incompatible library version: polyclip.so requires version 3.2.0 or later, but libR.dylib provides version 3.1.0
    
     When sourcing ‘datasets.R’:
    Error: package or namespace load failed for ‘spatstat’
    Execution halted
    when running code in ‘getstart.Rnw’
     ...
    Warning: package ‘spatstat’ was built under R version 3.2.0
    Error in dyn.load(file, DLLpath = DLLpath, ...) :
     unable to load shared object '/Volumes/XT3/Builds/R-dev-web/QA/Simon/packages/snowleopard-x86_64/Rlib/3.2/polyclip/libs/polyclip.so':
     dlopen(/Volumes/XT3/Builds/R-dev-web/QA/Simon/packages/snowleopard-x86_64/Rlib/3.2/polyclip/libs/polyclip.so, 6): Library not loaded: /Library/Frameworks/R.framework/Versions/3.2/Resources/lib/libR.dylib
     Referenced from: /Volumes/XT3/Builds/R-dev-web/QA/Simon/packages/snowleopard-x86_64/Rlib/3.2/polyclip/libs/polyclip.so
     Reason: Incompatible library version: polyclip.so requires version 3.2.0 or later, but libR.dylib provides version 3.1.0
    
     When sourcing ‘getstart.R’:
    Error: package or namespace load failed for ‘spatstat’
    Execution halted
    when running code in ‘replicated.Rnw’
     ...
    Warning: package ‘spatstat’ was built under R version 3.2.0
    Error in dyn.load(file, DLLpath = DLLpath, ...) :
     unable to load shared object '/Volumes/XT3/Builds/R-dev-web/QA/Simon/packages/snowleopard-x86_64/Rlib/3.2/polyclip/libs/polyclip.so':
     dlopen(/Volumes/XT3/Builds/R-dev-web/QA/Simon/packages/snowleopard-x86_64/Rlib/3.2/polyclip/libs/polyclip.so, 6): Library not loaded: /Library/Frameworks/R.framework/Versions/3.2/Resources/lib/libR.dylib
     Referenced from: /Volumes/XT3/Builds/R-dev-web/QA/Simon/packages/snowleopard-x86_64/Rlib/3.2/polyclip/libs/polyclip.so
     Reason: Incompatible library version: polyclip.so requires version 3.2.0 or later, but libR.dylib provides version 3.1.0
    
     When sourcing ‘replicated.R’:
    Error: package or namespace load failed for ‘spatstat’
    Execution halted
    when running code in ‘shapefiles.Rnw’
     ...
    Warning: package ‘spatstat’ was built under R version 3.2.0
    Error in dyn.load(file, DLLpath = DLLpath, ...) :
     unable to load shared object '/Volumes/XT3/Builds/R-dev-web/QA/Simon/packages/snowleopard-x86_64/Rlib/3.2/polyclip/libs/polyclip.so':
     dlopen(/Volumes/XT3/Builds/R-dev-web/QA/Simon/packages/snowleopard-x86_64/Rlib/3.2/polyclip/libs/polyclip.so, 6): Library not loaded: /Library/Frameworks/R.framework/Versions/3.2/Resources/lib/libR.dylib
     Referenced from: /Volumes/XT3/Builds/R-dev-web/QA/Simon/packages/snowleopard-x86_64/Rlib/3.2/polyclip/libs/polyclip.so
     Reason: Incompatible library version: polyclip.so requires version 3.2.0 or later, but libR.dylib provides version 3.1.0
    
     When sourcing ‘shapefiles.R’:
    Error: package or namespace load failed for ‘spatstat’
    Execution halted
    when running code in ‘updates.Rnw’
     ...
    Warning: package ‘spatstat’ was built under R version 3.2.0
    Error in dyn.load(file, DLLpath = DLLpath, ...) :
     unable to load shared object '/Volumes/XT3/Builds/R-dev-web/QA/Simon/packages/snowleopard-x86_64/Rlib/3.2/polyclip/libs/polyclip.so':
     dlopen(/Volumes/XT3/Builds/R-dev-web/QA/Simon/packages/snowleopard-x86_64/Rlib/3.2/polyclip/libs/polyclip.so, 6): Library not loaded: /Library/Frameworks/R.framework/Versions/3.2/Resources/lib/libR.dylib
     Referenced from: /Volumes/XT3/Builds/R-dev-web/QA/Simon/packages/snowleopard-x86_64/Rlib/3.2/polyclip/libs/polyclip.so
     Reason: Incompatible library version: polyclip.so requires version 3.2.0 or later, but libR.dylib provides version 3.1.0
    
     When sourcing ‘updates.R’:
    Error: package or namespace load failed for ‘spatstat’
    Execution halted
Flavor: r-release-osx-x86_64-snowleopard

Version: 1.41-1
Check: re-building of vignette outputs
Result: NOTE
    Error in re-building vignettes:
     ...
    Warning: package ‘spatstat’ was built under R version 3.2.0
    Error in dyn.load(file, DLLpath = DLLpath, ...) :
     unable to load shared object '/Volumes/XT3/Builds/R-dev-web/QA/Simon/packages/snowleopard-x86_64/Rlib/3.2/polyclip/libs/polyclip.so':
     dlopen(/Volumes/XT3/Builds/R-dev-web/QA/Simon/packages/snowleopard-x86_64/Rlib/3.2/polyclip/libs/polyclip.so, 6): Library not loaded: /Library/Frameworks/R.framework/Versions/3.2/Resources/lib/libR.dylib
     Referenced from: /Volumes/XT3/Builds/R-dev-web/QA/Simon/packages/snowleopard-x86_64/Rlib/3.2/polyclip/libs/polyclip.so
     Reason: Incompatible library version: polyclip.so requires version 3.2.0 or later, but libR.dylib provides version 3.1.0
    
    Error: processing vignette 'datasets.Rnw' failed with diagnostics:
     chunk 2
    Error : package or namespace load failed for ‘spatstat’
    Execution halted
Flavor: r-release-osx-x86_64-snowleopard