CRAN Package Check Results for Package spatstat

Last updated on 2017-08-17 05:48:50.

Flavor Version Tinstall Tcheck Ttotal Status Flags
r-devel-linux-x86_64-debian-clang 1.52-1 95.57 520.97 616.54 OK --no-tests
r-devel-linux-x86_64-debian-gcc 1.51-0 107.26 515.95 623.22 OK --no-tests
r-devel-linux-x86_64-fedora-clang 1.52-1 766.07 NOTE
r-devel-linux-x86_64-fedora-gcc 1.52-1 774.97 NOTE
r-devel-windows-ix86+x86_64 1.52-1 225.00 361.00 586.00 NOTE --no-examples --no-tests --no-vignettes
r-patched-linux-x86_64 1.51-0 98.65 524.35 623.01 OK --no-tests
r-patched-solaris-x86 1.52-1 1474.50 NOTE
r-release-linux-x86_64 1.51-0 105.72 522.03 627.75 OK --no-tests
r-release-windows-ix86+x86_64 1.51-0 261.00 461.00 722.00 NOTE --no-examples --no-tests --no-vignettes
r-release-osx-x86_64 1.51-0 NOTE
r-oldrel-windows-ix86+x86_64 1.52-1 224.00 385.00 609.00 NOTE --no-examples --no-tests --no-vignettes
r-oldrel-osx-x86_64 1.51-0 NOTE

Check Details

Version: 1.52-1
Check: installed package size
Result: NOTE
     installed size is 20.9Mb
     sub-directories of 1Mb or more:
     R 4.8Mb
     data 3.4Mb
     doc 4.6Mb
     help 5.1Mb
     libs 1.7Mb
Flavors: r-devel-linux-x86_64-fedora-clang, r-devel-linux-x86_64-fedora-gcc, r-patched-solaris-x86

Version: 1.52-1
Flags: --no-examples --no-tests --no-vignettes
Check: installed package size
Result: NOTE
     installed size is 20.4Mb
     sub-directories of 1Mb or more:
     R 4.8Mb
     data 3.4Mb
     doc 4.6Mb
     help 5.1Mb
     libs 1.2Mb
Flavors: r-devel-windows-ix86+x86_64, r-oldrel-windows-ix86+x86_64

Version: 1.51-0
Flags: --no-examples --no-tests --no-vignettes
Check: installed package size
Result: NOTE
     installed size is 20.3Mb
     sub-directories of 1Mb or more:
     R 4.8Mb
     data 3.4Mb
     doc 4.6Mb
     help 5.1Mb
     libs 1.2Mb
Flavor: r-release-windows-ix86+x86_64

Version: 1.51-0
Check: installed package size
Result: NOTE
     installed size is 20.7Mb
     sub-directories of 1Mb or more:
     R 4.8Mb
     data 3.4Mb
     doc 4.6Mb
     help 5.1Mb
     libs 1.6Mb
Flavors: r-release-osx-x86_64, r-oldrel-osx-x86_64