CRAN Package Check Results for Package spatstat

Last updated on 2015-03-27 03:47:57.

Flavor Version Tinstall Tcheck Ttotal Status Flags
r-devel-linux-x86_64-debian-clang 1.41-1 69.47 457.91 527.38 NOTE --no-tests
r-devel-linux-x86_64-debian-gcc 1.41-1 75.60 459.23 534.83 NOTE --no-tests
r-devel-linux-x86_64-fedora-clang 1.41-1 1189.38 NOTE
r-devel-linux-x86_64-fedora-gcc 1.41-1 1195.06 NOTE
r-devel-osx-x86_64-clang 1.41-1 1001.26 NOTE
r-prerel-windows-ix86+x86_64 1.41-1 303.00 985.00 1288.00 NOTE
r-prerel-linux-x86_64 1.41-1 75.06 465.56 540.62 NOTE --no-tests
r-prerel-solaris-sparc 1.41-1 6898.90 NOTE
r-prerel-solaris-x86 1.41-1 1431.00 NOTE
r-release-linux-x86_64 1.41-1 85.81 509.10 594.91 NOTE --no-tests
r-release-osx-x86_64-mavericks 1.41-1 NOTE
r-release-osx-x86_64-snowleopard 1.41-1 NOTE
r-release-windows-ix86+x86_64 1.41-1 210.00 1042.00 1252.00 NOTE
r-oldrel-windows-ix86+x86_64 1.38-1 201.00 957.00 1158.00 NOTE

Check Details

Version: 1.41-1
Flags: --no-tests
Check: installed package size
Result: NOTE
     installed size is 18.2Mb
     sub-directories of 1Mb or more:
     R 3.1Mb
     data 3.3Mb
     doc 4.7Mb
     help 4.3Mb
     libs 1.8Mb
Flavors: r-devel-linux-x86_64-debian-clang, r-devel-linux-x86_64-debian-gcc, r-prerel-linux-x86_64, r-release-linux-x86_64

Version: 1.41-1
Check: installed package size
Result: NOTE
     installed size is 18.2Mb
     sub-directories of 1Mb or more:
     R 3.1Mb
     data 3.3Mb
     doc 4.7Mb
     help 4.3Mb
     libs 1.8Mb
Flavors: r-devel-linux-x86_64-fedora-clang, r-devel-linux-x86_64-fedora-gcc, r-devel-osx-x86_64-clang, r-prerel-windows-ix86+x86_64, r-prerel-solaris-sparc, r-prerel-solaris-x86, r-release-osx-x86_64-mavericks, r-release-osx-x86_64-snowleopard, r-release-windows-ix86+x86_64

Version: 1.38-1
Check: installed package size
Result: NOTE
     installed size is 12.7Mb
     sub-directories of 1Mb or more:
     R 2.8Mb
     data 3.3Mb
     doc 1.0Mb
     help 4.0Mb
     libs 1.0Mb
Flavor: r-oldrel-windows-ix86+x86_64