CRAN Package Check Results for Package spatstat

Last updated on 2016-12-06 16:51:07.

Flavor Version Tinstall Tcheck Ttotal Status Flags
r-devel-linux-x86_64-debian-clang 1.47-0 102.17 532.58 634.75 OK --no-tests
r-devel-linux-x86_64-debian-gcc 1.47-0 103.55 539.82 643.37 OK --no-tests
r-devel-linux-x86_64-fedora-clang 1.47-0 1570.51 NOTE --no-stop-on-test-error
r-devel-linux-x86_64-fedora-gcc 1.47-0 1536.40 NOTE --no-stop-on-test-error
r-devel-macos-x86_64-clang 1.47-0 1161.48 NOTE --no-stop-on-test-error
r-devel-windows-ix86+x86_64 1.47-0 226.00 1608.00 1834.00 NOTE
r-patched-linux-x86_64 1.47-0 89.60 516.51 606.11 OK --no-tests
r-patched-solaris-sparc 1.47-0 7942.20 NOTE
r-patched-solaris-x86 1.47-0 1712.50 NOTE
r-release-linux-x86_64 1.47-0 91.73 514.87 606.61 OK --no-tests
r-release-osx-x86_64-mavericks 1.47-0 NOTE
r-release-windows-ix86+x86_64 1.47-0 223.00 1486.00 1709.00 NOTE
r-oldrel-windows-ix86+x86_64 1.45-2 335.00 1754.00 2089.00 NOTE

Check Details

Version: 1.47-0
Flags: --no-stop-on-test-error
Check: installed package size
Result: NOTE
     installed size is 20.4Mb
     sub-directories of 1Mb or more:
     R 4.6Mb
     data 3.4Mb
     doc 4.6Mb
     help 4.9Mb
     libs 1.6Mb
Flavors: r-devel-linux-x86_64-fedora-clang, r-devel-linux-x86_64-fedora-gcc, r-devel-macos-x86_64-clang

Version: 1.47-0
Check: installed package size
Result: NOTE
     installed size is 19.8Mb
     sub-directories of 1Mb or more:
     R 4.6Mb
     data 3.4Mb
     doc 4.6Mb
     help 4.9Mb
     libs 1.2Mb
Flavors: r-devel-windows-ix86+x86_64, r-patched-solaris-sparc, r-patched-solaris-x86, r-release-osx-x86_64-mavericks, r-release-windows-ix86+x86_64

Version: 1.47-0
Check: package dependencies
Result: NOTE
    Package suggested but not available for checking: ‘RandomFields’
Flavors: r-patched-solaris-sparc, r-patched-solaris-x86

Version: 1.47-0
Check: Rd cross-references
Result: NOTE
    Package unavailable to check Rd xrefs: ‘RandomFields’
Flavors: r-patched-solaris-sparc, r-patched-solaris-x86

Version: 1.45-2
Check: installed package size
Result: NOTE
     installed size is 19.2Mb
     sub-directories of 1Mb or more:
     R 3.7Mb
     data 3.4Mb
     doc 5.0Mb
     help 4.8Mb
     libs 1.2Mb
Flavor: r-oldrel-windows-ix86+x86_64