CRAN Package Check Results for Package spatstat

Last updated on 2017-10-18 05:48:00.

Flavor Version Tinstall Tcheck Ttotal Status Flags
r-devel-linux-x86_64-debian-clang 1.53-2 95.63 528.36 623.99 OK --no-tests
r-devel-linux-x86_64-debian-gcc 1.53-2 117.58 538.07 655.65 OK --no-tests
r-devel-linux-x86_64-fedora-clang 1.53-2 1492.34 NOTE
r-devel-linux-x86_64-fedora-gcc 1.53-2 1476.55 NOTE
r-devel-windows-ix86+x86_64 1.53-2 248.00 595.00 843.00 NOTE --no-examples --no-tests --no-vignettes
r-patched-linux-x86_64 1.53-2 105.81 512.63 618.43 OK --no-tests
r-patched-solaris-x86 1.53-2 1836.30 NOTE
r-release-linux-x86_64 1.53-2 101.01 516.77 617.77 OK --no-tests
r-release-windows-ix86+x86_64 1.53-2 372.00 404.00 776.00 NOTE --no-examples --no-tests --no-vignettes
r-release-osx-x86_64 1.53-2 NOTE
r-oldrel-windows-ix86+x86_64 1.53-2 322.00 544.00 866.00 NOTE --no-examples --no-tests --no-vignettes
r-oldrel-osx-x86_64 1.53-2 NOTE

Check Details

Version: 1.53-2
Check: installed package size
Result: NOTE
     installed size is 17.0Mb
     sub-directories of 1Mb or more:
     R 4.9Mb
     doc 4.6Mb
     help 4.9Mb
     libs 1.7Mb
Flavors: r-devel-linux-x86_64-fedora-clang, r-devel-linux-x86_64-fedora-gcc, r-patched-solaris-x86, r-release-osx-x86_64, r-oldrel-osx-x86_64

Version: 1.53-2
Flags: --no-examples --no-tests --no-vignettes
Check: installed package size
Result: NOTE
     installed size is 16.5Mb
     sub-directories of 1Mb or more:
     R 4.9Mb
     doc 4.6Mb
     help 4.9Mb
     libs 1.2Mb
Flavors: r-devel-windows-ix86+x86_64, r-release-windows-ix86+x86_64, r-oldrel-windows-ix86+x86_64