CRAN Package Check Results for Package spatstat

Last updated on 2016-02-13 17:51:45.

Flavor Version Tinstall Tcheck Ttotal Status Flags
r-devel-linux-x86_64-debian-gcc 1.44-1 84.39 463.10 547.49 NOTE --no-tests
r-devel-linux-x86_64-fedora-clang 1.44-1 1185.79 NOTE
r-devel-linux-x86_64-fedora-gcc 1.44-1 1131.43 NOTE
r-devel-osx-x86_64-clang 1.44-1 1275.20 NOTE
r-devel-windows-ix86+x86_64 1.44-1 307.00 1406.00 1713.00 NOTE
r-patched-linux-x86_64 1.44-1 88.74 508.24 596.98 NOTE --no-tests
r-patched-solaris-sparc 1.44-1 7499.70 NOTE
r-patched-solaris-x86 1.44-1 1499.70 NOTE
r-release-linux-x86_64 1.44-1 88.68 496.38 585.06 NOTE --no-tests
r-release-osx-x86_64-mavericks 1.44-1 NOTE
r-release-windows-ix86+x86_64 1.44-1 319.00 1529.00 1848.00 NOTE
r-oldrel-windows-ix86+x86_64 1.41-1 362.00 1453.00 1815.00 NOTE

Check Details

Version: 1.44-1
Flags: --no-tests
Check: installed package size
Result: NOTE
     installed size is 19.7Mb
     sub-directories of 1Mb or more:
     R 3.5Mb
     data 3.4Mb
     doc 5.0Mb
     help 4.6Mb
     libs 2.1Mb
Flavors: r-devel-linux-x86_64-debian-gcc, r-patched-linux-x86_64, r-release-linux-x86_64

Version: 1.44-1
Check: installed package size
Result: NOTE
     installed size is 19.9Mb
     sub-directories of 1Mb or more:
     R 3.5Mb
     data 3.4Mb
     doc 5.0Mb
     help 4.6Mb
     libs 2.2Mb
Flavors: r-devel-linux-x86_64-fedora-clang, r-devel-linux-x86_64-fedora-gcc, r-devel-osx-x86_64-clang, r-devel-windows-ix86+x86_64, r-patched-solaris-sparc, r-patched-solaris-x86, r-release-osx-x86_64-mavericks, r-release-windows-ix86+x86_64

Version: 1.41-1
Check: installed package size
Result: NOTE
     installed size is 17.5Mb
     sub-directories of 1Mb or more:
     R 3.1Mb
     data 3.3Mb
     doc 4.7Mb
     help 4.3Mb
     libs 1.1Mb
Flavor: r-oldrel-windows-ix86+x86_64