CRAN Package Check Results for Package spatstat

Last updated on 2015-07-04 17:47:42.

Flavor Version Tinstall Tcheck Ttotal Status Flags
r-devel-linux-x86_64-debian-clang 1.42-2 72.10 478.06 550.16 NOTE --no-tests
r-devel-linux-x86_64-debian-gcc 1.42-2 77.16 468.03 545.18 NOTE --no-tests
r-devel-linux-x86_64-fedora-clang 1.42-2 1203.92 NOTE
r-devel-linux-x86_64-fedora-gcc 1.42-2 1161.96 NOTE
r-devel-osx-x86_64-clang 1.42-2 900.65 NOTE
r-devel-windows-ix86+x86_64 1.42-2 358.00 1053.00 1411.00 NOTE
r-patched-linux-x86_64 1.42-2 81.07 468.20 549.27 NOTE --no-tests
r-patched-solaris-sparc 1.42-2 6560.30 NOTE
r-patched-solaris-x86 1.42-2 1475.30 NOTE
r-release-linux-x86_64 1.42-2 80.99 498.84 579.83 NOTE --no-tests
r-release-osx-x86_64-mavericks 1.42-2 NOTE
r-release-windows-ix86+x86_64 1.42-2 306.00 1043.00 1349.00 NOTE
r-oldrel-windows-ix86+x86_64 1.41-1 362.00 1453.00 1815.00 NOTE

Check Details

Version: 1.42-2
Flags: --no-tests
Check: installed package size
Result: NOTE
     installed size is 18.6Mb
     sub-directories of 1Mb or more:
     R 3.3Mb
     data 3.3Mb
     doc 4.7Mb
     help 4.4Mb
     libs 1.8Mb
Flavors: r-devel-linux-x86_64-debian-clang, r-devel-linux-x86_64-debian-gcc, r-patched-linux-x86_64, r-release-linux-x86_64

Version: 1.42-2
Check: installed package size
Result: NOTE
     installed size is 18.6Mb
     sub-directories of 1Mb or more:
     R 3.3Mb
     data 3.3Mb
     doc 4.7Mb
     help 4.4Mb
     libs 1.8Mb
Flavors: r-devel-linux-x86_64-fedora-clang, r-devel-linux-x86_64-fedora-gcc, r-devel-osx-x86_64-clang, r-devel-windows-ix86+x86_64, r-patched-solaris-sparc, r-patched-solaris-x86, r-release-osx-x86_64-mavericks, r-release-windows-ix86+x86_64

Version: 1.42-2
Check: R code for possible problems
Result: NOTE
    mpl.engine: no visible binding for global variable 'mu'
    mppm: no visible binding for global variable 'mu'
    Undefined global functions or variables:
     mu
Flavor: r-devel-windows-ix86+x86_64

Version: 1.41-1
Check: installed package size
Result: NOTE
     installed size is 17.5Mb
     sub-directories of 1Mb or more:
     R 3.1Mb
     data 3.3Mb
     doc 4.7Mb
     help 4.3Mb
     libs 1.1Mb
Flavor: r-oldrel-windows-ix86+x86_64