CRAN Package Check Results for Package spatstat

Last updated on 2014-04-25 09:52:24.

Flavor Version Tinstall Tcheck Ttotal Status Flags
r-devel-linux-x86_64-debian-clang 1.36-0 66.62 408.73 475.35 NOTE --no-tests
r-devel-linux-x86_64-debian-gcc 1.36-0 75.40 406.16 481.56 NOTE --no-tests
r-devel-linux-x86_64-fedora-clang 1.36-0 1113.51 NOTE
r-devel-linux-x86_64-fedora-gcc 1.36-0 1066.89 NOTE
r-devel-osx-x86_64-clang 1.36-0 885.15 NOTE
r-devel-osx-x86_64-gcc 1.36-0 NOTE
r-devel-windows-ix86+x86_64 1.36-0 200.00 795.00 995.00 NOTE
r-patched-linux-x86_64 1.36-0 78.89 403.60 482.49 NOTE --no-tests
r-patched-solaris-sparc 1.36-0 5998.30 NOTE
r-patched-solaris-x86 1.36-0 1128.30 NOTE
r-release-linux-ix86 1.36-0 107.00 589.00 696.00 NOTE --no-tests
r-release-linux-x86_64 1.36-0 80.70 412.81 493.50 NOTE --no-tests
r-release-osx-x86_64-mavericks 1.36-0 WARN
r-release-osx-x86_64-snowleopard 1.36-0 NOTE
r-release-windows-ix86+x86_64 1.36-0 182.00 823.00 1005.00 NOTE
r-oldrel-windows-ix86+x86_64 1.36-0 178.00 853.00 1031.00 NOTE

Check Details

Version: 1.36-0
Flags: --no-tests
Check: installed package size
Result: NOTE
     installed size is 12.2Mb
     sub-directories of 1Mb or more:
     R 2.5Mb
     data 3.2Mb
     help 3.7Mb
     libs 1.2Mb
Flavors: r-devel-linux-x86_64-debian-clang, r-devel-linux-x86_64-debian-gcc, r-patched-linux-x86_64, r-release-linux-ix86, r-release-linux-x86_64

Version: 1.36-0
Check: installed package size
Result: NOTE
     installed size is 12.2Mb
     sub-directories of 1Mb or more:
     R 2.5Mb
     data 3.2Mb
     help 3.7Mb
     libs 1.2Mb
Flavors: r-devel-linux-x86_64-fedora-clang, r-devel-linux-x86_64-fedora-gcc, r-devel-osx-x86_64-clang, r-devel-osx-x86_64-gcc, r-devel-windows-ix86+x86_64, r-patched-solaris-sparc, r-patched-solaris-x86, r-release-osx-x86_64-mavericks, r-release-osx-x86_64-snowleopard, r-release-windows-ix86+x86_64, r-oldrel-windows-ix86+x86_64

Version: 1.36-0
Check: package dependencies
Result: NOTE
    Packages suggested but not available for checking:
     ‘maptools’ ‘RandomFields’
Flavor: r-devel-osx-x86_64-gcc

Version: 1.36-0
Check: Rd cross-references
Result: NOTE
    Package unavailable to check Rd xrefs: ‘RandomFields’
Flavor: r-devel-osx-x86_64-gcc

Version: 1.36-0
Check: package dependencies
Result: NOTE
    Packages suggested but not available for checking: ‘maptools’ ‘gsl’
Flavor: r-release-osx-x86_64-mavericks

Version: 1.36-0
Check: PDF version of manual
Result: WARNING
    LaTeX errors when creating PDF version.
    This typically indicates Rd problems.
    LaTeX errors found:
    ! LaTeX Error: File `upquote.sty' not found.
    
    Type X to quit or <RETURN> to proceed,
    or enter new name. (Default extension: sty)
    
    4bb933f/Rd2.tex:8: ==> Fatal error occurred, no output PDF file produced!
Flavor: r-release-osx-x86_64-mavericks