CRAN Package Check Results for Package spatstat

Last updated on 2016-07-24 06:47:11.

Flavor Version Tinstall Tcheck Ttotal Status Flags
r-devel-linux-x86_64-debian-clang 1.46-1 103.58 565.05 668.63 NOTE --no-tests
r-devel-linux-x86_64-debian-gcc 1.46-1 112.98 566.86 679.85 NOTE --no-tests
r-devel-linux-x86_64-fedora-clang 1.46-1 1330.36 NOTE
r-devel-linux-x86_64-fedora-gcc 1.46-1 1285.24 NOTE
r-devel-osx-x86_64-clang 1.46-1 889.14 NOTE
r-devel-windows-ix86+x86_64 1.46-1 226.00 1407.00 1633.00 NOTE
r-patched-linux-x86_64 1.46-1 105.79 551.65 657.44 NOTE --no-tests
r-patched-solaris-sparc 1.46-1 7708.50 NOTE
r-patched-solaris-x86 1.46-1 1596.90 NOTE
r-release-linux-x86_64 1.46-1 108.24 564.30 672.54 NOTE --no-tests
r-release-osx-x86_64-mavericks 1.46-1 NOTE
r-release-windows-ix86+x86_64 1.46-1 224.00 1353.00 1577.00 NOTE
r-oldrel-windows-ix86+x86_64 1.45-2 335.00 1754.00 2089.00 NOTE

Check Details

Version: 1.46-1
Flags: --no-tests
Check: installed package size
Result: NOTE
     installed size is 19.8Mb
     sub-directories of 1Mb or more:
     R 3.7Mb
     data 3.4Mb
     doc 5.0Mb
     help 4.9Mb
     libs 1.6Mb
Flavors: r-devel-linux-x86_64-debian-clang, r-devel-linux-x86_64-debian-gcc, r-patched-linux-x86_64, r-release-linux-x86_64

Version: 1.46-1
Check: installed package size
Result: NOTE
     installed size is 19.8Mb
     sub-directories of 1Mb or more:
     R 3.7Mb
     data 3.4Mb
     doc 5.0Mb
     help 4.8Mb
     libs 1.6Mb
Flavors: r-devel-linux-x86_64-fedora-clang, r-devel-linux-x86_64-fedora-gcc, r-devel-osx-x86_64-clang, r-devel-windows-ix86+x86_64, r-patched-solaris-sparc, r-patched-solaris-x86, r-release-osx-x86_64-mavericks, r-release-windows-ix86+x86_64

Version: 1.46-1
Check: dependencies in R code
Result: NOTE
    Invalid MIT-MAGIC-COOKIE-1 key
Flavor: r-release-osx-x86_64-mavericks

Version: 1.45-2
Check: installed package size
Result: NOTE
     installed size is 19.2Mb
     sub-directories of 1Mb or more:
     R 3.7Mb
     data 3.4Mb
     doc 5.0Mb
     help 4.8Mb
     libs 1.2Mb
Flavor: r-oldrel-windows-ix86+x86_64