CRAN Package Check Results for Package spatstat

Last updated on 2019-05-22 18:52:01 CEST.

Flavor Version Tinstall Tcheck Ttotal Status Flags
r-devel-linux-x86_64-debian-clang 1.59-0 140.42 881.70 1022.12 OK --no-tests
r-devel-linux-x86_64-debian-gcc 1.59-0 126.15 663.39 789.54 OK --no-tests
r-devel-linux-x86_64-fedora-clang 1.59-0 1806.36 NOTE
r-devel-linux-x86_64-fedora-gcc 1.59-0 1576.53 OK
r-devel-windows-ix86+x86_64 1.59-0 266.00 571.00 837.00 NOTE --no-examples --no-tests --no-vignettes
r-patched-linux-x86_64 1.59-0 148.13 875.11 1023.24 OK --no-tests
r-patched-solaris-x86 1.59-0 2621.80 NOTE
r-release-linux-x86_64 1.59-0 141.02 877.00 1018.02 OK --no-tests
r-release-windows-ix86+x86_64 1.59-0 362.00 433.00 795.00 NOTE --no-examples --no-tests --no-vignettes
r-release-osx-x86_64 1.59-0 FAIL
r-oldrel-windows-ix86+x86_64 1.59-0 265.00 409.00 674.00 NOTE --no-examples --no-tests --no-vignettes
r-oldrel-osx-x86_64 1.59-0 NOTE

Check Details

Version: 1.59-0
Check: installed package size
Result: NOTE
     installed size is 18.0Mb
     sub-directories of 1Mb or more:
     R 5.2Mb
     doc 4.9Mb
     help 5.1Mb
     libs 2.0Mb
Flavors: r-devel-linux-x86_64-fedora-clang, r-patched-solaris-x86, r-release-osx-x86_64, r-oldrel-osx-x86_64

Version: 1.59-0
Flags: --no-examples --no-tests --no-vignettes
Check: installed package size
Result: NOTE
     installed size is 17.3Mb
     sub-directories of 1Mb or more:
     R 5.1Mb
     doc 4.9Mb
     help 5.1Mb
     libs 1.2Mb
Flavors: r-devel-windows-ix86+x86_64, r-release-windows-ix86+x86_64, r-oldrel-windows-ix86+x86_64

Version: 1.59-0
Check: package dependencies
Result: NOTE
    Package suggested but not available for checking: ‘rpanel’
Flavors: r-release-osx-x86_64, r-oldrel-osx-x86_64

Version: 1.59-0
Check: dependencies in R code
Result: FAIL
    
Flavor: r-release-osx-x86_64