CRAN Package Check Results for Package spatstat

Last updated on 2016-05-04 07:48:22.

Flavor Version Tinstall Tcheck Ttotal Status Flags
r-devel-linux-x86_64-debian-gcc 1.45-0 85.62 486.47 572.09 NOTE --no-tests
r-devel-linux-x86_64-fedora-clang 1.45-0 1267.48 NOTE
r-devel-linux-x86_64-fedora-gcc 1.45-0 1166.15 NOTE
r-devel-osx-x86_64-clang 1.45-0 1364.60 NOTE
r-devel-windows-ix86+x86_64 1.45-0 238.00 1264.00 1502.00 NOTE
r-patched-linux-x86_64 1.45-0 91.50 481.55 573.05 NOTE --no-tests
r-patched-solaris-sparc 1.45-0 7722.90 NOTE
r-patched-solaris-x86 1.45-0 1518.90 NOTE
r-release-linux-x86_64 1.45-0 93.85 525.54 619.39 NOTE --no-tests
r-release-osx-x86_64-mavericks 1.45-0 NOTE
r-release-windows-ix86+x86_64 1.45-0 248.00 0.00 248.00 ERROR
r-oldrel-windows-ix86+x86_64 1.41-1 362.00 1453.00 1815.00 NOTE

Check Details

Version: 1.45-0
Flags: --no-tests
Check: installed package size
Result: NOTE
     installed size is 20.0Mb
     sub-directories of 1Mb or more:
     R 3.6Mb
     data 3.4Mb
     doc 5.0Mb
     help 4.7Mb
     libs 2.1Mb
Flavors: r-devel-linux-x86_64-debian-gcc, r-patched-linux-x86_64, r-release-linux-x86_64

Version: 1.45-0
Check: installed package size
Result: NOTE
     installed size is 19.5Mb
     sub-directories of 1Mb or more:
     R 3.7Mb
     data 3.4Mb
     doc 5.0Mb
     help 4.7Mb
     libs 1.6Mb
Flavors: r-devel-linux-x86_64-fedora-clang, r-devel-linux-x86_64-fedora-gcc, r-devel-osx-x86_64-clang, r-devel-windows-ix86+x86_64, r-patched-solaris-sparc, r-patched-solaris-x86, r-release-osx-x86_64-mavericks, r-release-windows-ix86+x86_64

Version: 1.45-0
Check: PDF version of manual
Result: ERROR
    Check process probably crashed or hung up for 20 minutes ... killed
    Most likely this happened in the example checks (?),
    if not, ignore the following last lines of example output:
    
    ======== End of example output (where/before crash/hang up occured ?) ========
Flavor: r-release-windows-ix86+x86_64

Version: 1.41-1
Check: installed package size
Result: NOTE
     installed size is 17.5Mb
     sub-directories of 1Mb or more:
     R 3.1Mb
     data 3.3Mb
     doc 4.7Mb
     help 4.3Mb
     libs 1.1Mb
Flavor: r-oldrel-windows-ix86+x86_64