CRAN Package Check Results for Package spatstat

Last updated on 2017-02-19 23:48:39.

Flavor Version Tinstall Tcheck Ttotal Status Flags
r-devel-linux-x86_64-debian-clang 1.49-0 99.47 520.23 619.70 OK --no-tests
r-devel-linux-x86_64-debian-gcc 1.49-0 99.14 527.27 626.41 OK --no-tests
r-devel-linux-x86_64-fedora-clang 1.49-0 1532.81 NOTE --no-stop-on-test-error
r-devel-linux-x86_64-fedora-gcc 1.49-0 1510.65 NOTE --no-stop-on-test-error
r-devel-macos-x86_64-clang 1.49-0 1179.61 NOTE --no-stop-on-test-error
r-devel-windows-ix86+x86_64 1.49-0 372.00 1532.00 1904.00 NOTE
r-patched-linux-x86_64 1.49-0 96.53 525.44 621.98 OK --no-tests
r-patched-solaris-sparc 1.49-0 8106.20 NOTE
r-patched-solaris-x86 1.49-0 1435.00 NOTE
r-release-linux-x86_64 1.49-0 95.23 530.35 625.58 OK --no-tests
r-release-osx-x86_64-mavericks 1.49-0 NOTE
r-release-windows-ix86+x86_64 1.49-0 216.00 1496.00 1712.00 NOTE
r-oldrel-windows-ix86+x86_64 1.45-2 335.00 1754.00 2089.00 NOTE

Check Details

Version: 1.49-0
Flags: --no-stop-on-test-error
Check: installed package size
Result: NOTE
     installed size is 20.9Mb
     sub-directories of 1Mb or more:
     R 4.9Mb
     data 3.4Mb
     doc 4.6Mb
     help 5.0Mb
     libs 1.7Mb
Flavors: r-devel-linux-x86_64-fedora-clang, r-devel-linux-x86_64-fedora-gcc, r-devel-macos-x86_64-clang

Version: 1.49-0
Check: installed package size
Result: NOTE
     installed size is 20.3Mb
     sub-directories of 1Mb or more:
     R 4.9Mb
     data 3.4Mb
     doc 4.6Mb
     help 5.0Mb
     libs 1.2Mb
Flavors: r-devel-windows-ix86+x86_64, r-patched-solaris-sparc, r-patched-solaris-x86, r-release-osx-x86_64-mavericks, r-release-windows-ix86+x86_64

Version: 1.49-0
Check: package dependencies
Result: NOTE
    Package suggested but not available for checking: ‘RandomFields’
Flavors: r-patched-solaris-sparc, r-patched-solaris-x86

Version: 1.49-0
Check: Rd cross-references
Result: NOTE
    Package unavailable to check Rd xrefs: ‘RandomFields’
Flavors: r-patched-solaris-sparc, r-patched-solaris-x86

Version: 1.45-2
Check: installed package size
Result: NOTE
     installed size is 19.2Mb
     sub-directories of 1Mb or more:
     R 3.7Mb
     data 3.4Mb
     doc 5.0Mb
     help 4.8Mb
     libs 1.2Mb
Flavor: r-oldrel-windows-ix86+x86_64