CRAN Package Check Results for Package spatstat

Last updated on 2017-06-23 23:51:13.

Flavor Version Tinstall Tcheck Ttotal Status Flags
r-devel-linux-x86_64-debian-clang 1.51-0 100.91 529.02 629.92 OK --no-tests
r-devel-linux-x86_64-debian-gcc 1.51-0 101.95 516.37 618.32 OK --no-tests
r-devel-linux-x86_64-fedora-clang 1.51-0 1501.63 NOTE
r-devel-linux-x86_64-fedora-gcc 1.51-0 1412.67 NOTE
r-devel-windows-ix86+x86_64 1.51-0 364.00 433.00 797.00 NOTE --no-examples --no-tests --no-vignettes
r-patched-linux-x86_64 1.51-0 103.06 523.90 626.96 OK --no-tests
r-patched-solaris-sparc 1.51-0 8382.90 NOTE
r-patched-solaris-x86 1.51-0 1840.50 NOTE
r-release-linux-x86_64 1.51-0 99.29 531.72 631.01 OK --no-tests
r-release-windows-ix86+x86_64 1.51-0 264.00 589.00 853.00 NOTE --no-examples --no-tests --no-vignettes
r-release-osx-x86_64 1.51-0 NOTE
r-oldrel-windows-ix86+x86_64 1.51-0 363.00 447.00 810.00 NOTE --no-examples --no-tests --no-vignettes
r-oldrel-osx-x86_64 1.51-0 NOTE

Check Details

Version: 1.51-0
Check: installed package size
Result: NOTE
     installed size is 20.8Mb
     sub-directories of 1Mb or more:
     R 4.8Mb
     data 3.4Mb
     doc 4.6Mb
     help 5.0Mb
     libs 1.7Mb
Flavors: r-devel-linux-x86_64-fedora-clang, r-devel-linux-x86_64-fedora-gcc, r-patched-solaris-sparc, r-patched-solaris-x86, r-release-osx-x86_64, r-oldrel-osx-x86_64

Version: 1.51-0
Flags: --no-examples --no-tests --no-vignettes
Check: installed package size
Result: NOTE
     installed size is 20.3Mb
     sub-directories of 1Mb or more:
     R 4.8Mb
     data 3.4Mb
     doc 4.6Mb
     help 5.1Mb
     libs 1.2Mb
Flavors: r-devel-windows-ix86+x86_64, r-release-windows-ix86+x86_64, r-oldrel-windows-ix86+x86_64