CRAN Package Check Results for Package spatstat

Last updated on 2020-05-26 06:48:19 CEST.

Flavor Version Tinstall Tcheck Ttotal Status Flags
r-devel-linux-x86_64-debian-clang 1.64-1 177.64 1027.63 1205.27 OK --no-tests
r-devel-linux-x86_64-debian-gcc 1.64-1 146.80 750.10 896.90 OK --no-tests
r-devel-linux-x86_64-fedora-clang 1.64-1 1924.89 NOTE
r-devel-linux-x86_64-fedora-gcc 1.64-1 1882.80 OK
r-devel-windows-ix86+x86_64 1.64-1 413.00 621.00 1034.00 NOTE --no-examples --no-tests --no-vignettes
r-patched-linux-x86_64 1.64-1 155.73 1019.94 1175.67 OK --no-tests
r-patched-solaris-x86 1.64-1 2616.80 NOTE
r-release-linux-x86_64 1.64-1 162.58 1013.35 1175.93 OK --no-tests
r-release-osx-x86_64 1.64-1 NOTE
r-release-windows-ix86+x86_64 1.64-1 298.00 639.00 937.00 NOTE --no-examples --no-tests --no-vignettes
r-oldrel-osx-x86_64 1.64-1 NOTE
r-oldrel-windows-ix86+x86_64 1.64-1 303.00 604.00 907.00 NOTE --no-examples --no-tests --no-vignettes

Check Details

Version: 1.64-1
Check: installed package size
Result: NOTE
     installed size is 19.9Mb
     sub-directories of 1Mb or more:
     R 5.3Mb
     doc 6.1Mb
     help 5.3Mb
     libs 2.2Mb
Flavors: r-devel-linux-x86_64-fedora-clang, r-patched-solaris-x86, r-release-osx-x86_64, r-oldrel-osx-x86_64

Version: 1.64-1
Flags: --no-examples --no-tests --no-vignettes
Check: installed package size
Result: NOTE
     installed size is 18.9Mb
     sub-directories of 1Mb or more:
     R 5.3Mb
     doc 6.0Mb
     help 5.3Mb
     libs 1.3Mb
Flavors: r-devel-windows-ix86+x86_64, r-release-windows-ix86+x86_64, r-oldrel-windows-ix86+x86_64

Version: 1.64-1
Check: dependencies in R code
Result: NOTE
    No protocol specified
    No protocol specified
Flavor: r-oldrel-osx-x86_64