CRAN Package Check Results for Package spatstat

Last updated on 2014-12-20 03:49:42.

Flavor Version Tinstall Tcheck Ttotal Status Flags
r-devel-linux-x86_64-debian-clang 1.39-1 67.48 424.44 491.92 NOTE --no-tests
r-devel-linux-x86_64-debian-gcc 1.39-1 72.08 422.30 494.37 NOTE --no-tests
r-devel-linux-x86_64-fedora-clang 1.39-1 1172.46 NOTE
r-devel-linux-x86_64-fedora-gcc 1.39-1 994.44 NOTE
r-devel-osx-x86_64-clang 1.39-1 1022.71 NOTE
r-devel-windows-ix86+x86_64 1.39-1 218.00 883.00 1101.00 NOTE
r-patched-linux-x86_64 1.39-1 81.78 446.82 528.60 NOTE --no-tests
r-patched-solaris-sparc 1.39-1 6241.60 NOTE
r-patched-solaris-x86 1.39-1 1466.80 NOTE
r-release-linux-ix86 1.39-1 90.06 509.34 599.40 NOTE --no-tests
r-release-linux-x86_64 1.39-1 81.27 462.56 543.83 NOTE --no-tests
r-release-osx-x86_64-mavericks 1.39-1 NOTE
r-release-osx-x86_64-snowleopard 1.39-1 NOTE
r-release-windows-ix86+x86_64 1.39-1 225.00 971.00 1196.00 NOTE
r-oldrel-windows-ix86+x86_64 1.38-1 201.00 957.00 1158.00 NOTE

Check Details

Version: 1.39-1
Flags: --no-tests
Check: installed package size
Result: NOTE
     installed size is 13.8Mb
     sub-directories of 1Mb or more:
     R 2.9Mb
     data 3.3Mb
     doc 1.0Mb
     help 4.1Mb
     libs 1.7Mb
Flavors: r-devel-linux-x86_64-debian-clang, r-devel-linux-x86_64-debian-gcc, r-patched-linux-x86_64, r-release-linux-ix86, r-release-linux-x86_64

Version: 1.39-1
Check: installed package size
Result: NOTE
     installed size is 13.8Mb
     sub-directories of 1Mb or more:
     R 2.9Mb
     data 3.3Mb
     doc 1.0Mb
     help 4.1Mb
     libs 1.7Mb
Flavors: r-devel-linux-x86_64-fedora-clang, r-devel-linux-x86_64-fedora-gcc, r-devel-osx-x86_64-clang, r-devel-windows-ix86+x86_64, r-patched-solaris-sparc, r-patched-solaris-x86, r-release-osx-x86_64-mavericks, r-release-osx-x86_64-snowleopard, r-release-windows-ix86+x86_64

Version: 1.39-1
Check: package dependencies
Result: NOTE
    Package suggested but not available for checking: ‘gsl’
Flavor: r-release-osx-x86_64-mavericks

Version: 1.38-1
Check: installed package size
Result: NOTE
     installed size is 12.7Mb
     sub-directories of 1Mb or more:
     R 2.8Mb
     data 3.3Mb
     doc 1.0Mb
     help 4.0Mb
     libs 1.0Mb
Flavor: r-oldrel-windows-ix86+x86_64