CRAN Package Check Results for Package spatstat

Last updated on 2014-07-24 22:48:44.

Flavor Version Tinstall Tcheck Ttotal Status Flags
r-devel-linux-x86_64-debian-clang 1.37-0 67.80 426.22 494.02 NOTE --no-tests
r-devel-linux-x86_64-debian-gcc 1.37-0 77.59 406.83 484.42 NOTE --no-tests
r-devel-linux-x86_64-fedora-clang 1.37-0 1172.55 NOTE
r-devel-linux-x86_64-fedora-gcc 1.37-0 1150.21 NOTE
r-devel-osx-x86_64-clang 1.37-0 942.24 NOTE
r-devel-windows-ix86+x86_64 1.37-0 210.00 877.00 1087.00 NOTE
r-patched-linux-x86_64 1.37-0 78.44 413.86 492.31 NOTE --no-tests
r-patched-solaris-sparc 1.37-0 5769.90 NOTE
r-patched-solaris-x86 1.37-0 1429.00 NOTE
r-release-linux-ix86 1.37-0 88.21 500.96 589.17 NOTE --no-tests
r-release-linux-x86_64 1.37-0 80.50 413.68 494.18 NOTE --no-tests
r-release-osx-x86_64-mavericks 1.37-0 NOTE
r-release-osx-x86_64-snowleopard 1.37-0 NOTE
r-release-windows-ix86+x86_64 1.37-0 193.00 848.00 1041.00 NOTE
r-oldrel-windows-ix86+x86_64 1.37-0 201.00 885.00 1086.00 NOTE

Check Details

Version: 1.37-0
Flags: --no-tests
Check: installed package size
Result: NOTE
     installed size is 12.6Mb
     sub-directories of 1Mb or more:
     R 2.7Mb
     data 3.3Mb
     help 3.8Mb
     libs 1.2Mb
Flavors: r-devel-linux-x86_64-debian-clang, r-devel-linux-x86_64-debian-gcc, r-patched-linux-x86_64, r-release-linux-ix86, r-release-linux-x86_64

Version: 1.37-0
Check: installed package size
Result: NOTE
     installed size is 12.6Mb
     sub-directories of 1Mb or more:
     R 2.7Mb
     data 3.3Mb
     help 3.8Mb
     libs 1.2Mb
Flavors: r-devel-linux-x86_64-fedora-clang, r-devel-linux-x86_64-fedora-gcc, r-devel-osx-x86_64-clang, r-devel-windows-ix86+x86_64, r-patched-solaris-sparc, r-patched-solaris-x86, r-release-osx-x86_64-mavericks, r-release-osx-x86_64-snowleopard, r-release-windows-ix86+x86_64, r-oldrel-windows-ix86+x86_64

Version: 1.37-0
Check: package dependencies
Result: NOTE
    Packages suggested but not available for checking: ‘maptools’ ‘gsl’
Flavor: r-release-osx-x86_64-mavericks