CRAN Package Check Results for Package spatstat

Last updated on 2017-04-26 23:53:27.

Flavor Version Tinstall Tcheck Ttotal Status Flags
r-devel-linux-x86_64-debian-clang 1.50-0 102.99 529.22 632.21 OK --no-tests
r-devel-linux-x86_64-debian-gcc 1.50-0 102.09 519.80 621.89 OK --no-tests
r-devel-linux-x86_64-fedora-clang 1.50-0 1580.42 NOTE --no-stop-on-test-error
r-devel-linux-x86_64-fedora-gcc 1.50-0 1503.93 NOTE --no-stop-on-test-error
r-devel-windows-ix86+x86_64 1.50-0 354.00 464.00 818.00 NOTE --no-examples --no-tests --no-vignettes
r-patched-linux-x86_64 1.50-0 95.59 526.32 621.90 OK --no-tests
r-patched-solaris-sparc 1.50-0 8320.30 NOTE
r-patched-solaris-x86 1.50-0 1869.50 NOTE
r-release-linux-x86_64 1.50-0 96.01 515.55 611.56 OK --no-tests
r-release-windows-ix86+x86_64 1.50-0 257.00 410.00 667.00 NOTE --no-examples --no-tests --no-vignettes
r-release-osx-x86_64 1.50-0 ERROR
r-oldrel-windows-ix86+x86_64 1.50-0 250.00 565.00 815.00 NOTE --no-examples --no-tests --no-vignettes
r-oldrel-osx-x86_64 1.50-0 NOTE

Check Details

Version: 1.50-0
Flags: --no-stop-on-test-error
Check: installed package size
Result: NOTE
     installed size is 20.7Mb
     sub-directories of 1Mb or more:
     R 4.7Mb
     data 3.4Mb
     doc 4.6Mb
     help 5.0Mb
     libs 1.7Mb
Flavors: r-devel-linux-x86_64-fedora-clang, r-devel-linux-x86_64-fedora-gcc

Version: 1.50-0
Flags: --no-examples --no-tests --no-vignettes
Check: installed package size
Result: NOTE
     installed size is 20.2Mb
     sub-directories of 1Mb or more:
     R 4.7Mb
     data 3.4Mb
     doc 4.6Mb
     help 5.0Mb
     libs 1.2Mb
Flavors: r-devel-windows-ix86+x86_64, r-release-windows-ix86+x86_64, r-oldrel-windows-ix86+x86_64

Version: 1.50-0
Check: package dependencies
Result: NOTE
    Package suggested but not available for checking: ‘RandomFields’
Flavors: r-patched-solaris-sparc, r-patched-solaris-x86

Version: 1.50-0
Check: installed package size
Result: NOTE
     installed size is 20.5Mb
     sub-directories of 1Mb or more:
     R 4.9Mb
     data 3.5Mb
     doc 4.8Mb
     help 5.1Mb
Flavors: r-patched-solaris-sparc, r-patched-solaris-x86, r-release-osx-x86_64, r-oldrel-osx-x86_64

Version: 1.50-0
Check: Rd cross-references
Result: NOTE
    Package unavailable to check Rd xrefs: ‘RandomFields’
Flavors: r-patched-solaris-sparc, r-patched-solaris-x86

Version: 1.50-0
Check: package dependencies
Result: NOTE
    Packages suggested but not available for checking: ‘gsl’ ‘fftwtools’
Flavor: r-release-osx-x86_64

Version: 1.50-0
Check: tests
Result: ERROR
     Running ‘testsAtoF.R’ [27s/49s]
     Running ‘testsGtoK.R’ [141s/223s]
     Running ‘testsLtoM.R’ [72s/112s]
    Running the tests in ‘tests/testsLtoM.R’ failed.
    Last 13 lines of output:
     + chks(dfbS$density, dfbSp$density, "dfbetas$density")
     +
     + # case of zero cif
     + pmiH <- ppmInfluence(fitH, sparseOK=TRUE)
     + pmiHx <- ppmInfluence(fitHx, sparseOK=TRUE)
     + })
     Large quadrature scheme split into blocks to avoid memory size limits; 1028 dummy points split into 3 blocks, the first 2 blocks containing 343 dummy points and the last block containing 342 dummy points
     Large quadrature scheme split into blocks to avoid memory size limits; 1028 dummy points split into 3 blocks, the first 2 blocks containing 343 dummy points and the last block containing 342 dummy points
     Large quadrature scheme split into blocks to avoid memory size limits; 1028 dummy points split into 3 blocks, the first 2 blocks containing 343 dummy points and the last block containing 342 dummy points
     Large quadrature scheme split into blocks to avoid memory size limits; 1028 dummy points split into 2 blocks, each containing 514 dummy points
     Large quadrature scheme split into blocks to avoid memory size limits; 1028 dummy points split into 2 blocks, each containing 514 dummy points
     Large quadrature scheme split into blocks to avoid memory size limits; 1028 dummy points split into 2 blocks, each containing 514 dummy points
     Large quadrature scheme split into blocks to avoid memory size limits; 1028 dummy points split into 3 blocks, the first 2 blocks containing 343 dummy points and the last block containing 342 dummy points
    
     Execution halted
Flavor: r-release-osx-x86_64