CRAN Package Check Results for Package spatstat

Last updated on 2018-05-20 16:50:15 CEST.

Flavor Version Tinstall Tcheck Ttotal Status Flags
r-devel-linux-x86_64-debian-clang 1.55-1 132.30 832.45 964.75 OK --no-tests
r-devel-linux-x86_64-debian-gcc 1.55-1 142.80 636.29 779.09 OK --no-tests
r-devel-linux-x86_64-fedora-clang 1.55-1 1541.33 NOTE
r-devel-linux-x86_64-fedora-gcc 1.55-1 1507.06 NOTE
r-devel-windows-ix86+x86_64 1.55-1 355.00 527.00 882.00 NOTE --no-examples --no-tests --no-vignettes
r-patched-linux-x86_64 1.55-1 159.98 829.90 989.88 OK --no-tests
r-patched-solaris-x86 1.55-1 2135.40 NOTE
r-release-linux-x86_64 1.55-1 161.24 810.62 971.86 OK --no-tests
r-release-windows-ix86+x86_64 1.55-1 263.00 412.00 675.00 NOTE --no-examples --no-tests --no-vignettes
r-release-osx-x86_64 1.55-1 FAIL
r-oldrel-windows-ix86+x86_64 1.55-1 265.00 541.00 806.00 NOTE --no-examples --no-tests --no-vignettes
r-oldrel-osx-x86_64 1.55-1 NOTE

Check Details

Version: 1.55-1
Check: installed package size
Result: NOTE
     installed size is 17.4Mb
     sub-directories of 1Mb or more:
     R 5.0Mb
     doc 4.7Mb
     help 5.0Mb
     libs 1.8Mb
Flavors: r-devel-linux-x86_64-fedora-clang, r-devel-linux-x86_64-fedora-gcc, r-patched-solaris-x86, r-release-osx-x86_64, r-oldrel-osx-x86_64

Version: 1.55-1
Flags: --no-examples --no-tests --no-vignettes
Check: installed package size
Result: NOTE
     installed size is 16.8Mb
     sub-directories of 1Mb or more:
     R 5.0Mb
     doc 4.7Mb
     help 5.0Mb
     libs 1.2Mb
Flavors: r-devel-windows-ix86+x86_64, r-release-windows-ix86+x86_64, r-oldrel-windows-ix86+x86_64

Version: 1.55-1
Check: package dependencies
Result: NOTE
    Package suggested but not available for checking: ‘rpanel’
Flavor: r-release-osx-x86_64

Version: 1.55-1
Check: tests
Result: ERROR
     Running ‘testsAtoF.R’ [37s/60s]
     Running ‘testsGtoK.R’ [120s/187s]
     Running ‘testsLtoM.R’ [165s/261s]
     Running ‘testsNtoP.R’ [28s/44s]
    Running the tests in ‘tests/testsNtoP.R’ failed.
    Last 13 lines of output:
     +
     + ## (6) suffstat.R
     + fitP <- update(fit, Poisson())
     + suffstat.poisson(fitP, cells)
     + fit0 <- killinteraction(fit)
     + suffstat.poisson(fit0, cells)
     +
     + spatstat.options(op)
     + })
     (computing rbord)
     comparing 4 models...
     1, 2, 3, 4.
     fitting optimal model...
    
     Execution halted
Flavor: r-release-osx-x86_64

Version: 1.55-1
Check: for unstated dependencies in vignettes
Result: FAIL
    
Flavor: r-release-osx-x86_64