CRAN Package Check Results for Package spatstat

Last updated on 2019-10-19 03:49:22 CEST.

Flavor Version Tinstall Tcheck Ttotal Status Flags
r-devel-linux-x86_64-debian-clang 1.61-0 158.66 879.82 1038.48 OK --no-tests
r-devel-linux-x86_64-debian-gcc 1.61-0 124.29 664.20 788.49 OK --no-tests
r-devel-linux-x86_64-fedora-clang 1.61-0 1989.35 NOTE
r-devel-linux-x86_64-fedora-gcc 1.61-0 1851.19 OK
r-devel-windows-ix86+x86_64 1.61-0 380.00 417.00 797.00 NOTE --no-examples --no-tests --no-vignettes
r-patched-linux-x86_64 1.61-0 138.57 868.73 1007.30 OK --no-tests
r-patched-solaris-x86 1.61-0 2438.50 NOTE
r-release-linux-x86_64 1.61-0 145.69 876.47 1022.16 OK --no-tests
r-release-windows-ix86+x86_64 1.61-0 269.00 587.00 856.00 NOTE --no-examples --no-tests --no-vignettes
r-release-osx-x86_64 1.61-0 NOTE
r-oldrel-windows-ix86+x86_64 1.61-0 263.00 405.00 668.00 NOTE --no-examples --no-tests --no-vignettes
r-oldrel-osx-x86_64 1.61-0 NOTE

Check Details

Version: 1.61-0
Check: installed package size
Result: NOTE
     installed size is 18.3Mb
     sub-directories of 1Mb or more:
     R 5.2Mb
     doc 4.9Mb
     help 5.2Mb
     libs 2.1Mb
Flavors: r-devel-linux-x86_64-fedora-clang, r-patched-solaris-x86, r-release-osx-x86_64, r-oldrel-osx-x86_64

Version: 1.61-0
Flags: --no-examples --no-tests --no-vignettes
Check: installed package size
Result: NOTE
     installed size is 17.4Mb
     sub-directories of 1Mb or more:
     R 5.2Mb
     doc 4.9Mb
     help 5.2Mb
     libs 1.2Mb
Flavors: r-devel-windows-ix86+x86_64, r-release-windows-ix86+x86_64, r-oldrel-windows-ix86+x86_64

Version: 1.61-0
Check: package dependencies
Result: NOTE
    Package suggested but not available for checking: ‘rpanel’
Flavors: r-release-osx-x86_64, r-oldrel-osx-x86_64

Version: 1.61-0
Check: dependencies in R code
Result: NOTE
    No protocol specified
    No protocol specified
Flavors: r-release-osx-x86_64, r-oldrel-osx-x86_64