CRAN Package Check Results for Package spatstat.local

Last updated on 2022-05-29 03:52:21 CEST.

Flavor Version Tinstall Tcheck Ttotal Status Flags
r-devel-linux-x86_64-debian-clang 4.1-5 12.40 182.16 194.56 NOTE
r-devel-linux-x86_64-debian-gcc 4.1-5 10.42 135.52 145.94 NOTE
r-devel-linux-x86_64-fedora-clang 4.1-5 231.45 NOTE
r-devel-linux-x86_64-fedora-gcc 4.1-5 214.90 NOTE
r-devel-windows-x86_64 4.1-5 115.00 208.00 323.00 NOTE
r-patched-linux-x86_64 4.1-5 15.33 179.22 194.55 NOTE
r-release-linux-x86_64 4.1-5 10.82 172.78 183.60 NOTE
r-release-macos-arm64 4.1-5 70.00 NOTE
r-release-macos-x86_64 4.1-5 120.00 NOTE
r-release-windows-x86_64 4.1-5 107.00 210.00 317.00 NOTE
r-oldrel-macos-arm64 4.1-5 62.00 NOTE
r-oldrel-macos-x86_64 4.1-5 90.00 NOTE
r-oldrel-windows-ix86+x86_64 4.1-5 28.00 205.00 233.00 NOTE

Check Details

Version: 4.1-5
Check: package dependencies
Result: NOTE
    Depends: includes the non-default packages:
     'spatstat.data', 'spatstat.sparse', 'spatstat.geom',
     'spatstat.random', 'spatstat.core', 'spatstat'
    Adding so many packages to the search path is excessive and importing
    selectively is preferable.
Flavors: r-devel-linux-x86_64-debian-clang, r-devel-linux-x86_64-debian-gcc, r-devel-linux-x86_64-fedora-clang, r-devel-linux-x86_64-fedora-gcc, r-devel-windows-x86_64, r-patched-linux-x86_64, r-release-linux-x86_64, r-release-macos-arm64, r-release-macos-x86_64, r-release-windows-x86_64, r-oldrel-macos-arm64, r-oldrel-macos-x86_64, r-oldrel-windows-ix86+x86_64