Last updated on 2023-09-30 22:59:20 CEST.
Flavor | Version | Tinstall | Tcheck | Ttotal | Status | Flags |
---|---|---|---|---|---|---|
r-devel-linux-x86_64-debian-clang | 3.2-6 | 43.15 | 556.58 | 599.73 | NOTE | |
r-devel-linux-x86_64-debian-gcc | 3.2-6 | 40.40 | 406.52 | 446.92 | NOTE | |
r-devel-linux-x86_64-fedora-clang | 3.2-6 | 754.84 | NOTE | |||
r-devel-linux-x86_64-fedora-gcc | 3.2-6 | 752.81 | NOTE | |||
r-devel-windows-x86_64 | 3.2-6 | 49.00 | 525.00 | 574.00 | NOTE | |
r-patched-linux-x86_64 | 3.2-6 | 63.05 | 528.18 | 591.23 | NOTE | |
r-release-linux-x86_64 | 3.2-6 | 39.27 | 551.24 | 590.51 | NOTE | |
r-release-macos-arm64 | 3.2-6 | 253.00 | NOTE | |||
r-release-macos-x86_64 | 3.2-6 | 436.00 | NOTE | |||
r-release-windows-x86_64 | 3.2-6 | 63.00 | 652.00 | 715.00 | NOTE | |
r-oldrel-macos-arm64 | 3.2-6 | 208.00 | NOTE | |||
r-oldrel-macos-x86_64 | 3.2-6 | 263.00 | NOTE | |||
r-oldrel-windows-x86_64 | 3.2-6 | 61.00 | 624.00 | 685.00 | NOTE |
Version: 3.2-6
Check: package dependencies
Result: NOTE
Packages suggested but not available for checking:
'RandomFields', 'RandomFieldsUtils'
Depends: includes the non-default packages:
'spatstat.data', 'spatstat.geom', 'spatstat.random',
'spatstat.explore', 'nlme', 'rpart'
Adding so many packages to the search path is excessive and importing
selectively is preferable.
Flavors: r-devel-linux-x86_64-debian-clang, r-devel-linux-x86_64-debian-gcc, r-devel-linux-x86_64-fedora-clang, r-devel-linux-x86_64-fedora-gcc, r-devel-windows-x86_64, r-patched-linux-x86_64, r-release-linux-x86_64, r-release-macos-arm64, r-release-macos-x86_64, r-release-windows-x86_64, r-oldrel-windows-x86_64
Version: 3.2-6
Check: Rd cross-references
Result: NOTE
Package unavailable to check Rd xrefs: ‘RandomFields’
Flavors: r-devel-linux-x86_64-debian-clang, r-devel-linux-x86_64-debian-gcc, r-devel-linux-x86_64-fedora-clang, r-devel-linux-x86_64-fedora-gcc, r-devel-windows-x86_64, r-patched-linux-x86_64, r-release-linux-x86_64, r-release-macos-arm64, r-release-macos-x86_64, r-release-windows-x86_64, r-oldrel-windows-x86_64
Version: 3.2-6
Check: package dependencies
Result: NOTE
Depends: includes the non-default packages:
'spatstat.data', 'spatstat.geom', 'spatstat.random',
'spatstat.explore', 'nlme', 'rpart'
Adding so many packages to the search path is excessive and importing
selectively is preferable.
Flavors: r-oldrel-macos-arm64, r-oldrel-macos-x86_64