Last updated on 2023-06-10 09:57:28 CEST.
Flavor | Version | Tinstall | Tcheck | Ttotal | Status | Flags |
---|---|---|---|---|---|---|
r-devel-linux-x86_64-debian-clang | 3.1-5 | 39.64 | 185.99 | 225.63 | NOTE | |
r-devel-linux-x86_64-debian-gcc | 3.1-5 | 33.21 | 139.77 | 172.98 | NOTE | |
r-devel-linux-x86_64-fedora-clang | 3.1-5 | 290.60 | NOTE | |||
r-devel-linux-x86_64-fedora-gcc | 3.1-5 | 277.66 | NOTE | |||
r-devel-windows-x86_64 | 3.1-5 | 44.00 | 190.00 | 234.00 | NOTE | |
r-patched-linux-x86_64 | 3.1-5 | 49.02 | 177.61 | 226.63 | NOTE | |
r-release-linux-x86_64 | 3.1-5 | 40.97 | 177.29 | 218.26 | NOTE | |
r-release-macos-arm64 | 3.1-5 | 80.00 | NOTE | |||
r-release-macos-x86_64 | 3.1-4 | 140.00 | NOTE | |||
r-release-windows-x86_64 | 3.1-5 | 55.00 | 223.00 | 278.00 | OK | |
r-oldrel-macos-arm64 | 3.1-5 | 79.00 | OK | |||
r-oldrel-macos-x86_64 | 3.1-5 | 113.00 | OK | |||
r-oldrel-windows-x86_64 | 3.1-5 | 52.00 | 202.00 | 254.00 | OK |
Version: 3.1-5
Check: package dependencies
Result: NOTE
Packages suggested but not available for checking:
'RandomFields', 'RandomFieldsUtils'
Flavors: r-devel-linux-x86_64-debian-clang, r-devel-linux-x86_64-debian-gcc, r-devel-linux-x86_64-fedora-clang, r-devel-linux-x86_64-fedora-gcc, r-devel-windows-x86_64, r-patched-linux-x86_64, r-release-linux-x86_64, r-release-macos-arm64
Version: 3.1-5
Check: Rd cross-references
Result: NOTE
Package unavailable to check Rd xrefs: ‘RandomFields’
Flavors: r-devel-linux-x86_64-debian-clang, r-devel-linux-x86_64-debian-gcc, r-devel-linux-x86_64-fedora-clang, r-devel-linux-x86_64-fedora-gcc, r-devel-windows-x86_64, r-patched-linux-x86_64, r-release-linux-x86_64, r-release-macos-arm64
Version: 3.1-4
Check: package dependencies
Result: NOTE
Packages suggested but not available for checking:
'RandomFields', 'RandomFieldsUtils', 'spatstat.linnet',
'spatstat.explore', 'spatstat.model', 'spatstat', 'gsl'
Flavor: r-release-macos-x86_64
Version: 3.1-4
Check: Rd cross-references
Result: NOTE
Packages unavailable to check Rd xrefs: ‘spatstat.model’, ‘spatstat.linnet’, ‘spatstat.explore’, ‘RandomFields’
Flavor: r-release-macos-x86_64