CRAN Package Check Results for Package spatsurv

Last updated on 2014-12-18 11:50:17.

Flavor Version Tinstall Tcheck Ttotal Status Flags
r-devel-linux-x86_64-debian-clang 0.9-8 6.66 93.00 99.66 OK
r-devel-linux-x86_64-debian-gcc 0.9-8 6.31 91.22 97.53 OK
r-devel-linux-x86_64-fedora-clang 0.9-8 230.65 OK
r-devel-linux-x86_64-fedora-gcc 0.9-8 213.73 OK
r-devel-osx-x86_64-clang 0.9-8 192.90 OK
r-devel-windows-ix86+x86_64 0.9-8 28.00 140.00 168.00 NOTE
r-patched-linux-x86_64 0.9-8 6.68 93.74 100.42 OK
r-patched-solaris-sparc 0.9-8 1166.20 OK
r-patched-solaris-x86 0.9-8 295.20 OK
r-release-linux-ix86 0.9-8 7.92 110.88 118.80 OK
r-release-linux-x86_64 0.9-8 7.53 95.25 102.78 OK
r-release-osx-x86_64-mavericks 0.9-8 NOTE
r-release-osx-x86_64-snowleopard 0.9-8 OK
r-release-windows-ix86+x86_64 0.9-8 23.00 179.00 202.00 OK
r-oldrel-windows-ix86+x86_64 0.9-8 24.00 134.00 158.00 OK

Check Details

Version: 0.9-8
Check: package dependencies
Result: NOTE
    Package suggested but not available for checking: 'gpclib'
Flavor: r-devel-windows-ix86+x86_64

Version: 0.9-8
Check: package dependencies
Result: NOTE
    Package suggested but not available for checking: ‘rgdal’
Flavor: r-release-osx-x86_64-mavericks