CRAN Package Check Results for Package spatsurv

Last updated on 2015-07-05 22:47:47.

Flavor Version Tinstall Tcheck Ttotal Status Flags
r-devel-linux-x86_64-debian-clang 0.9-9 7.16 104.32 111.48 NOTE
r-devel-linux-x86_64-debian-gcc 0.9-9 8.35 103.17 111.52 NOTE
r-devel-linux-x86_64-fedora-clang 0.9-9 234.76 NOTE
r-devel-linux-x86_64-fedora-gcc 0.9-9 223.71 NOTE
r-devel-osx-x86_64-clang 0.9-9 170.42 OK
r-devel-windows-ix86+x86_64 0.9-9 27.00 158.00 185.00 NOTE
r-patched-linux-x86_64 0.9-9 7.16 103.04 110.19 OK
r-patched-solaris-sparc 0.9-9 1283.30 OK
r-patched-solaris-x86 0.9-9 313.30 OK
r-release-linux-x86_64 0.9-9 8.69 104.26 112.95 OK
r-release-osx-x86_64-mavericks 0.9-9 OK
r-release-windows-ix86+x86_64 0.9-9 27.00 153.00 180.00 NOTE
r-oldrel-windows-ix86+x86_64 0.9-9 39.00 214.00 253.00 OK

Check Details

Version: 0.9-9
Check: R code for possible problems
Result: NOTE
    CSplot: no visible global function definition for ‘residuals’
    CSplot: no visible global function definition for ‘abline’
    allocate: no visible global function definition for ‘as’
    getGrid: no visible global function definition for ‘as’
    grid2spdf: no visible global function definition for ‘as’
    predict.mcmcspatsurv: no visible global function definition for
     ‘txtProgressBar’
    predict.mcmcspatsurv: no visible global function definition for
     ‘setTxtProgressBar’
    setupPrecMatStruct: no visible global function definition for
     ‘txtProgressBar’
    setupPrecMatStruct: no visible global function definition for
     ‘setTxtProgressBar’
    spatsurvVignette: no visible global function definition for ‘browseURL’
    txtProgressBar2 : up1: no visible global function definition for
     ‘flush.console’
    txtProgressBar2 : up2: no visible global function definition for
     ‘flush.console’
    txtProgressBar2 : up3: no visible global function definition for
     ‘flush.console’
    txtProgressBar2 : kill: no visible global function definition for
     ‘flush.console’
    vcov.mcmcspatsurv: no visible global function definition for ‘cov’
    Undefined global functions or variables:
     abline as browseURL cov flush.console residuals setTxtProgressBar
     txtProgressBar
Flavors: r-devel-linux-x86_64-debian-clang, r-devel-linux-x86_64-debian-gcc, r-devel-linux-x86_64-fedora-clang, r-devel-linux-x86_64-fedora-gcc, r-devel-windows-ix86+x86_64

Version: 0.9-9
Check: package dependencies
Result: NOTE
    Package suggested but not available for checking: 'gpclib'
Flavors: r-devel-windows-ix86+x86_64, r-release-windows-ix86+x86_64