CRAN Package Check Results for Package spatsurv

Last updated on 2015-08-04 19:50:50.

Flavor Version Tinstall Tcheck Ttotal Status Flags
r-devel-linux-x86_64-debian-clang 0.9-10 8.14 115.80 123.95 OK
r-devel-linux-x86_64-debian-gcc 0.9-10 8.16 113.22 121.38 OK
r-devel-linux-x86_64-fedora-clang 0.9-10 258.82 OK
r-devel-linux-x86_64-fedora-gcc 0.9-10 242.31 OK
r-devel-osx-x86_64-clang 0.9-10 204.89 OK
r-devel-windows-ix86+x86_64 0.9-10 33.00 186.00 219.00 NOTE
r-patched-linux-x86_64 0.9-10 8.21 109.01 117.22 OK
r-patched-solaris-sparc 0.9-10 1592.40 OK
r-patched-solaris-x86 0.9-10 352.90 OK
r-release-linux-x86_64 0.9-10 9.08 113.96 123.03 OK
r-release-osx-x86_64-mavericks 0.9-10 OK
r-release-windows-ix86+x86_64 0.9-10 29.00 191.00 220.00 NOTE
r-oldrel-windows-ix86+x86_64 0.9-10 37.00 248.00 285.00 OK

Check Details

Version: 0.9-10
Check: package dependencies
Result: NOTE
    Package suggested but not available for checking: 'gpclib'
Flavors: r-devel-windows-ix86+x86_64, r-release-windows-ix86+x86_64