CRAN Package Check Results for Package spatsurv

Last updated on 2015-01-27 23:51:23.

Flavor Version Tinstall Tcheck Ttotal Status Flags
r-devel-linux-x86_64-debian-clang 0.9-8 8.22 80.35 88.57 OK
r-devel-linux-x86_64-debian-gcc 0.9-8 5.47 74.10 79.56 OK
r-devel-linux-x86_64-fedora-clang 0.9-8 213.02 OK
r-devel-linux-x86_64-fedora-gcc 0.9-8 203.19 OK
r-devel-osx-x86_64-clang 0.9-8 171.07 OK
r-devel-windows-ix86+x86_64 0.9-8 20.00 114.00 134.00 NOTE
r-patched-linux-x86_64 0.9-8 6.55 88.96 95.52 OK
r-patched-solaris-sparc 0.9-8 1237.70 OK
r-patched-solaris-x86 0.9-8 268.90 OK
r-release-linux-ix86 0.9-8 7.28 99.98 107.26 OK
r-release-linux-x86_64 0.9-8 6.31 90.79 97.10 OK
r-release-osx-x86_64-mavericks 0.9-8 NOTE
r-release-osx-x86_64-snowleopard 0.9-8 OK
r-release-windows-ix86+x86_64 0.9-8 17.00 128.00 145.00 OK
r-oldrel-windows-ix86+x86_64 0.9-8 21.00 116.00 137.00 OK

Check Details

Version: 0.9-8
Check: package dependencies
Result: NOTE
    Package suggested but not available for checking: 'gpclib'
Flavor: r-devel-windows-ix86+x86_64

Version: 0.9-8
Check: package dependencies
Result: NOTE
    Package suggested but not available for checking: ‘rgdal’
Flavor: r-release-osx-x86_64-mavericks