CRAN Package Check Results for Package spatsurv

Last updated on 2017-01-21 13:49:13.

Flavor Version Tinstall Tcheck Ttotal Status Flags
r-devel-linux-x86_64-debian-clang 0.9-14 8.96 153.06 162.02 OK
r-devel-linux-x86_64-debian-gcc 0.9-14 9.27 157.55 166.82 OK
r-devel-linux-x86_64-fedora-clang 0.9-14 325.15 OK --no-stop-on-test-error
r-devel-linux-x86_64-fedora-gcc 0.9-14 307.42 OK --no-stop-on-test-error
r-devel-macos-x86_64-clang 0.9-14 237.34 OK --no-stop-on-test-error
r-devel-windows-ix86+x86_64 0.9-14 34.00 319.00 353.00 OK
r-patched-linux-x86_64 0.9-14 9.07 143.37 152.44 OK
r-patched-solaris-sparc 0.9-14 16.40 ERROR
r-patched-solaris-x86 0.9-14 3.20 ERROR
r-release-linux-x86_64 0.9-14 9.27 145.06 154.34 OK
r-release-osx-x86_64-mavericks 0.9-14 OK
r-release-windows-ix86+x86_64 0.9-14 35.00 328.00 363.00 OK
r-oldrel-windows-ix86+x86_64 0.9-14 44.00 328.00 372.00 NOTE

Check Details

Version: 0.9-14
Check: package dependencies
Result: ERROR
    Package required but not available: ‘RandomFields’
    
    See section ‘The DESCRIPTION file’ in the ‘Writing R Extensions’
    manual.
Flavors: r-patched-solaris-sparc, r-patched-solaris-x86

Version: 0.9-14
Check: package dependencies
Result: NOTE
    Package suggested but not available for checking: 'gpclib'
Flavor: r-oldrel-windows-ix86+x86_64