CRAN Package Check Results for Package spatsurv

Last updated on 2017-02-24 23:52:56.

Flavor Version Tinstall Tcheck Ttotal Status Flags
r-devel-linux-x86_64-debian-clang 0.9-14 9.11 156.64 165.75 OK
r-devel-linux-x86_64-debian-gcc 0.9-14 9.59 157.68 167.26 OK
r-devel-linux-x86_64-fedora-clang 0.9-14 328.82 OK --no-stop-on-test-error
r-devel-linux-x86_64-fedora-gcc 0.9-14 354.61 OK --no-stop-on-test-error
r-devel-macos-x86_64-clang 0.9-14 239.76 OK --no-stop-on-test-error
r-devel-windows-ix86+x86_64 0.9-14 54.00 327.00 381.00 OK
r-patched-linux-x86_64 0.9-14 9.23 152.29 161.52 OK
r-patched-solaris-sparc 0.9-14 16.40 ERROR
r-patched-solaris-x86 0.9-14 3.30 ERROR
r-release-linux-x86_64 0.9-14 8.77 151.96 160.73 OK
r-release-osx-x86_64-mavericks 0.9-14 OK
r-release-windows-ix86+x86_64 0.9-14 38.00 223.00 261.00 OK
r-oldrel-windows-ix86+x86_64 0.9-14 39.00 339.00 378.00 NOTE

Check Details

Version: 0.9-14
Check: package dependencies
Result: ERROR
    Package required but not available: ‘RandomFields’
    
    See section ‘The DESCRIPTION file’ in the ‘Writing R Extensions’
    manual.
Flavors: r-patched-solaris-sparc, r-patched-solaris-x86

Version: 0.9-14
Check: package dependencies
Result: NOTE
    Package suggested but not available for checking: 'gpclib'
Flavor: r-oldrel-windows-ix86+x86_64