CRAN Package Check Results for Package spatsurv

Last updated on 2016-08-30 08:49:10.

Flavor Version Tinstall Tcheck Ttotal Status Flags
r-devel-linux-x86_64-debian-clang 0.9-12 9.35 142.60 151.95 OK
r-devel-linux-x86_64-debian-gcc 0.9-12 9.17 139.70 148.87 OK
r-devel-linux-x86_64-fedora-clang 0.9-12 298.21 OK
r-devel-linux-x86_64-fedora-gcc 0.9-12 281.62 OK
r-devel-osx-x86_64-clang 0.9-12 224.82 OK
r-devel-windows-ix86+x86_64 0.9-12 36.00 196.00 232.00 OK
r-patched-linux-x86_64 0.9-12 8.84 135.72 144.57 OK
r-patched-solaris-sparc 0.9-12 1648.80 OK
r-patched-solaris-x86 0.9-12 382.40 OK
r-release-linux-x86_64 0.9-12 9.59 134.94 144.54 OK
r-release-osx-x86_64-mavericks 0.9-12 WARN
r-release-windows-ix86+x86_64 0.9-12 24.00 190.00 214.00 OK
r-oldrel-windows-ix86+x86_64 0.9-12 37.00 303.00 340.00 NOTE

Check Details

Version: 0.9-12
Check: whether package can be installed
Result: WARN
    Found the following significant warnings:
     Warning: 'rgl_init' failed, running with rgl.useNULL = TRUE
Flavor: r-release-osx-x86_64-mavericks

Version: 0.9-12
Check: dependencies in R code
Result: NOTE
    Invalid MIT-MAGIC-COOKIE-1 key
Flavor: r-release-osx-x86_64-mavericks

Version: 0.9-12
Check: S3 generic/method consistency
Result: WARN
    Invalid MIT-MAGIC-COOKIE-1 key
    See section ‘Generic functions and methods’ in the ‘Writing R
    Extensions’ manual.
Flavor: r-release-osx-x86_64-mavericks

Version: 0.9-12
Check: replacement functions
Result: WARN
    Invalid MIT-MAGIC-COOKIE-1 key
    The argument of a replacement function which corresponds to the right
    hand side must be named ‘value’.
Flavor: r-release-osx-x86_64-mavericks

Version: 0.9-12
Check: foreign function calls
Result: NOTE
    Invalid MIT-MAGIC-COOKIE-1 key
    See chapter ‘System and foreign language interfaces’ in the ‘Writing R
    Extensions’ manual.
Flavor: r-release-osx-x86_64-mavericks

Version: 0.9-12
Check: R code for possible problems
Result: NOTE
    Invalid MIT-MAGIC-COOKIE-1 key
Flavor: r-release-osx-x86_64-mavericks

Version: 0.9-12
Check: for missing documentation entries
Result: WARN
    Invalid MIT-MAGIC-COOKIE-1 key
    All user-level objects in a package should have documentation entries.
    See chapter ‘Writing R documentation files’ in the ‘Writing R
    Extensions’ manual.
Flavor: r-release-osx-x86_64-mavericks

Version: 0.9-12
Check: for code/documentation mismatches
Result: WARN
    Invalid MIT-MAGIC-COOKIE-1 key
    Invalid MIT-MAGIC-COOKIE-1 key
    Invalid MIT-MAGIC-COOKIE-1 key
Flavor: r-release-osx-x86_64-mavericks

Version: 0.9-12
Check: Rd \usage sections
Result: NOTE
    Invalid MIT-MAGIC-COOKIE-1 key
    The \usage entries for S3 methods should use the \method markup and not
    their full name.
    See chapter ‘Writing R documentation files’ in the ‘Writing R
    Extensions’ manual.
Flavor: r-release-osx-x86_64-mavericks

Version: 0.9-12
Check: package dependencies
Result: NOTE
    Package suggested but not available for checking: 'gpclib'
Flavor: r-oldrel-windows-ix86+x86_64