CRAN Package Check Results for Package spatsurv

Last updated on 2015-03-30 21:49:26.

Flavor Version Tinstall Tcheck Ttotal Status Flags
r-devel-linux-x86_64-debian-clang 0.9-8 4.68 69.75 74.42 NOTE
r-devel-linux-x86_64-debian-gcc 0.9-8 4.52 67.52 72.04 NOTE
r-devel-linux-x86_64-fedora-clang 0.9-8 154.27 NOTE
r-devel-linux-x86_64-fedora-gcc 0.9-8 157.70 NOTE
r-devel-osx-x86_64-clang 0.9-8 135.70 NOTE
r-prerel-windows-ix86+x86_64 0.9-8 13.00 101.00 114.00 NOTE
r-prerel-linux-x86_64 0.9-8 4.60 69.32 73.92 NOTE
r-prerel-solaris-sparc 0.9-8 905.40 NOTE
r-prerel-solaris-x86 0.9-8 191.40 NOTE
r-release-linux-x86_64 0.9-8 6.76 87.29 94.05 OK
r-release-osx-x86_64-mavericks 0.9-8 NOTE
r-release-osx-x86_64-snowleopard 0.9-8 OK
r-release-windows-ix86+x86_64 0.9-8 17.00 122.00 139.00 OK
r-oldrel-windows-ix86+x86_64 0.9-8 18.00 119.00 137.00 OK

Check Details

Version: 0.9-8
Check: DESCRIPTION meta-information
Result: NOTE
    Malformed Title field: should not end in a period.
    Malformed Description field: should contain one or more complete sentences.
Flavors: r-devel-linux-x86_64-debian-clang, r-devel-linux-x86_64-debian-gcc, r-devel-linux-x86_64-fedora-clang, r-devel-linux-x86_64-fedora-gcc, r-devel-osx-x86_64-clang, r-prerel-windows-ix86+x86_64, r-prerel-linux-x86_64, r-prerel-solaris-sparc, r-prerel-solaris-x86

Version: 0.9-8
Check: package dependencies
Result: NOTE
    Package suggested but not available for checking: 'gpclib'
Flavor: r-prerel-windows-ix86+x86_64

Version: 0.9-8
Check: package dependencies
Result: NOTE
    Package suggested but not available for checking: ‘rgdal’
Flavor: r-release-osx-x86_64-mavericks