CRAN Package Check Results for Package spatsurv

Last updated on 2014-09-30 23:47:53.

Flavor Version Tinstall Tcheck Ttotal Status Flags
r-devel-linux-x86_64-debian-clang 0.9-7 6.66 89.66 96.33 OK
r-devel-linux-x86_64-debian-gcc 0.9-7 6.45 86.80 93.24 OK
r-devel-linux-x86_64-fedora-clang 0.9-7 225.04 OK
r-devel-linux-x86_64-fedora-gcc 0.9-7 212.56 OK
r-devel-osx-x86_64-clang 0.9-7 173.12 OK
r-devel-windows-ix86+x86_64 0.9-7 23.00 130.00 153.00 NOTE
r-patched-linux-x86_64 0.9-7 6.67 95.19 101.86 OK
r-patched-solaris-sparc 0.9-7 1055.90 OK
r-patched-solaris-x86 0.9-7 298.40 OK
r-release-linux-ix86 0.9-7 8.50 113.72 122.22 OK
r-release-linux-x86_64 0.9-7 6.74 92.74 99.48 OK
r-release-osx-x86_64-mavericks 0.9-7 NOTE
r-release-osx-x86_64-snowleopard 0.9-7 OK
r-release-windows-ix86+x86_64 0.9-7 23.00 141.00 164.00 OK
r-oldrel-windows-ix86+x86_64 0.9-7 25.00 137.00 162.00 OK

Check Details

Version: 0.9-7
Check: package dependencies
Result: NOTE
    Package suggested but not available for checking: 'gpclib'
Flavor: r-devel-windows-ix86+x86_64

Version: 0.9-7
Check: package dependencies
Result: NOTE
    Package suggested but not available for checking: ‘rgdal’
Flavor: r-release-osx-x86_64-mavericks