CRAN Package Check Results for Package spatsurv

Last updated on 2015-05-28 17:48:14.

Flavor Version Tinstall Tcheck Ttotal Status Flags
r-devel-linux-x86_64-debian-clang 0.9-8 4.88 73.32 78.19 NOTE
r-devel-linux-x86_64-debian-gcc 0.9-8 4.56 68.98 73.53 NOTE
r-devel-linux-x86_64-fedora-clang 0.9-8 156.47 NOTE
r-devel-linux-x86_64-fedora-gcc 0.9-8 153.14 NOTE
r-devel-osx-x86_64-clang 0.9-8 128.18 NOTE
r-devel-windows-ix86+x86_64 0.9-8 15.00 110.00 125.00 NOTE
r-patched-linux-x86_64 0.9-8 4.50 69.18 73.68 NOTE
r-patched-solaris-sparc 0.9-8 926.70 NOTE
r-patched-solaris-x86 0.9-8 202.70 NOTE
r-release-linux-x86_64 0.9-8 5.38 68.42 73.80 NOTE
r-release-osx-x86_64-mavericks 0.9-8 NOTE
r-release-osx-x86_64-snowleopard 0.9-8 ERROR
r-release-windows-ix86+x86_64 0.9-8 14.00 104.00 118.00 NOTE
r-oldrel-windows-ix86+x86_64 0.9-8 19.00 122.00 141.00 OK

Check Details

Version: 0.9-8
Check: DESCRIPTION meta-information
Result: NOTE
    Malformed Title field: should not end in a period.
    Malformed Description field: should contain one or more complete sentences.
Flavors: r-devel-linux-x86_64-debian-clang, r-devel-linux-x86_64-debian-gcc, r-devel-linux-x86_64-fedora-clang, r-devel-linux-x86_64-fedora-gcc, r-devel-osx-x86_64-clang, r-devel-windows-ix86+x86_64, r-patched-linux-x86_64, r-patched-solaris-sparc, r-patched-solaris-x86, r-release-linux-x86_64, r-release-osx-x86_64-mavericks, r-release-windows-ix86+x86_64

Version: 0.9-8
Check: package dependencies
Result: NOTE
    Package suggested but not available for checking: 'gpclib'
Flavors: r-devel-windows-ix86+x86_64, r-release-windows-ix86+x86_64

Version: 0.9-8
Check: package dependencies
Result: NOTE
    Package suggested but not available for checking: ‘rgdal’
Flavor: r-release-osx-x86_64-mavericks

Version: 0.9-8
Check: package dependencies
Result: ERROR
    Package required but not available: ‘fields’
    
    See section ‘The DESCRIPTION file’ in the ‘Writing R Extensions’
    manual.
Flavor: r-release-osx-x86_64-snowleopard