CRAN Package Check Results for Package spatsurv

Last updated on 2017-03-25 06:48:18.

Flavor Version Tinstall Tcheck Ttotal Status Flags
r-devel-linux-x86_64-debian-clang 1.1 8.98 160.01 168.99 OK
r-devel-linux-x86_64-debian-gcc 1.0 0.31 3.58 3.89 ERROR
r-devel-linux-x86_64-fedora-clang 1.1 200.62 OK --no-stop-on-test-error
r-devel-linux-x86_64-fedora-gcc 1.1 183.08 OK --no-stop-on-test-error
r-devel-macos-x86_64-clang 1.1 195.62 OK --no-stop-on-test-error
r-devel-windows-ix86+x86_64 1.1 29.00 298.00 327.00 OK
r-patched-linux-x86_64 1.0 9.68 150.82 160.51 OK
r-patched-solaris-sparc 1.1 16.00 ERROR
r-patched-solaris-x86 1.1 3.30 ERROR
r-release-linux-x86_64 1.1 9.32 157.67 166.99 OK
r-release-osx-x86_64-mavericks 1.0 OK
r-release-windows-ix86+x86_64 1.1 26.00 262.00 288.00 OK
r-oldrel-windows-ix86+x86_64 1.1 25.00 226.00 251.00 NOTE

Check Details

Version: 1.0
Check: whether package can be installed
Result: ERROR
    Installation failed.
Flavor: r-devel-linux-x86_64-debian-gcc

Version: 1.1
Check: package dependencies
Result: ERROR
    Packages required but not available: ‘spatstat’ ‘RandomFields’
    
    See section ‘The DESCRIPTION file’ in the ‘Writing R Extensions’
    manual.
Flavors: r-patched-solaris-sparc, r-patched-solaris-x86

Version: 1.1
Check: package dependencies
Result: NOTE
    Package suggested but not available for checking: 'gpclib'
Flavor: r-oldrel-windows-ix86+x86_64