CRAN Package Check Results for Package spatsurv

Last updated on 2015-04-25 19:47:28.

Flavor Version Tinstall Tcheck Ttotal Status Flags
r-devel-linux-x86_64-debian-clang 0.9-8 4.92 70.14 75.07 NOTE
r-devel-linux-x86_64-debian-gcc 0.9-8 6.29 71.38 77.67 NOTE
r-devel-linux-x86_64-fedora-clang 0.9-8 157.65 NOTE
r-devel-linux-x86_64-fedora-gcc 0.9-8 150.32 NOTE
r-devel-osx-x86_64-clang 0.9-8 126.38 NOTE
r-devel-windows-ix86+x86_64 0.9-8 13.00 102.00 115.00 NOTE
r-patched-linux-x86_64 0.9-8 4.52 68.17 72.69 NOTE
r-patched-solaris-sparc 0.9-8 905.40 NOTE
r-patched-solaris-x86 0.9-8 190.70 NOTE
r-release-linux-x86_64 0.9-8 4.49 68.14 72.63 NOTE
r-release-osx-x86_64-mavericks 0.9-8 NOTE
r-release-osx-x86_64-snowleopard 0.9-8 ERROR
r-release-windows-ix86+x86_64 0.9-8 14.00 103.00 117.00 NOTE
r-oldrel-windows-ix86+x86_64 0.9-8 15.00 120.00 135.00 OK

Check Details

Version: 0.9-8
Check: package dependencies
Result: NOTE
    Package suggested but not available for checking: 'gpclib'
Flavors: r-devel-windows-ix86+x86_64, r-release-windows-ix86+x86_64

Version: 0.9-8
Check: DESCRIPTION meta-information
Result: NOTE
    Malformed Title field: should not end in a period.
    Malformed Description field: should contain one or more complete sentences.
Flavors: r-devel-windows-ix86+x86_64, r-release-windows-ix86+x86_64