CRAN Package Check Results for Package spatsurv

Last updated on 2016-07-30 14:49:58.

Flavor Version Tinstall Tcheck Ttotal Status Flags
r-devel-linux-x86_64-debian-clang 0.9-12 9.54 141.67 151.21 OK
r-devel-linux-x86_64-debian-gcc 0.9-12 9.52 139.91 149.43 OK
r-devel-linux-x86_64-fedora-clang 0.9-12 299.36 OK
r-devel-linux-x86_64-fedora-gcc 0.9-12 277.14 OK
r-devel-osx-x86_64-clang 0.9-12 224.58 OK
r-devel-windows-ix86+x86_64 0.9-12 25.00 233.00 258.00 OK
r-patched-linux-x86_64 0.9-12 9.00 133.42 142.42 OK
r-patched-solaris-sparc 0.9-12 1648.80 OK
r-patched-solaris-x86 0.9-12 388.20 OK
r-release-linux-x86_64 0.9-12 9.31 151.72 161.03 OK
r-release-osx-x86_64-mavericks 0.9-12 WARN
r-release-windows-ix86+x86_64 0.9-12 32.00 282.00 314.00 OK
r-oldrel-windows-ix86+x86_64 0.9-12 39.00 308.00 347.00 NOTE

Check Details

Version: 0.9-12
Check: whether package can be installed
Result: WARN
    Found the following significant warnings:
     Warning: 'rgl_init' failed, running with rgl.useNULL = TRUE
Flavor: r-release-osx-x86_64-mavericks

Version: 0.9-12
Check: dependencies in R code
Result: NOTE
    Invalid MIT-MAGIC-COOKIE-1 key
Flavor: r-release-osx-x86_64-mavericks

Version: 0.9-12
Check: S3 generic/method consistency
Result: WARN
    Invalid MIT-MAGIC-COOKIE-1 key
    See section ‘Generic functions and methods’ in the ‘Writing R
    Extensions’ manual.
Flavor: r-release-osx-x86_64-mavericks

Version: 0.9-12
Check: replacement functions
Result: WARN
    Invalid MIT-MAGIC-COOKIE-1 key
    The argument of a replacement function which corresponds to the right
    hand side must be named ‘value’.
Flavor: r-release-osx-x86_64-mavericks

Version: 0.9-12
Check: foreign function calls
Result: NOTE
    Invalid MIT-MAGIC-COOKIE-1 key
    See chapter ‘System and foreign language interfaces’ in the ‘Writing R
    Extensions’ manual.
Flavor: r-release-osx-x86_64-mavericks

Version: 0.9-12
Check: R code for possible problems
Result: NOTE
    Invalid MIT-MAGIC-COOKIE-1 key
Flavor: r-release-osx-x86_64-mavericks

Version: 0.9-12
Check: for missing documentation entries
Result: WARN
    Invalid MIT-MAGIC-COOKIE-1 key
    All user-level objects in a package should have documentation entries.
    See chapter ‘Writing R documentation files’ in the ‘Writing R
    Extensions’ manual.
Flavor: r-release-osx-x86_64-mavericks

Version: 0.9-12
Check: for code/documentation mismatches
Result: WARN
    Invalid MIT-MAGIC-COOKIE-1 key
    Invalid MIT-MAGIC-COOKIE-1 key
    Invalid MIT-MAGIC-COOKIE-1 key
Flavor: r-release-osx-x86_64-mavericks

Version: 0.9-12
Check: Rd \usage sections
Result: NOTE
    Invalid MIT-MAGIC-COOKIE-1 key
    The \usage entries for S3 methods should use the \method markup and not
    their full name.
    See chapter ‘Writing R documentation files’ in the ‘Writing R
    Extensions’ manual.
Flavor: r-release-osx-x86_64-mavericks

Version: 0.9-12
Check: package dependencies
Result: NOTE
    Package suggested but not available for checking: 'gpclib'
Flavor: r-oldrel-windows-ix86+x86_64