CRAN Package Check Results for Package spatsurv

Last updated on 2016-02-12 18:49:56.

Flavor Version Tinstall Tcheck Ttotal Status Flags
r-devel-linux-x86_64-debian-gcc 0.9-11 8.17 120.83 129.00 OK
r-devel-linux-x86_64-fedora-clang 0.9-11 258.10 OK
r-devel-linux-x86_64-fedora-gcc 0.9-11 247.16 OK
r-devel-osx-x86_64-clang 0.9-11 261.88 OK
r-devel-windows-ix86+x86_64 0.9-11 30.00 256.00 286.00 NOTE
r-patched-linux-x86_64 0.9-11 9.01 128.75 137.77 OK
r-patched-solaris-sparc 0.9-11 1646.50 OK
r-patched-solaris-x86 0.9-11 376.20 OK
r-release-linux-x86_64 0.9-11 9.77 127.92 137.69 OK
r-release-osx-x86_64-mavericks 0.9-11 OK
r-release-windows-ix86+x86_64 0.9-11 35.00 266.00 301.00 NOTE
r-oldrel-windows-ix86+x86_64 0.9-11 52.00 378.00 430.00 OK

Check Details

Version: 0.9-11
Check: package dependencies
Result: NOTE
    Package suggested but not available for checking: 'gpclib'
Flavors: r-devel-windows-ix86+x86_64, r-release-windows-ix86+x86_64