CRAN Package Check Results for Package spatsurv

Last updated on 2016-12-10 18:49:55.

Flavor Version Tinstall Tcheck Ttotal Status Flags
r-devel-linux-x86_64-debian-clang 0.9-14 9.19 160.35 169.54 OK
r-devel-linux-x86_64-debian-gcc 0.9-14 9.29 159.01 168.30 OK
r-devel-linux-x86_64-fedora-clang 0.9-14 338.92 OK --no-stop-on-test-error
r-devel-linux-x86_64-fedora-gcc 0.9-14 331.63 OK --no-stop-on-test-error
r-devel-macos-x86_64-clang 0.9-14 246.11 OK --no-stop-on-test-error
r-devel-windows-ix86+x86_64 0.9-14 25.00 334.00 359.00 OK
r-patched-linux-x86_64 0.9-14 9.08 143.21 152.29 OK
r-patched-solaris-sparc 0.9-14 15.10 ERROR
r-patched-solaris-x86 0.9-14 2.90 ERROR
r-release-linux-x86_64 0.9-14 8.81 145.82 154.63 OK
r-release-osx-x86_64-mavericks 0.9-14 OK
r-release-windows-ix86+x86_64 0.9-14 36.00 230.00 266.00 OK
r-oldrel-windows-ix86+x86_64 0.9-14 39.00 231.00 270.00 NOTE

Check Details

Version: 0.9-14
Check: package dependencies
Result: ERROR
    Package required but not available: ‘RandomFields’
    
    See section ‘The DESCRIPTION file’ in the ‘Writing R Extensions’
    manual.
Flavors: r-patched-solaris-sparc, r-patched-solaris-x86

Version: 0.9-14
Check: package dependencies
Result: NOTE
    Package suggested but not available for checking: 'gpclib'
Flavor: r-oldrel-windows-ix86+x86_64