CRAN Package Check Results for Package spatsurv

Last updated on 2014-07-22 15:51:58.

Flavor Version Tinstall Tcheck Ttotal Status Flags
r-devel-linux-x86_64-debian-clang 0.9-6 6.97 84.34 91.31 OK
r-devel-linux-x86_64-debian-gcc 0.9-6 5.76 82.90 88.66 OK
r-devel-linux-x86_64-fedora-clang 0.9-6 112.85 OK
r-devel-linux-x86_64-fedora-gcc 0.9-6 216.18 OK
r-devel-osx-x86_64-clang 0.9-6 171.67 OK
r-devel-windows-ix86+x86_64 0.9-6 13.00 118.00 131.00 NOTE
r-patched-linux-x86_64 0.9-6 5.62 85.52 91.14 OK
r-patched-solaris-sparc 0.9-6 1131.50 OK
r-patched-solaris-x86 0.9-6 270.90 OK
r-release-linux-ix86 0.9-6 7.02 112.83 119.84 OK
r-release-linux-x86_64 0.9-6 5.81 86.50 92.31 OK
r-release-osx-x86_64-mavericks 0.9-6 NOTE
r-release-osx-x86_64-snowleopard 0.9-6 OK
r-release-windows-ix86+x86_64 0.9-6 13.00 120.00 133.00 OK
r-oldrel-windows-ix86+x86_64 0.9-6 15.00 119.00 134.00 OK

Check Details

Version: 0.9-6
Check: package dependencies
Result: NOTE
    Package suggested but not available for checking: 'gpclib'
Flavor: r-devel-windows-ix86+x86_64

Version: 0.9-6
Check: package dependencies
Result: NOTE
    Package suggested but not available for checking: ‘rgdal’
Flavor: r-release-osx-x86_64-mavericks