CRAN Package Check Results for Package spatsurv

Last updated on 2017-04-26 03:48:38.

Flavor Version Tinstall Tcheck Ttotal Status Flags
r-devel-linux-x86_64-debian-clang 1.1 9.09 151.39 160.47 OK
r-devel-linux-x86_64-debian-gcc 1.1 9.17 155.95 165.12 OK
r-devel-linux-x86_64-fedora-clang 1.1 378.01 OK --no-stop-on-test-error
r-devel-linux-x86_64-fedora-gcc 1.1 331.08 OK --no-stop-on-test-error
r-devel-windows-ix86+x86_64 1.1 34.00 250.00 284.00 OK
r-patched-linux-x86_64 1.1 10.03 149.47 159.50 OK
r-patched-solaris-sparc 1.1 17.40 ERROR
r-patched-solaris-x86 1.1 3.90 ERROR
r-release-linux-x86_64 1.1 8.97 149.79 158.76 OK
r-release-windows-ix86+x86_64 1.1 25.00 229.00 254.00 OK
r-release-osx-x86_64 1.1 OK
r-oldrel-windows-ix86+x86_64 1.1 24.00 233.00 257.00 OK
r-oldrel-osx-x86_64 1.1 OK

Check Details

Version: 1.1
Check: package dependencies
Result: ERROR
    Package required but not available: ‘RandomFields’
    
    See section ‘The DESCRIPTION file’ in the ‘Writing R Extensions’
    manual.
Flavors: r-patched-solaris-sparc, r-patched-solaris-x86