Last updated on 2023-06-05 00:55:36 CEST.
Flavor | Version | Tinstall | Tcheck | Ttotal | Status | Flags |
---|---|---|---|---|---|---|
r-devel-linux-x86_64-debian-clang | 0.6.0 | 8.46 | 99.31 | 107.77 | OK | |
r-devel-linux-x86_64-debian-gcc | 0.6.0 | 6.07 | 72.91 | 78.98 | OK | |
r-devel-linux-x86_64-fedora-clang | 0.6.0 | 136.64 | NOTE | |||
r-devel-linux-x86_64-fedora-gcc | 0.6.0 | 120.92 | OK | |||
r-devel-windows-x86_64 | 0.6.0 | 9.00 | 87.00 | 96.00 | OK | |
r-patched-linux-x86_64 | 0.6.0 | 5.93 | 91.13 | 97.06 | OK | |
r-release-linux-x86_64 | 0.6.0 | 7.20 | 91.97 | 99.17 | OK | |
r-release-macos-arm64 | 0.6.0 | 40.00 | OK | |||
r-release-macos-x86_64 | 0.6.0 | 64.00 | OK | |||
r-release-windows-x86_64 | 0.6.0 | 11.00 | 105.00 | 116.00 | OK | |
r-oldrel-macos-arm64 | 0.6.0 | 47.00 | OK | |||
r-oldrel-macos-x86_64 | 0.6.0 | 53.00 | OK | |||
r-oldrel-windows-x86_64 | 0.6.0 | 13.00 | 110.00 | 123.00 | OK |
Version: 0.6.0
Check: Rd cross-references
Result: NOTE
Undeclared package ‘vctrs’ in Rd xrefs
Flavor: r-devel-linux-x86_64-fedora-clang