CRAN Package Check Results for Package spc

Last updated on 2017-06-23 03:49:18.

Flavor Version Tinstall Tcheck Ttotal Status Flags
r-devel-linux-x86_64-debian-clang 0.5.3 24.62 34.62 59.23 NOTE
r-devel-linux-x86_64-debian-gcc 0.5.3 23.44 33.64 57.07 NOTE
r-devel-linux-x86_64-fedora-clang 0.5.3 111.06 NOTE
r-devel-linux-x86_64-fedora-gcc 0.5.3 107.04 NOTE
r-devel-windows-ix86+x86_64 0.5.3 107.00 121.00 228.00 OK
r-patched-linux-x86_64 0.5.3 21.68 34.54 56.22 NOTE
r-patched-solaris-sparc 0.5.3 716.50 OK
r-patched-solaris-x86 0.5.3 179.80 OK
r-release-linux-x86_64 0.5.3 21.05 36.08 57.13 NOTE
r-release-windows-ix86+x86_64 0.5.3 109.00 90.00 199.00 OK
r-release-osx-x86_64 0.5.3 OK
r-oldrel-windows-ix86+x86_64 0.5.3 86.00 102.00 188.00 OK
r-oldrel-osx-x86_64 0.5.3 OK

Check Details

Version: 0.5.3
Check: compiled code
Result: NOTE
    File ‘spc/libs/spc.so’:
     Found no calls to: ‘R_registerRoutines’, ‘R_useDynamicSymbols’
    
    It is good practice to register native routines and to disable symbol
    search.
    
    See ‘Writing portable packages’ in the ‘Writing R Extensions’ manual.
Flavors: r-devel-linux-x86_64-debian-clang, r-devel-linux-x86_64-debian-gcc, r-devel-linux-x86_64-fedora-clang, r-devel-linux-x86_64-fedora-gcc, r-patched-linux-x86_64, r-release-linux-x86_64