CRAN Package Check Results for Package spc

Last updated on 2015-08-01 14:51:13.

Flavor Version Tinstall Tcheck Ttotal Status Flags
r-devel-linux-x86_64-debian-clang 0.5.1 14.62 35.80 50.42 NOTE
r-devel-linux-x86_64-debian-gcc 0.5.1 19.48 34.48 53.96 NOTE
r-devel-linux-x86_64-fedora-clang 0.5.1 94.57 NOTE
r-devel-linux-x86_64-fedora-gcc 0.5.1 95.13 NOTE
r-devel-osx-x86_64-clang 0.5.1 68.48 OK
r-devel-windows-ix86+x86_64 0.5.1 98.00 113.00 211.00 NOTE
r-patched-linux-x86_64 0.5.1 19.64 34.91 54.56 OK
r-patched-solaris-sparc 0.5.1 753.30 OK
r-patched-solaris-x86 0.5.1 192.90 OK
r-release-linux-x86_64 0.5.1 19.37 34.71 54.08 OK
r-release-osx-x86_64-mavericks 0.5.1 OK
r-release-windows-ix86+x86_64 0.5.1 92.00 111.00 203.00 OK
r-oldrel-windows-ix86+x86_64 0.5.1 79.00 103.00 182.00 OK

Check Details

Version: 0.5.1
Check: R code for possible problems
Result: NOTE
    dphat: no visible global function definition for ‘pnorm’
    phat.ewma.arl: no visible global function definition for ‘pnorm’
    phat.ewma.crit: no visible global function definition for ‘pnorm’
    phat.ewma.lambda: no visible global function definition for ‘pnorm’
    pphat: no visible global function definition for ‘pnorm’
    xDshewhartrunsrulesFixedm.arl: no visible global function definition
     for ‘pnorm’
    xshewhartrunsrules.ad: no visible global function definition for
     ‘pnorm’
    xshewhartrunsrules.arl: no visible global function definition for
     ‘pnorm’
    xshewhartrunsrules.matrix: no visible global function definition for
     ‘pnorm’
    Undefined global functions or variables:
     pnorm
    Consider adding
     importFrom("stats", "pnorm")
    to your NAMESPACE.
Flavors: r-devel-linux-x86_64-debian-clang, r-devel-linux-x86_64-debian-gcc, r-devel-linux-x86_64-fedora-clang, r-devel-linux-x86_64-fedora-gcc, r-devel-windows-ix86+x86_64