CRAN Package Check Results for Package spc

Last updated on 2015-07-02 11:48:44.

Flavor Version Tinstall Tcheck Ttotal Status Flags
r-devel-linux-x86_64-debian-clang 0.5.1 14.20 35.42 49.62 NOTE
r-devel-linux-x86_64-debian-gcc 0.5.1 19.03 33.79 52.82 NOTE
r-devel-linux-x86_64-fedora-clang 0.5.1 98.79 NOTE
r-devel-linux-x86_64-fedora-gcc 0.5.1 95.95 NOTE
r-devel-osx-x86_64-clang 0.5.1 66.60 OK
r-devel-windows-ix86+x86_64 0.5.1 135.00 110.00 245.00 OK
r-patched-linux-x86_64 0.5.1 19.38 35.94 55.32 OK
r-patched-solaris-sparc 0.5.1 740.30 OK
r-patched-solaris-x86 0.5.1 187.40 OK
r-release-linux-x86_64 0.5.1 19.43 34.91 54.34 OK
r-release-osx-x86_64-mavericks 0.5.1 OK
r-release-windows-ix86+x86_64 0.5.1 92.00 111.00 203.00 OK
r-oldrel-windows-ix86+x86_64 0.5.1 79.00 103.00 182.00 OK

Check Details

Version: 0.5.1
Check: R code for possible problems
Result: NOTE
    dphat: no visible global function definition for ‘pnorm’
    phat.ewma.arl: no visible global function definition for ‘pnorm’
    phat.ewma.crit: no visible global function definition for ‘pnorm’
    phat.ewma.lambda: no visible global function definition for ‘pnorm’
    pphat: no visible global function definition for ‘pnorm’
    xDshewhartrunsrulesFixedm.arl: no visible global function definition
     for ‘pnorm’
    xshewhartrunsrules.ad: no visible global function definition for
     ‘pnorm’
    xshewhartrunsrules.arl: no visible global function definition for
     ‘pnorm’
    xshewhartrunsrules.matrix: no visible global function definition for
     ‘pnorm’
Flavors: r-devel-linux-x86_64-debian-clang, r-devel-linux-x86_64-debian-gcc, r-devel-linux-x86_64-fedora-gcc

Version: 0.5.1
Check: R code for possible problems
Result: NOTE
    dphat: no visible global function definition for ‘pnorm’
    phat.ewma.arl: no visible global function definition for ‘pnorm’
    phat.ewma.crit: no visible global function definition for ‘pnorm’
    phat.ewma.lambda: no visible global function definition for ‘pnorm’
    pphat: no visible global function definition for ‘pnorm’
    xDshewhartrunsrulesFixedm.arl: no visible global function definition
     for ‘pnorm’
    xshewhartrunsrules.ad: no visible global function definition for
     ‘pnorm’
    xshewhartrunsrules.arl: no visible global function definition for
     ‘pnorm’
    xshewhartrunsrules.matrix: no visible global function definition for
     ‘pnorm’
    Undefined global functions or variables:
     pnorm
Flavor: r-devel-linux-x86_64-fedora-clang