CRAN Package Check Results for Package spc

Last updated on 2017-08-16 20:48:32.

Flavor Version Tinstall Tcheck Ttotal Status Flags
r-devel-linux-x86_64-debian-clang 0.5.3 23.64 35.14 58.78 NOTE
r-devel-linux-x86_64-debian-gcc 0.5.3 24.51 35.06 59.57 NOTE
r-devel-linux-x86_64-fedora-clang 0.5.3 110.34 NOTE
r-devel-linux-x86_64-fedora-gcc 0.5.3 107.23 NOTE
r-devel-windows-ix86+x86_64 0.5.3 130.00 91.00 221.00 OK
r-patched-linux-x86_64 0.5.3 23.92 34.49 58.41 NOTE
r-patched-solaris-x86 0.5.3 186.40 OK
r-release-linux-x86_64 0.5.3 23.72 35.24 58.95 NOTE
r-release-windows-ix86+x86_64 0.5.3 109.00 90.00 199.00 OK
r-release-osx-x86_64 0.5.3 OK
r-oldrel-windows-ix86+x86_64 0.5.3 86.00 102.00 188.00 OK
r-oldrel-osx-x86_64 0.5.3 OK

Check Details

Version: 0.5.3
Check: compiled code
Result: NOTE
    File ‘spc/libs/spc.so’:
     Found no calls to: ‘R_registerRoutines’, ‘R_useDynamicSymbols’
    
    It is good practice to register native routines and to disable symbol
    search.
    
    See ‘Writing portable packages’ in the ‘Writing R Extensions’ manual.
Flavors: r-devel-linux-x86_64-debian-clang, r-devel-linux-x86_64-debian-gcc, r-devel-linux-x86_64-fedora-clang, r-devel-linux-x86_64-fedora-gcc, r-patched-linux-x86_64, r-release-linux-x86_64