CRAN Package Check Results for Package spc

Last updated on 2017-02-21 15:50:51.

Flavor Version Tinstall Tcheck Ttotal Status Flags
r-devel-linux-x86_64-debian-clang 0.5.3 22.62 33.90 56.52 NOTE
r-devel-linux-x86_64-debian-gcc 0.5.3 23.70 34.52 58.22 NOTE
r-devel-linux-x86_64-fedora-clang 0.5.3 107.07 NOTE --no-stop-on-test-error
r-devel-linux-x86_64-fedora-gcc 0.5.3 108.78 NOTE --no-stop-on-test-error
r-devel-macos-x86_64-clang 0.5.3 74.66 NOTE --no-stop-on-test-error
r-devel-windows-ix86+x86_64 0.5.3 88.00 96.00 184.00 OK
r-patched-linux-x86_64 0.5.3 20.79 33.81 54.60 OK
r-patched-solaris-sparc 0.5.3 650.90 OK
r-patched-solaris-x86 0.5.3 168.30 OK
r-release-linux-x86_64 0.5.3 20.95 34.06 55.01 OK
r-release-osx-x86_64-mavericks 0.5.3 OK
r-release-windows-ix86+x86_64 0.5.3 86.00 102.00 188.00 OK
r-oldrel-windows-ix86+x86_64 0.5.3 98.00 139.00 237.00 OK

Check Details

Version: 0.5.3
Check: compiled code
Result: NOTE
    File ‘spc/libs/spc.so’:
     Found no calls to: ‘R_registerRoutines’, ‘R_useDynamicSymbols’
    
    It is good practice to register native routines and to disable symbol
    search.
    
    See ‘Writing portable packages’ in the ‘Writing R Extensions’ manual.
Flavors: r-devel-linux-x86_64-debian-clang, r-devel-linux-x86_64-debian-gcc

Version: 0.5.3
Flags: --no-stop-on-test-error
Check: compiled code
Result: NOTE
    File ‘spc/libs/spc.so’:
     Found no calls to: ‘R_registerRoutines’, ‘R_useDynamicSymbols’
    
    It is good practice to register native routines and to disable symbol
    search.
    
    See ‘Writing portable packages’ in the ‘Writing R Extensions’ manual.
Flavors: r-devel-linux-x86_64-fedora-clang, r-devel-linux-x86_64-fedora-gcc, r-devel-macos-x86_64-clang