CRAN Package Check Results for Package spc

Last updated on 2017-04-29 23:50:50.

Flavor Version Tinstall Tcheck Ttotal Status Flags
r-devel-linux-x86_64-debian-clang 0.5.3 24.58 34.27 58.85 NOTE
r-devel-linux-x86_64-debian-gcc 0.5.3 23.93 34.22 58.15 NOTE
r-devel-linux-x86_64-fedora-clang 0.5.3 114.44 NOTE --no-stop-on-test-error
r-devel-linux-x86_64-fedora-gcc 0.5.3 104.43 NOTE --no-stop-on-test-error
r-devel-windows-ix86+x86_64 0.5.3 157.00 101.00 258.00 OK
r-patched-linux-x86_64 0.5.3 20.91 32.56 53.47 NOTE
r-patched-solaris-sparc 0.5.3 716.50 OK
r-patched-solaris-x86 0.5.3 187.90 OK
r-release-linux-x86_64 0.5.3 20.49 33.37 53.86 NOTE
r-release-windows-ix86+x86_64 0.5.3 109.00 90.00 199.00 OK
r-release-osx-x86_64 0.5.3 OK
r-oldrel-windows-ix86+x86_64 0.5.3 86.00 102.00 188.00 OK
r-oldrel-osx-x86_64 0.5.3 OK

Check Details

Version: 0.5.3
Check: compiled code
Result: NOTE
    File ‘spc/libs/spc.so’:
     Found no calls to: ‘R_registerRoutines’, ‘R_useDynamicSymbols’
    
    It is good practice to register native routines and to disable symbol
    search.
    
    See ‘Writing portable packages’ in the ‘Writing R Extensions’ manual.
Flavors: r-devel-linux-x86_64-debian-clang, r-devel-linux-x86_64-debian-gcc, r-patched-linux-x86_64, r-release-linux-x86_64

Version: 0.5.3
Flags: --no-stop-on-test-error
Check: compiled code
Result: NOTE
    File ‘spc/libs/spc.so’:
     Found no calls to: ‘R_registerRoutines’, ‘R_useDynamicSymbols’
    
    It is good practice to register native routines and to disable symbol
    search.
    
    See ‘Writing portable packages’ in the ‘Writing R Extensions’ manual.
Flavors: r-devel-linux-x86_64-fedora-clang, r-devel-linux-x86_64-fedora-gcc