CRAN Package Check Results for Package spc

Last updated on 2017-03-27 17:47:54.

Flavor Version Tinstall Tcheck Ttotal Status Flags
r-devel-linux-x86_64-debian-clang 0.5.3 24.65 33.60 58.25 NOTE
r-devel-linux-x86_64-debian-gcc 0.5.3 23.34 33.26 56.59 NOTE
r-devel-linux-x86_64-fedora-clang 0.5.3 115.89 NOTE --no-stop-on-test-error
r-devel-linux-x86_64-fedora-gcc 0.5.3 103.72 NOTE --no-stop-on-test-error
r-devel-macos-x86_64-clang 0.5.3 73.39 NOTE --no-stop-on-test-error
r-devel-windows-ix86+x86_64 0.5.3 111.00 115.00 226.00 OK
r-patched-linux-x86_64 0.5.3 20.42 33.72 54.14 NOTE
r-patched-solaris-sparc 0.5.3 716.50 OK
r-patched-solaris-x86 0.5.3 221.70 OK
r-release-linux-x86_64 0.5.3 20.24 33.81 54.04 OK
r-release-osx-x86_64-mavericks 0.5.3 OK
r-release-windows-ix86+x86_64 0.5.3 86.00 102.00 188.00 OK
r-oldrel-windows-ix86+x86_64 0.5.3 98.00 139.00 237.00 OK

Check Details

Version: 0.5.3
Check: compiled code
Result: NOTE
    File ‘spc/libs/spc.so’:
     Found no calls to: ‘R_registerRoutines’, ‘R_useDynamicSymbols’
    
    It is good practice to register native routines and to disable symbol
    search.
    
    See ‘Writing portable packages’ in the ‘Writing R Extensions’ manual.
Flavors: r-devel-linux-x86_64-debian-clang, r-devel-linux-x86_64-debian-gcc, r-patched-linux-x86_64

Version: 0.5.3
Flags: --no-stop-on-test-error
Check: compiled code
Result: NOTE
    File ‘spc/libs/spc.so’:
     Found no calls to: ‘R_registerRoutines’, ‘R_useDynamicSymbols’
    
    It is good practice to register native routines and to disable symbol
    search.
    
    See ‘Writing portable packages’ in the ‘Writing R Extensions’ manual.
Flavors: r-devel-linux-x86_64-fedora-clang, r-devel-linux-x86_64-fedora-gcc, r-devel-macos-x86_64-clang