CRAN Package Check Results for Package spc

Last updated on 2015-09-02 11:48:43.

Flavor Version Tinstall Tcheck Ttotal Status Flags
r-devel-linux-x86_64-debian-clang 0.5.1 14.34 35.05 49.39 NOTE
r-devel-linux-x86_64-debian-gcc 0.5.1 19.34 34.40 53.74 NOTE
r-devel-linux-x86_64-fedora-clang 0.5.1 95.12 NOTE
r-devel-linux-x86_64-fedora-gcc 0.5.1 95.15 NOTE
r-devel-osx-x86_64-clang 0.5.1 63.82 OK
r-devel-windows-ix86+x86_64 0.5.1 93.00 121.00 214.00 NOTE
r-patched-linux-x86_64 0.5.1 19.43 34.40 53.83 OK
r-patched-solaris-sparc 0.5.1 753.30 OK
r-patched-solaris-x86 0.5.1 202.60 OK
r-release-linux-x86_64 0.5.1 19.70 34.90 54.60 OK
r-release-osx-x86_64-mavericks 0.5.1 OK
r-release-windows-ix86+x86_64 0.5.1 94.00 117.00 211.00 OK
r-oldrel-windows-ix86+x86_64 0.5.1 79.00 103.00 182.00 OK

Check Details

Version: 0.5.1
Check: R code for possible problems
Result: NOTE
    dphat: no visible global function definition for ‘pnorm’
    phat.ewma.arl: no visible global function definition for ‘pnorm’
    phat.ewma.crit: no visible global function definition for ‘pnorm’
    phat.ewma.lambda: no visible global function definition for ‘pnorm’
    pphat: no visible global function definition for ‘pnorm’
    xDshewhartrunsrulesFixedm.arl: no visible global function definition
     for ‘pnorm’
    xshewhartrunsrules.ad: no visible global function definition for
     ‘pnorm’
    xshewhartrunsrules.arl: no visible global function definition for
     ‘pnorm’
    xshewhartrunsrules.matrix: no visible global function definition for
     ‘pnorm’
    Undefined global functions or variables:
     pnorm
    Consider adding
     importFrom("stats", "pnorm")
    to your NAMESPACE.
Flavors: r-devel-linux-x86_64-debian-clang, r-devel-linux-x86_64-debian-gcc, r-devel-linux-x86_64-fedora-clang, r-devel-linux-x86_64-fedora-gcc, r-devel-windows-ix86+x86_64