CRAN Package Check Results for Package spcosa

Last updated on 2014-11-22 10:53:12.

Flavor Version Tinstall Tcheck Ttotal Status Flags
r-devel-linux-x86_64-debian-clang 0.3-5 3.42 78.62 82.05 NOTE
r-devel-linux-x86_64-debian-gcc 0.3-5 3.10 75.82 78.92 NOTE
r-devel-linux-x86_64-fedora-clang 0.3-5 168.41 NOTE
r-devel-linux-x86_64-fedora-gcc 0.3-5 156.85 NOTE
r-devel-osx-x86_64-clang 0.3-5 141.41 NOTE
r-devel-windows-ix86+x86_64 0.3-5 10.00 108.00 118.00 NOTE
r-patched-linux-x86_64 0.3-5 3.84 81.09 84.93 NOTE
r-patched-solaris-sparc 0.3-5 955.80 NOTE
r-patched-solaris-x86 0.3-5 209.20 NOTE
r-release-linux-ix86 0.3-5 4.08 90.46 94.54 NOTE
r-release-linux-x86_64 0.3-5 4.51 84.14 88.66 NOTE
r-release-osx-x86_64-mavericks 0.3-5 NOTE
r-release-osx-x86_64-snowleopard 0.3-5 NOTE
r-release-windows-ix86+x86_64 0.3-5 14.00 122.00 136.00 NOTE
r-oldrel-windows-ix86+x86_64 0.3-5 11.00 114.00 125.00 NOTE

Check Details

Version: 0.3-5
Check: dependencies in R code
Result: NOTE
    Packages in Depends field not imported from:
     ‘ggplot2’ ‘methods’
     These packages need to be imported from (in the NAMESPACE file)
     for when this namespace is loaded but not attached.
    ':::' call which should be '::': ‘utils:::packageDescription’
     See the note in ?`:::` about the use of this operator.
    See the information on DESCRIPTION files in the chapter ‘Creating R
    packages’ of the ‘Writing R Extensions’ manual.
Flavors: r-devel-linux-x86_64-debian-clang, r-devel-linux-x86_64-debian-gcc, r-devel-linux-x86_64-fedora-clang, r-devel-linux-x86_64-fedora-gcc, r-devel-osx-x86_64-clang, r-devel-windows-ix86+x86_64, r-patched-linux-x86_64, r-patched-solaris-sparc, r-patched-solaris-x86, r-release-linux-ix86, r-release-linux-x86_64, r-release-osx-x86_64-mavericks, r-release-windows-ix86+x86_64, r-oldrel-windows-ix86+x86_64

Version: 0.3-5
Check: R code for possible problems
Result: NOTE
    coerce,CompactStratification-SpatialPixels: no visible global function
     definition for ‘gridded<-’
    coerce,CompactStratification-SpatialPixelsDataFrame: no visible global
     function definition for ‘SpatialPixelsDataFrame’
    coerce,SamplingPatternRandomComposite-SpatialPointsDataFrame: no
     visible global function definition for ‘SpatialPointsDataFrame’
    plot,CompactStratification-SamplingPattern: no visible global function
     definition for ‘coordinates’
    plot,CompactStratification-SamplingPattern: no visible global function
     definition for ‘geom_point’
    plot,CompactStratification-SamplingPattern: no visible global function
     definition for ‘aes_string’
    plot,CompactStratification-SamplingPatternPriorPoints: no visible
     global function definition for ‘coordinates’
    plot,CompactStratification-SamplingPatternPriorPoints: no visible
     global function definition for ‘geom_point’
    plot,CompactStratification-SamplingPatternPriorPoints: no visible
     global function definition for ‘aes_string’
    plot,CompactStratification-SamplingPatternPriorPoints: no visible
     global function definition for ‘theme’
    plot,CompactStratification-SamplingPatternRandomComposite: no visible
     global function definition for ‘coordinates’
    plot,CompactStratification-SamplingPatternRandomComposite: no visible
     global function definition for ‘geom_point’
    plot,CompactStratification-SamplingPatternRandomComposite: no visible
     global function definition for ‘aes_string’
    plot,CompactStratification-SamplingPatternRandomComposite: no visible
     global function definition for ‘theme’
    plot,CompactStratification-missing: no visible global function
     definition for ‘getGridTopology’
    plot,CompactStratification-missing: no visible global function
     definition for ‘SpatialGridDataFrame’
    plot,CompactStratification-missing: no visible global function
     definition for ‘coordnames’
    plot,CompactStratification-missing: no visible global function
     definition for ‘coordinates’
    plot,CompactStratification-missing: no visible global function
     definition for ‘ggplot’
    plot,CompactStratification-missing: no visible global function
     definition for ‘geom_raster’
    plot,CompactStratification-missing: no visible global function
     definition for ‘aes_string’
    plot,CompactStratification-missing: no visible global function
     definition for ‘coord_fixed’
    plot,CompactStratification-missing: no visible global function
     definition for ‘scale_x_continuous’
    plot,CompactStratification-missing: no visible global function
     definition for ‘scale_y_continuous’
    plot,CompactStratification-missing: no visible global function
     definition for ‘geom_segment’
    plot,CompactStratification-missing: no visible global function
     definition for ‘theme’
    plot,SamplingPattern-missing: no visible global function definition for
     ‘coordinates’
    plot,SamplingPattern-missing: no visible global function definition for
     ‘ggplot’
    plot,SamplingPattern-missing: no visible global function definition for
     ‘geom_point’
    plot,SamplingPattern-missing: no visible global function definition for
     ‘aes_string’
    plot,SamplingPattern-missing: no visible global function definition for
     ‘coord_fixed’
    plot,SamplingPattern-missing: no visible global function definition for
     ‘scale_x_continuous’
    plot,SamplingPattern-missing: no visible global function definition for
     ‘scale_y_continuous’
    plot,SamplingPatternPriorPoints-missing: no visible global function
     definition for ‘coordinates’
    plot,SamplingPatternPriorPoints-missing: no visible global function
     definition for ‘ggplot’
    plot,SamplingPatternPriorPoints-missing: no visible global function
     definition for ‘geom_point’
    plot,SamplingPatternPriorPoints-missing: no visible global function
     definition for ‘aes_string’
    plot,SamplingPatternPriorPoints-missing: no visible global function
     definition for ‘coord_fixed’
    plot,SamplingPatternPriorPoints-missing: no visible global function
     definition for ‘scale_x_continuous’
    plot,SamplingPatternPriorPoints-missing: no visible global function
     definition for ‘scale_y_continuous’
    plot,SamplingPatternPriorPoints-missing: no visible global function
     definition for ‘theme’
    plot,SamplingPatternRandomComposite-missing: no visible global function
     definition for ‘coordinates’
    plot,SamplingPatternRandomComposite-missing: no visible global function
     definition for ‘ggplot’
    plot,SamplingPatternRandomComposite-missing: no visible global function
     definition for ‘geom_point’
    plot,SamplingPatternRandomComposite-missing: no visible global function
     definition for ‘aes_string’
    plot,SamplingPatternRandomComposite-missing: no visible global function
     definition for ‘coord_fixed’
    plot,SamplingPatternRandomComposite-missing: no visible global function
     definition for ‘scale_x_continuous’
    plot,SamplingPatternRandomComposite-missing: no visible global function
     definition for ‘scale_y_continuous’
    spsample,CompactStratification-missing-missing: no visible global
     function definition for ‘coordinates’
    spsample,CompactStratification-missing-missing: no visible global
     function definition for ‘%over%’
    spsample,CompactStratification-missing-missing: no visible global
     function definition for ‘geometry’
    spsample,CompactStratification-missing-missing: no visible global
     function definition for ‘coordinates<-’
    spsample,CompactStratification-numeric-missing: no visible global
     function definition for ‘coordinates’
    spsample,CompactStratification-numeric-missing: no visible global
     function definition for ‘SpatialPoints’
    spsample,CompactStratificationPriorPoints-missing-missing: no visible
     global function definition for ‘coordinates’
    spsample,CompactStratificationPriorPoints-missing-missing: no visible
     global function definition for ‘SpatialPoints’
Flavors: r-devel-linux-x86_64-debian-clang, r-devel-linux-x86_64-debian-gcc, r-devel-linux-x86_64-fedora-clang, r-devel-linux-x86_64-fedora-gcc, r-devel-osx-x86_64-clang, r-devel-windows-ix86+x86_64, r-patched-linux-x86_64, r-patched-solaris-sparc, r-patched-solaris-x86, r-release-linux-ix86, r-release-linux-x86_64, r-release-windows-ix86+x86_64

Version: 0.3-5
Check: package dependencies
Result: NOTE
    Packages suggested but not available for checking: ‘gstat’ ‘rgdal’
Flavor: r-release-osx-x86_64-mavericks

Version: 0.3-5
Check: R code for possible problems
Result: NOTE
    coerce,CompactStratification-SpatialPixels: no visible global function
     definition for ‘gridded<-’
    coerce,CompactStratification-SpatialPixelsDataFrame: no visible global
     function definition for ‘SpatialPixelsDataFrame’
    coerce,SamplingPatternRandomComposite-SpatialPointsDataFrame: no
     visible global function definition for ‘SpatialPointsDataFrame’
    plot,CompactStratification-SamplingPattern: no visible global function
     definition for ‘coordinates’
    plot,CompactStratification-SamplingPatternPriorPoints: no visible
     global function definition for ‘coordinates’
    plot,CompactStratification-SamplingPatternRandomComposite: no visible
     global function definition for ‘coordinates’
    plot,CompactStratification-missing: no visible global function
     definition for ‘getGridTopology’
    plot,CompactStratification-missing: no visible global function
     definition for ‘SpatialGridDataFrame’
    plot,CompactStratification-missing: no visible global function
     definition for ‘coordnames’
    plot,CompactStratification-missing: no visible global function
     definition for ‘coordinates’
    plot,SamplingPattern-missing: no visible global function definition for
     ‘coordinates’
    plot,SamplingPatternPriorPoints-missing: no visible global function
     definition for ‘coordinates’
    plot,SamplingPatternRandomComposite-missing: no visible global function
     definition for ‘coordinates’
    spsample,CompactStratification-missing-missing: no visible global
     function definition for ‘coordinates’
    spsample,CompactStratification-missing-missing: no visible global
     function definition for ‘%over%’
    spsample,CompactStratification-missing-missing: no visible global
     function definition for ‘geometry’
    spsample,CompactStratification-missing-missing: no visible global
     function definition for ‘coordinates<-’
    spsample,CompactStratification-numeric-missing: no visible global
     function definition for ‘coordinates’
    spsample,CompactStratification-numeric-missing: no visible global
     function definition for ‘SpatialPoints’
    spsample,CompactStratificationPriorPoints-missing-missing: no visible
     global function definition for ‘coordinates’
    spsample,CompactStratificationPriorPoints-missing-missing: no visible
     global function definition for ‘SpatialPoints’
Flavor: r-release-osx-x86_64-mavericks

Version: 0.3-5
Check: package dependencies
Result: NOTE
    Package suggested but not available for checking: 'gstat'
Flavor: r-release-osx-x86_64-snowleopard

Version: 0.3-5
Check: dependencies in R code
Result: NOTE
    Packages in Depends field not imported from:
     'ggplot2' 'methods'
     These packages need to be imported from for the case when
     this namespace is loaded but not attached.
    ':::' call which should be '::': 'utils:::packageDescription'
     See the note in ?`:::` about the use of this operator.
    See the information on DESCRIPTION files in the chapter 'Creating R
    packages' of the 'Writing R Extensions' manual.
Flavor: r-release-osx-x86_64-snowleopard