CRAN Package Check Results for Package spcosa

Last updated on 2017-07-23 14:47:30.

Flavor Version Tinstall Tcheck Ttotal Status Flags
r-devel-linux-x86_64-debian-clang 0.3-6 2.64 75.31 77.95 OK
r-devel-linux-x86_64-debian-gcc 0.3-6 2.69 72.55 75.24 OK
r-devel-linux-x86_64-fedora-clang 0.3-6 136.27 OK
r-devel-linux-x86_64-fedora-gcc 0.3-6 146.39 OK
r-devel-windows-ix86+x86_64 0.3-6 11.00 155.00 166.00 OK
r-patched-linux-x86_64 0.3-6 2.70 76.80 79.50 OK
r-patched-solaris-x86 0.3-6 181.00 OK
r-release-linux-x86_64 0.3-6 3.22 72.35 75.57 OK
r-release-windows-ix86+x86_64 0.3-6 8.00 153.00 161.00 OK
r-release-osx-x86_64 0.3-6 NOTE
r-oldrel-windows-ix86+x86_64 0.3-6 12.00 145.00 157.00 OK
r-oldrel-osx-x86_64 0.3-6 OK

Check Details

Version: 0.3-6
Check: package dependencies
Result: NOTE
    Package suggested but not available for checking: ‘rgdal’
Flavor: r-release-osx-x86_64