CRAN Package Check Results for Package spcosa

Last updated on 2017-05-27 22:46:35.

Flavor Version Tinstall Tcheck Ttotal Status Flags
r-devel-linux-x86_64-debian-clang 0.3-6 3.06 69.23 72.30 OK
r-devel-linux-x86_64-debian-gcc 0.3-6 3.26 68.74 72.00 OK
r-devel-linux-x86_64-fedora-clang 0.3-6 154.84 OK
r-devel-linux-x86_64-fedora-gcc 0.3-6 132.15 OK
r-devel-windows-ix86+x86_64 0.3-6 7.00 119.00 126.00 OK
r-patched-linux-x86_64 0.3-6 3.04 67.89 70.93 OK
r-patched-solaris-sparc 0.3-6 784.50 OK
r-patched-solaris-x86 0.3-6 147.00 OK
r-release-linux-x86_64 0.3-6 2.74 71.41 74.15 OK
r-release-windows-ix86+x86_64 0.3-6 8.00 110.00 118.00 OK
r-release-osx-x86_64 0.3-6 NOTE
r-oldrel-windows-ix86+x86_64 0.3-6 13.00 100.00 113.00 OK
r-oldrel-osx-x86_64 0.3-6 OK

Check Details

Version: 0.3-6
Check: package dependencies
Result: NOTE
    Package suggested but not available for checking: ‘rgdal’
Flavor: r-release-osx-x86_64