CRAN Package Check Results for Package spcosa

Last updated on 2014-07-30 09:47:58.

Flavor Version Tinstall Tcheck Ttotal Status Flags
r-devel-linux-x86_64-debian-clang 0.3-5 3.38 81.90 85.28 NOTE
r-devel-linux-x86_64-debian-gcc 0.3-5 3.34 80.90 84.24 NOTE
r-devel-linux-x86_64-fedora-clang 0.3-5 187.18 NOTE
r-devel-linux-x86_64-fedora-gcc 0.3-5 172.32 NOTE
r-devel-osx-x86_64-clang 0.3-5 137.63 NOTE
r-devel-windows-ix86+x86_64 0.3-5 10.00 120.00 130.00 NOTE
r-patched-linux-x86_64 0.3-5 3.40 80.74 84.14 NOTE
r-patched-solaris-sparc 0.3-5 981.60 NOTE
r-patched-solaris-x86 0.3-5 227.10 NOTE
r-release-linux-ix86 0.3-5 3.99 95.40 99.38 NOTE
r-release-linux-x86_64 0.3-5 3.50 86.21 89.70 NOTE
r-release-osx-x86_64-mavericks 0.3-5 NOTE
r-release-osx-x86_64-snowleopard 0.3-5 NOTE
r-release-windows-ix86+x86_64 0.3-5 11.00 119.00 130.00 NOTE
r-oldrel-windows-ix86+x86_64 0.3-5 12.00 113.00 125.00 NOTE

Check Details

Version: 0.3-5
Check: dependencies in R code
Result: NOTE
    Packages in Depends field not imported from:
     ggplot2 methods
     These packages need to be imported from (in the NAMESPACE file)
     for when this namespace is loaded but not attached.
    ':::' call which should be '::': utils:::packageDescription
     See the note in ?`:::` about the use of this operator.
    See the information on DESCRIPTION files in the chapter Creating R
    packages of the Writing R Extensions manual.
Flavors: r-devel-linux-x86_64-debian-clang, r-devel-linux-x86_64-debian-gcc, r-devel-linux-x86_64-fedora-clang, r-devel-linux-x86_64-fedora-gcc, r-devel-osx-x86_64-clang, r-devel-windows-ix86+x86_64, r-patched-linux-x86_64, r-patched-solaris-sparc, r-patched-solaris-x86, r-release-linux-ix86, r-release-linux-x86_64, r-release-osx-x86_64-mavericks, r-release-windows-ix86+x86_64, r-oldrel-windows-ix86+x86_64

Version: 0.3-5
Check: package dependencies
Result: NOTE
    Packages suggested but not available for checking: gstat rgdal
Flavor: r-release-osx-x86_64-mavericks

Version: 0.3-5
Check: R code for possible problems
Result: NOTE
    coerce,CompactStratification-SpatialPixels: no visible global function
     definition for gridded<-
    coerce,CompactStratification-SpatialPixelsDataFrame: no visible global
     function definition for SpatialPixelsDataFrame
    coerce,SamplingPatternRandomComposite-SpatialPointsDataFrame: no
     visible global function definition for SpatialPointsDataFrame
    plot,CompactStratification-SamplingPattern: no visible global function
     definition for coordinates
    plot,CompactStratification-SamplingPatternPriorPoints: no visible
     global function definition for coordinates
    plot,CompactStratification-SamplingPatternRandomComposite: no visible
     global function definition for coordinates
    plot,CompactStratification-missing: no visible global function
     definition for getGridTopology
    plot,CompactStratification-missing: no visible global function
     definition for SpatialGridDataFrame
    plot,CompactStratification-missing: no visible global function
     definition for coordnames
    plot,CompactStratification-missing: no visible global function
     definition for coordinates
    plot,SamplingPattern-missing: no visible global function definition for
     coordinates
    plot,SamplingPatternPriorPoints-missing: no visible global function
     definition for coordinates
    plot,SamplingPatternRandomComposite-missing: no visible global function
     definition for coordinates
    spsample,CompactStratification-missing-missing: no visible global
     function definition for coordinates
    spsample,CompactStratification-missing-missing: no visible global
     function definition for %over%
    spsample,CompactStratification-missing-missing: no visible global
     function definition for geometry
    spsample,CompactStratification-missing-missing: no visible global
     function definition for coordinates<-
    spsample,CompactStratification-numeric-missing: no visible global
     function definition for coordinates
    spsample,CompactStratification-numeric-missing: no visible global
     function definition for SpatialPoints
    spsample,CompactStratificationPriorPoints-missing-missing: no visible
     global function definition for coordinates
    spsample,CompactStratificationPriorPoints-missing-missing: no visible
     global function definition for SpatialPoints
Flavor: r-release-osx-x86_64-mavericks

Version: 0.3-5
Check: package dependencies
Result: NOTE
    Package suggested but not available for checking: 'gstat'
Flavor: r-release-osx-x86_64-snowleopard

Version: 0.3-5
Check: dependencies in R code
Result: NOTE
    Packages in Depends field not imported from:
     'ggplot2' 'methods'
     These packages need to be imported from for the case when
     this namespace is loaded but not attached.
    ':::' call which should be '::': 'utils:::packageDescription'
     See the note in ?`:::` about the use of this operator.
    See the information on DESCRIPTION files in the chapter 'Creating R
    packages' of the 'Writing R Extensions' manual.
Flavor: r-release-osx-x86_64-snowleopard