CRAN Package Check Results for Package spcosa

Last updated on 2017-09-21 17:48:39.

Flavor Version Tinstall Tcheck Ttotal Status Flags
r-devel-linux-x86_64-debian-clang 0.3-6 2.84 63.51 66.35 OK
r-devel-linux-x86_64-debian-gcc 0.3-6 2.54 65.65 68.20 OK
r-devel-linux-x86_64-fedora-clang 0.3-6 130.39 OK
r-devel-linux-x86_64-fedora-gcc 0.3-6 134.40 OK
r-devel-windows-ix86+x86_64 0.3-6 8.00 116.00 124.00 OK
r-patched-linux-x86_64 0.3-6 2.80 67.61 70.41 OK
r-patched-solaris-x86 0.3-6 184.60 OK
r-release-linux-x86_64 0.3-6 2.82 68.06 70.89 OK
r-release-windows-ix86+x86_64 0.3-6 10.00 115.00 125.00 OK
r-release-osx-x86_64 0.3-6 NOTE
r-oldrel-windows-ix86+x86_64 0.3-6 8.00 104.00 112.00 OK
r-oldrel-osx-x86_64 0.3-6 OK

Check Details

Version: 0.3-6
Check: package dependencies
Result: NOTE
    Package suggested but not available for checking: ‘rgdal’
Flavor: r-release-osx-x86_64