CRAN Package Check Results for Package spcosa

Last updated on 2020-04-10 03:49:40 CEST.

Flavor Version Tinstall Tcheck Ttotal Status Flags
r-devel-linux-x86_64-debian-clang 0.3-9 12.16 220.06 232.22 OK
r-devel-linux-x86_64-debian-gcc 0.3-9 9.16 162.46 171.62 OK
r-devel-linux-x86_64-fedora-clang 0.3-9 257.38 OK
r-devel-linux-x86_64-fedora-gcc 0.3-9 253.01 OK
r-devel-windows-ix86+x86_64 0.3-9 27.00 183.00 210.00 OK
r-devel-windows-ix86+x86_64-gcc8 0.3-9 22.00 180.00 202.00 OK
r-patched-linux-x86_64 0.3-9 11.76 209.91 221.67 OK
r-patched-osx-x86_64 0.3-9 WARN
r-patched-solaris-x86 0.3-9 345.70 OK
r-release-linux-x86_64 0.3-9 9.50 201.75 211.25 OK
r-release-windows-ix86+x86_64 0.3-9 20.00 252.00 272.00 OK
r-release-osx-x86_64 0.3-9 OK
r-oldrel-windows-ix86+x86_64 0.3-9 22.00 204.00 226.00 OK
r-oldrel-osx-x86_64 0.3-9 OK

Check Details

Version: 0.3-9
Check: re-building of vignette outputs
Result: WARN
    Error(s) in re-building vignettes:
    --- re-building ‘spcosa.Rmd’ using rmarkdown
    Loading required package: sp
    rgdal: version: 1.4-8, (SVN revision 845)
     Geospatial Data Abstraction Library extensions to R successfully loaded
     Loaded GDAL runtime: GDAL 2.4.2, released 2019/06/28
     Path to GDAL shared files: /Volumes/Builds/packages/high-sierra-x86_64/Rlib/4.0/rgdal/gdal
     GDAL binary built with GEOS: FALSE
     Loaded PROJ.4 runtime: Rel. 5.2.0, September 15th, 2018, [PJ_VERSION: 520]
     Path to PROJ.4 shared files: /Volumes/Builds/packages/high-sierra-x86_64/Rlib/4.0/rgdal/proj
     Linking to sp version: 1.4-1
    dyld: lazy symbol binding failed: Symbol not found: ____chkstk_darwin
     Referenced from: /usr/local/bin/pandoc (which was built for Mac OS X 10.15)
     Expected in: /usr/lib/libSystem.B.dylib
    
    dyld: Symbol not found: ____chkstk_darwin
     Referenced from: /usr/local/bin/pandoc (which was built for Mac OS X 10.15)
     Expected in: /usr/lib/libSystem.B.dylib
    
    Error: processing vignette 'spcosa.Rmd' failed with diagnostics:
    pandoc document conversion failed with error 6
    --- failed re-building ‘spcosa.Rmd’
    
    SUMMARY: processing the following file failed:
     ‘spcosa.Rmd’
    
    Error: Vignette re-building failed.
    Execution halted
Flavor: r-patched-osx-x86_64