CRAN Package Check Results for Package spcosa

Last updated on 2017-11-24 09:48:23 CET.

Flavor Version Tinstall Tcheck Ttotal Status Flags
r-devel-linux-x86_64-debian-clang 0.3-6 2.59 109.82 112.42 OK
r-devel-linux-x86_64-debian-gcc 0.3-6 3.31 144.03 147.34 OK
r-devel-linux-x86_64-fedora-clang 0.3-6 121.08 OK
r-devel-linux-x86_64-fedora-gcc 0.3-6 126.93 OK
r-devel-windows-ix86+x86_64 0.3-6 9.00 108.00 117.00 OK
r-patched-linux-x86_64 0.3-6 3.45 174.85 178.29 OK
r-patched-solaris-x86 0.3-6 178.70 OK
r-release-linux-x86_64 0.3-6 3.35 168.96 172.31 OK
r-release-windows-ix86+x86_64 0.3-6 8.00 165.00 173.00 OK
r-release-osx-x86_64 0.3-6 NOTE
r-oldrel-windows-ix86+x86_64 0.3-6 8.00 120.00 128.00 OK
r-oldrel-osx-x86_64 0.3-6 OK

Check Details

Version: 0.3-6
Check: package dependencies
Result: NOTE
    Package suggested but not available for checking: ‘rgdal’
Flavor: r-release-osx-x86_64