CRAN Package Check Results for Package spcosa

Last updated on 2016-02-14 17:50:33.

Flavor Version Tinstall Tcheck Ttotal Status Flags
r-devel-linux-x86_64-debian-gcc 0.3-6 2.46 62.74 65.20 OK
r-devel-linux-x86_64-fedora-clang 0.3-6 125.00 OK
r-devel-linux-x86_64-fedora-gcc 0.3-6 117.95 OK
r-devel-osx-x86_64-clang 0.3-6 129.79 OK
r-devel-windows-ix86+x86_64 0.3-6 11.00 125.00 136.00 OK
r-patched-linux-x86_64 0.3-6 2.58 62.56 65.14 OK
r-patched-solaris-sparc 0.3-6 752.50 OK
r-patched-solaris-x86 0.3-6 165.80 OK
r-release-linux-x86_64 0.3-6 2.50 67.61 70.11 OK
r-release-osx-x86_64-mavericks 0.3-6 NOTE
r-release-windows-ix86+x86_64 0.3-6 11.00 123.00 134.00 OK
r-oldrel-windows-ix86+x86_64 0.3-6 19.00 175.00 194.00 OK

Check Details

Version: 0.3-6
Check: package dependencies
Result: NOTE
    Package suggested but not available for checking: ‘rglwidget’
Flavor: r-release-osx-x86_64-mavericks